-- https://www.phpmyadmin.net/
--
-- Erstellungszeit: 19. Mai 2026 um 17:41
-- Server-Version: 8.0.41-0ubuntu0.22.04.1
-- PHP-Version: 8.1.2-1ubuntu2.20

START TRANSACTION;



--
-- Datenbank: `db300538x3574002`
--
--- CREATE DATABASE IF NOT EXISTS `db300538x3574002` DEFAULT CHARACTER SET utf8mb4 COLLATE utf8mb4_0900_ai_ci;
--- USE `db300538x3574002`;

-- --------------------------------------------------------

--
-- Tabellenstruktur für Tabelle `atheniaactor`
--

CREATE TABLE `atheniaactor` (
  `actor_id` bigint UNSIGNED NOT NULL,
  `actor_user` int UNSIGNED DEFAULT NULL,
  `actor_name` varbinary(255) NOT NULL
) ENGINE=InnoDB DEFAULT CHARSET=binary;

--
-- Daten für Tabelle `atheniaactor`
--

INSERT INTO `atheniaactor` (`actor_id`, `actor_user`, `actor_name`) VALUES
(1, 1, 0x4c6861686d616e6e),
(2, 2, 0x4d6564696157696b692064656661756c74),
(3, 3, 0x4c6b726173736f6c64),
(4, 4, 0x53757072656d654b757274);

-- --------------------------------------------------------

--
-- Tabellenstruktur für Tabelle `atheniaarchive`
--

CREATE TABLE `atheniaarchive` (
  `ar_id` int UNSIGNED NOT NULL,
  `ar_namespace` int NOT NULL DEFAULT '0',
  `ar_title` varbinary(255) NOT NULL DEFAULT '',
  `ar_comment_id` bigint UNSIGNED NOT NULL,
  `ar_actor` bigint UNSIGNED NOT NULL,
  `ar_timestamp` binary(14) NOT NULL,
  `ar_minor_edit` tinyint NOT NULL DEFAULT '0',
  `ar_rev_id` int UNSIGNED NOT NULL,
  `ar_deleted` tinyint UNSIGNED NOT NULL DEFAULT '0',
  `ar_len` int UNSIGNED DEFAULT NULL,
  `ar_page_id` int UNSIGNED DEFAULT NULL,
  `ar_parent_id` int UNSIGNED DEFAULT NULL,
  `ar_sha1` varbinary(32) NOT NULL DEFAULT ''
) ENGINE=InnoDB DEFAULT CHARSET=binary;

--
-- Daten für Tabelle `atheniaarchive`
--

INSERT INTO `atheniaarchive` (`ar_id`, `ar_namespace`, `ar_title`, `ar_comment_id`, `ar_actor`, `ar_timestamp`, `ar_minor_edit`, `ar_rev_id`, `ar_deleted`, `ar_len`, `ar_page_id`, `ar_parent_id`, `ar_sha1`) VALUES
(1, 0, 0x272727417468656e6961272727, 4, 1, 0x3230323430323231303731353336, 0, 10, 0, 904, 3, 0, 0x6c3939673677626b393235777231383772687336666264717435386f663631),
(3, 0, 0x4465696e655f4d75646461, 29, 4, 0x3230323430363034313230313339, 0, 109, 0, 20, 43, 0, 0x6134306976723676733337666f61626373697969333133613377697137396c),
(4, 14, 0x5374c3a46465, 8, 1, 0x3230323430323231313034333134, 0, 31, 0, 0, 10, 0, 0x70686f6961633968346d383432787134357370377336753231657465657131),
(5, 14, 0x5374c3a4647465, 8, 1, 0x3230323430323231303934373231, 0, 28, 0, 0, 9, 0, 0x70686f6961633968346d383432787134357370377336753231657465657131),
(6, 14, 0x52656c6967696f6e656e, 8, 1, 0x3230323430343232313332323138, 0, 100, 0, 0, 38, 0, 0x70686f6961633968346d383432787134357370377336753231657465657131),
(7, 14, 0x4cc3a46e646572, 8, 1, 0x3230323430323231303733363130, 0, 19, 0, 0, 7, 0, 0x70686f6961633968346d383432787134357370377336753231657465657131),
(8, 14, 0x546563686e69636b656e, 11, 1, 0x3230323430333036313333363139, 0, 43, 0, 50, 14, 0, 0x74386875756232776c306c76646e736472746d3471717a7878323534726762),
(9, 10, 0x496e666f626f78, 76, 1, 0x3230323530393130303734383330, 0, 346, 0, 625, 102, 0, 0x676874737a7173736d756a6b6e69796d6162767538713662316966716b6874),
(10, 10, 0x496e666f626f785f46616e746173792d5374616474, 76, 1, 0x3230323530393130303734383038, 0, 344, 0, 625, 101, 0, 0x676874737a7173736d756a6b6e69796d6162767538713662316966716b6874),
(11, 0, 0x54657374, 81, 1, 0x3230323530393130313231363037, 0, 363, 0, 2538, 108, 0, 0x35396d7030706f73666d77646931687a717333333371366673656e65716239),
(12, 14, 0x416c676f73, 107, 1, 0x3230323630343231303635373231, 0, 450, 0, 21, 152, 0, 0x6a773568736365796c6e656d706a697172643973796c3665673233366b7a6f);

-- --------------------------------------------------------

--
-- Tabellenstruktur für Tabelle `atheniacategory`
--

CREATE TABLE `atheniacategory` (
  `cat_id` int UNSIGNED NOT NULL,
  `cat_title` varbinary(255) NOT NULL,
  `cat_pages` int NOT NULL DEFAULT '0',
  `cat_subcats` int NOT NULL DEFAULT '0',
  `cat_files` int NOT NULL DEFAULT '0'
) ENGINE=InnoDB DEFAULT CHARSET=binary;

--
-- Daten für Tabelle `atheniacategory`
--

INSERT INTO `atheniacategory` (`cat_id`, `cat_title`, `cat_pages`, `cat_subcats`, `cat_files`) VALUES
(13, 0x436974696573, 3, 0, 0),
(14, 0x52656c6967696f6e73, 2, 0, 0),
(15, 0x4e6174696f6e73, 3, 0, 0),
(16, 0x5261636573, 1, 0, 0),
(17, 0x546563686e6971756573, 3, 0, 0),
(18, 0x506572736f6e73, 6, 0, 0),
(19, 0x526567696f6e73, 0, 0, 0),
(23, 0x4d6f756e7461696e73, 1, 0, 0),
(29, 0x53656974656e5f6d69745f646566656b74656e5f44617465696c696e6b73, 1, 0, 0),
(30, 0x5374c3a4647465, 6, 0, 0),
(31, 0x556d7765726c616e64, 3, 0, 0),
(32, 0x417274696b656c5f6d69745f496e666f626f78, 3, 0, 0),
(33, 0x43686172616b74657265, 3, 2, 0),
(34, 0x57656c74, 0, 0, 0),
(35, 0x56c3b66c6b6572, 1, 0, 0),
(36, 0x4f727465, 4, 3, 0),
(37, 0x47657363686963687465, 3, 2, 0),
(38, 0x4d61676965, 2, 2, 0),
(39, 0x4f7267616e69736174696f6e656e, 2, 1, 0),
(40, 0x4b756c747572, 0, 0, 0),
(41, 0x546563686e6f6c6f676965, 0, 0, 0),
(42, 0x4172746566616b7465, 0, 0, 0),
(43, 0x4b6f6e74696e656e7465, 4, 2, 0),
(44, 0x526567696f6e656e, 6, 6, 0),
(45, 0x486175707463686172616b74657265, 0, 0, 0),
(46, 0x4e6562656e63686172616b74657265, 0, 0, 0),
(47, 0x4b7269656765, 0, 0, 0),
(48, 0x45726569676e69737365, 0, 0, 0),
(49, 0x56c3b66c6b65725f6f6465725f52656c6967696f6e, 2, 2, 0),
(50, 0x47c3b674746572, 0, 0, 0),
(51, 0x52656c6967696f6e, 0, 0, 0),
(52, 0x4d6167696573797374656d65, 0, 0, 0),
(53, 0x5a6175626572, 0, 0, 0),
(54, 0x4672616b74696f6e656e, 0, 0, 0),
(55, 0x43616e617468, 0, 0, 0),
(56, 0x4172616d656e67656269726765, 1, 0, 0),
(57, 0x566572646f7262656e655f537465707065, 0, 0, 0),
(58, 0x436173636164, 0, 0, 0),
(59, 0x57616c645f766f6e5f416c676f73, 1, 0, 0),
(60, 0x5475725f57c3bc737465, 0, 0, 0),
(61, 0x4b756c277468617261735f49736c616e6473, 0, 0, 0),
(63, 0x5a7765726765, 1, 0, 0);

-- --------------------------------------------------------

--
-- Tabellenstruktur für Tabelle `atheniacategorylinks`
--

CREATE TABLE `atheniacategorylinks` (
  `cl_from` int UNSIGNED NOT NULL DEFAULT '0',
  `cl_to` varbinary(255) NOT NULL DEFAULT '',
  `cl_sortkey` varbinary(230) NOT NULL DEFAULT '',
  `cl_sortkey_prefix` varbinary(255) NOT NULL DEFAULT '',
  `cl_timestamp` timestamp NOT NULL DEFAULT CURRENT_TIMESTAMP ON UPDATE CURRENT_TIMESTAMP,
  `cl_collation` varbinary(32) NOT NULL DEFAULT '',
  `cl_type` enum('page','subcat','file') NOT NULL DEFAULT 'page'
) ENGINE=InnoDB DEFAULT CHARSET=binary;

--
-- Daten für Tabelle `atheniacategorylinks`
--

INSERT INTO `atheniacategorylinks` (`cl_from`, `cl_to`, `cl_sortkey`, `cl_sortkey_prefix`, `cl_timestamp`, `cl_collation`, `cl_type`) VALUES
(6, 0x4e6174696f6e73, 0x554d5745524c414e44, '', '2024-08-12 11:01:13', 0x757070657263617365, 0x70616765),
(8, 0x436974696573, 0x465543485357414c4445, '', '2024-08-12 10:56:59', 0x757070657263617365, 0x70616765),
(15, 0x546563686e6971756573, 0x575952204e45545a5745524b, '', '2024-08-12 11:03:03', 0x757070657263617365, 0x70616765),
(16, 0x5261636573, 0x424f4c4753, '', '2024-08-12 11:02:18', 0x757070657263617365, 0x70616765),
(20, 0x546563686e6971756573, 0x535455524d46c39c53534c4552, '', '2024-08-12 11:02:58', 0x757070657263617365, 0x70616765),
(21, 0x546563686e6971756573, 0x45495345524e454e20464cc39c47454c4e, '', '2024-08-12 11:02:52', 0x757070657263617365, 0x70616765),
(28, 0x506572736f6e73, 0x4b5249454753484552524e20474f525448414b, '', '2024-08-12 11:04:30', 0x757070657263617365, 0x70616765),
(29, 0x4e6174696f6e73, 0x564552444f5242454e4520535445505045, '', '2024-08-12 11:01:20', 0x757070657263617365, 0x70616765),
(30, 0x436974696573, 0x5245564f494c, '', '2024-08-12 10:57:06', 0x757070657263617365, 0x70616765),
(35, 0x4e6174696f6e73, 0x454c564741522052455055424c494b, '', '2024-08-12 11:01:26', 0x757070657263617365, 0x70616765),
(37, 0x52656c6967696f6e73, 0x44494520474546c384485254454e2044455320474f4c44454e454e204c49434854534553, '', '2024-08-12 10:59:22', 0x757070657263617365, 0x70616765),
(41, 0x506572736f6e73, 0x46494e52414e442044455220454e544445434b4552202d205441474542554348, '', '2024-08-12 11:04:44', 0x757070657263617365, 0x70616765),
(45, 0x436974696573, 0x434153434144454e2044554e47454f4e, '', '2024-08-12 10:57:14', 0x757070657263617365, 0x70616765),
(49, 0x52656c6967696f6e73, 0x5341522757594e, '', '2024-08-12 10:59:35', 0x757070657263617365, 0x70616765),
(52, 0x4b6f6e74696e656e7465, 0x4b554c275448415241532049534c414e4453, '', '2026-04-20 07:34:46', 0x757070657263617365, 0x70616765),
(60, 0x506572736f6e73, 0x56494e43454e5420414c4558414e44524520434f5354454155, '', '2024-08-26 05:57:58', 0x757070657263617365, 0x70616765),
(68, 0x4d6f756e7461696e73, 0x4152414d454e47454249524745, '', '2024-08-24 22:35:43', 0x757070657263617365, 0x70616765),
(78, 0x506572736f6e73, 0x4b41504954c3844e20414950414a415741, '', '2024-08-26 05:59:12', 0x757070657263617365, 0x70616765),
(80, 0x4b6f6e74696e656e7465, 0x43414e415448, '', '2026-04-20 07:34:21', 0x757070657263617365, 0x70616765),
(83, 0x506572736f6e73, 0x415552454e2053544f524d43414c4c4552, '', '2024-09-03 11:59:33', 0x757070657263617365, 0x70616765),
(84, 0x506572736f6e73, 0x4741524554482057494e44424c414445, '', '2024-09-18 10:43:21', 0x757070657263617365, 0x70616765),
(100, 0x417274696b656c5f6d69745f496e666f626f78, 0x4752c39c4d4553414e44, '', '2025-09-10 10:06:27', 0x757070657263617365, 0x70616765),
(100, 0x5374c3a4647465, 0x4752c39c4d4553414e44, '', '2025-09-10 10:06:27', 0x757070657263617365, 0x70616765),
(100, 0x556d7765726c616e64, 0x4752c39c4d4553414e44, '', '2025-09-10 10:06:27', 0x757070657263617365, 0x70616765),
(103, 0x53656974656e5f6d69745f646566656b74656e5f44617465696c696e6b73, 0x494e464f424f582046414e544153592d5354414454, '', '2025-09-10 05:50:01', 0x757070657263617365, 0x70616765),
(106, 0x417274696b656c5f6d69745f496e666f626f78, 0x5354414454564f524c414745202846414e544153592d57454c5429, '', '2025-09-10 09:57:45', 0x757070657263617365, 0x70616765),
(106, 0x5374c3a4647465, 0x5354414454564f524c414745202846414e544153592d57454c5429, '', '2025-09-10 09:57:45', 0x757070657263617365, 0x70616765),
(106, 0x556d7765726c616e64, 0x5354414454564f524c414745202846414e544153592d57454c5429, '', '2025-09-10 09:57:45', 0x757070657263617365, 0x70616765),
(107, 0x417274696b656c5f6d69745f496e666f626f78, 0x53544144545345495445, '', '2025-09-10 10:02:41', 0x757070657263617365, 0x70616765),
(107, 0x5374c3a4647465, 0x53544144545345495445, '', '2025-09-10 10:02:41', 0x757070657263617365, 0x70616765),
(114, 0x43686172616b74657265, 0x43484152414b544552, '', '2026-04-20 05:18:28', 0x757070657263617365, 0x70616765),
(125, 0x4f727465, 0x4b4f4e54494e454e5445, '', '2026-04-20 05:08:39', 0x757070657263617365, 0x737562636174),
(126, 0x4f727465, 0x524547494f4e454e, '', '2026-04-20 05:08:58', 0x757070657263617365, 0x737562636174),
(127, 0x4f727465, 0x5354c384445445, '', '2026-04-20 05:09:19', 0x757070657263617365, 0x737562636174),
(128, 0x43686172616b74657265, 0x484155505443484152414b54455245, '', '2026-04-20 05:09:37', 0x757070657263617365, 0x737562636174),
(129, 0x43686172616b74657265, 0x4e4542454e43484152414b54455245, '', '2026-04-20 05:09:52', 0x757070657263617365, 0x737562636174),
(130, 0x47657363686963687465, 0x4b5249454745, '', '2026-04-20 05:10:07', 0x757070657263617365, 0x737562636174),
(131, 0x47657363686963687465, 0x45524549474e49535345, '', '2026-04-20 05:10:21', 0x757070657263617365, 0x737562636174),
(132, 0x56c3b66c6b65725f6f6465725f52656c6967696f6e, 0x47c39654544552, '', '2026-04-20 05:10:43', 0x757070657263617365, 0x737562636174),
(133, 0x56c3b66c6b65725f6f6465725f52656c6967696f6e, 0x52454c4947494f4e, '', '2026-04-20 05:11:08', 0x757070657263617365, 0x737562636174),
(134, 0x4d61676965, 0x4d4147494553595354454d45, '', '2026-04-20 05:11:22', 0x757070657263617365, 0x737562636174),
(135, 0x4d61676965, 0x5a4155424552, '', '2026-04-20 05:11:35', 0x757070657263617365, 0x737562636174),
(136, 0x4f7267616e69736174696f6e656e, 0x4652414b54494f4e454e, '', '2026-04-20 05:11:51', 0x757070657263617365, 0x737562636174),
(137, 0x4f727465, 0x4f5254, '', '2026-04-20 05:18:42', 0x757070657263617365, 0x70616765),
(138, 0x56c3b66c6b6572, 0x564f4c4b, '', '2026-04-20 05:19:01', 0x757070657263617365, 0x70616765),
(139, 0x47657363686963687465, 0x455245474e4953, '', '2026-04-20 05:19:25', 0x757070657263617365, 0x70616765),
(140, 0x4f7267616e69736174696f6e656e, 0x4f5247414e49534154494f4e, '', '2026-04-20 05:19:40', 0x757070657263617365, 0x70616765),
(141, 0x5374c3a4647465, 0x504f5254414c3a57454c54, '', '2026-04-20 07:26:11', 0x757070657263617365, 0x70616765),
(144, 0x526567696f6e656e, 0x554d5745524c414e44, '', '2026-04-20 07:49:36', 0x757070657263617365, 0x737562636174),
(145, 0x4b6f6e74696e656e7465, 0x43414e415448, '', '2026-04-20 07:51:05', 0x757070657263617365, 0x737562636174),
(146, 0x526567696f6e656e, 0x4152414d454e47454249524745, '', '2026-04-20 07:57:02', 0x757070657263617365, 0x737562636174),
(147, 0x526567696f6e656e, 0x564552444f5242454e4520535445505045, '', '2026-04-20 07:57:58', 0x757070657263617365, 0x737562636174),
(148, 0x526567696f6e656e, 0x434153434144, '', '2026-04-20 07:58:24', 0x757070657263617365, 0x737562636174),
(149, 0x526567696f6e656e, 0x57414c4420564f4e20414c474f53, '', '2026-04-20 07:58:53', 0x757070657263617365, 0x737562636174),
(150, 0x526567696f6e656e, 0x5455522057c39c535445, '', '2026-04-20 07:59:16', 0x757070657263617365, 0x737562636174),
(151, 0x4b6f6e74696e656e7465, 0x4b554c275448415241532049534c414e4453, '', '2026-04-20 08:00:19', 0x757070657263617365, 0x737562636174),
(153, 0x5374c3a4647465, 0x414c474f53, '', '2026-04-21 05:00:14', 0x757070657263617365, 0x70616765),
(153, 0x57616c645f766f6e5f416c676f73, 0x414c474f53, '', '2026-04-21 05:39:38', 0x757070657263617365, 0x70616765),
(156, 0x4172616d656e67656269726765, 0x54524946454c53, '', '2026-04-23 05:33:52', 0x757070657263617365, 0x70616765),
(156, 0x5374c3a4647465, 0x54524946454c53, '', '2026-04-23 05:25:28', 0x757070657263617365, 0x70616765),
(156, 0x556d7765726c616e64, 0x54524946454c53, '', '2026-04-23 05:25:28', 0x757070657263617365, 0x70616765),
(156, 0x5a7765726765, 0x54524946454c53, '', '2026-04-23 06:14:26', 0x757070657263617365, 0x70616765);

-- --------------------------------------------------------

--
-- Tabellenstruktur für Tabelle `atheniachange_tag`
--

CREATE TABLE `atheniachange_tag` (
  `ct_id` int UNSIGNED NOT NULL,
  `ct_rc_id` int UNSIGNED DEFAULT NULL,
  `ct_log_id` int UNSIGNED DEFAULT NULL,
  `ct_rev_id` int UNSIGNED DEFAULT NULL,
  `ct_params` blob,
  `ct_tag_id` int UNSIGNED NOT NULL
) ENGINE=InnoDB DEFAULT CHARSET=binary;

--
-- Daten für Tabelle `atheniachange_tag`
--

INSERT INTO `atheniachange_tag` (`ct_id`, `ct_rc_id`, `ct_log_id`, `ct_rev_id`, `ct_params`, `ct_tag_id`) VALUES
(1, 3, NULL, 4, NULL, 1),
(2, 166, NULL, 155, 0x[BLOB], 2),
(3, 166, NULL, 155, NULL, 1),
(4, NULL, NULL, 20, 0x[BLOB], 3),
(5, NULL, NULL, 21, 0x[BLOB], 3),
(6, NULL, NULL, 22, 0x[BLOB], 3),
(7, NULL, NULL, 23, 0x[BLOB], 3),
(8, NULL, NULL, 24, 0x[BLOB], 3),
(9, NULL, NULL, 25, 0x[BLOB], 3),
(10, NULL, NULL, 29, 0x[BLOB], 3),
(11, NULL, NULL, 30, 0x[BLOB], 3),
(12, NULL, NULL, 32, 0x[BLOB], 3),
(13, NULL, NULL, 41, 0x[BLOB], 3),
(14, NULL, NULL, 42, 0x[BLOB], 3),
(15, NULL, NULL, 50, 0x[BLOB], 3),
(16, NULL, NULL, 99, 0x[BLOB], 3),
(17, 199, 110, 188, NULL, 4),
(18, 228, NULL, 217, 0x[BLOB], 2),
(19, 227, NULL, 216, 0x[BLOB], 3),
(20, NULL, NULL, 222, NULL, 4),
(21, 233, NULL, 223, NULL, 5),
(22, 448, NULL, 435, 0x[BLOB], 2),
(23, 447, NULL, 434, 0x[BLOB], 3);

-- --------------------------------------------------------

--
-- Tabellenstruktur für Tabelle `atheniachange_tag_def`
--

CREATE TABLE `atheniachange_tag_def` (
  `ctd_id` int UNSIGNED NOT NULL,
  `ctd_name` varbinary(255) NOT NULL,
  `ctd_user_defined` tinyint(1) NOT NULL,
  `ctd_count` bigint UNSIGNED NOT NULL DEFAULT '0'
) ENGINE=InnoDB DEFAULT CHARSET=binary;

--
-- Daten für Tabelle `atheniachange_tag_def`
--

INSERT INTO `atheniachange_tag_def` (`ctd_id`, `ctd_name`, `ctd_user_defined`, `ctd_count`) VALUES
(1, 0x6d772d7265706c616365, 0, 2),
(2, 0x6d772d6d616e75616c2d726576657274, 0, 3),
(3, 0x6d772d7265766572746564, 0, 15),
(4, 0x6d772d6e65772d7265646972656374, 0, 2),
(5, 0x6d772d72656d6f7665642d7265646972656374, 0, 1);

-- --------------------------------------------------------

--
-- Tabellenstruktur für Tabelle `atheniacomment`
--

CREATE TABLE `atheniacomment` (
  `comment_id` bigint UNSIGNED NOT NULL,
  `comment_hash` int NOT NULL,
  `comment_text` blob NOT NULL,
  `comment_data` blob
) ENGINE=InnoDB DEFAULT CHARSET=binary;

--
-- Daten für Tabelle `atheniacomment`
--

INSERT INTO `atheniacomment` (`comment_id`, `comment_hash`, `comment_text`, `comment_data`) VALUES
(1, 0, '', NULL),
(2, -131404743, 0x446965205365697465207775726465206e657520616e67656c6567743a20e2809e417468656e6961e2809c, NULL),
(3, -819363188, 0x[BLOB], NULL),
(4, 1652087863, 0x[BLOB], NULL),
(5, 227491005, 0x[BLOB], NULL),
(6, 1475963335, 0x446965205365697465207775726465206e657520616e67656c6567743a20e2809e477574656e205461672c206963682068616265204c757374206d65696e652057656c74207a7520666f726d656e20756e6420476573636869636874656e2061757320646965736572207a7520656e746465636b656e2ee2809c, NULL),
(7, -1323897121, 0x446965205365697465207775726465206e657520616e67656c6567743a20e2809e3d3d20556d7765726c616e64203d3de2809c, NULL),
(8, 1946011592, 0x4c656572652053656974652065727374656c6c74, NULL),
(9, -1243934793, 0x446965205365697465207775726465206e657520616e67656c6567743a20e2809e2020205b5b63617465676f7269653a5374c3a46474655d5de2809c, NULL),
(10, -1285772808, 0x[BLOB], NULL),
(11, 333906198, 0x446965205365697465207775726465206e657520616e67656c6567743a20e2809e486965722077657264656e20616c6c6520546563686e69636b656e20766f6e20417468656e696120676573616d6d656c742ee2809c, NULL),
(12, -896482732, 0x[BLOB], NULL),
(13, -386053222, 0x446965205365697465207775726465206e657520616e67656c6567743a20e2809e54656e74616b656c2061727469676520576573656e2c2077656c6368652054656e74616b656c2047c3b67474657220616e6265746574656e2ee2809c, NULL),
(14, 1328365492, 0x[BLOB], NULL),
(15, -295125497, 0x[BLOB], NULL),
(16, -1606757572, 0x4c6861686d616e6e206c75642065696e65206e6575652056657273696f6e20766f6e205b5b44617465693a417468656e69612e6a70675d5d20686f6368, NULL),
(17, 1283296136, 0x4c6861686d616e6e206c75642065696e65206e6575652056657273696f6e20766f6e205b5b44617465693a5361696e2e6a70675d5d20686f6368, NULL),
(18, -1885618064, 0x[BLOB], NULL),
(19, 649610926, 0x446965205365697465207775726465206e657520616e67656c6567743a20e2809e202020205b5b46696c653a476f727468616b2e6a70677c7468756d627c204b72696567736865727220476f727468616b5d5de2809c, NULL),
(20, -521080222, 0x[BLOB], NULL),
(21, 1957268724, 0x[BLOB], NULL),
(22, 2094510663, 0x446965205365697465207775726465206e657520616e67656c6567743a20e2809e2020205b5b46696c653a42616e6e6572206465722065697365726e656e2050666f7274656e2e6a7065677c7468756d627c57617070656e5d5de2809c, NULL),
(23, 1409202719, 0x446965205365697465207775726465206e657520616e67656c6567743a20e2809e5b5b46696c653a456c766761722e6a7065677c57617070656e5d5de2809c, NULL),
(24, 1876017760, 0x496e68616c74207761723a20e2809ee2809c2e2045696e7a6967657220426561726265697465723a205b5b5370656369616c3a436f6e747269627574696f6e732f4c6861686d616e6e7c4c6861686d616e6e5d5d20285b5b557365722074616c6b3a4c6861686d616e6e7c4469736b757373696f6e5d5d29, NULL),
(25, 253009291, 0x7364, NULL),
(26, -170914398, 0x[BLOB], NULL),
(27, 1433931265, 0x[BLOB], NULL),
(28, 1603292074, 0x[BLOB], NULL),
(29, 607166694, 0x446965205365697465207775726465206e657520616e67656c6567743a20e2809e446569204d616d6d206973206465692050617070e2809c, NULL),
(30, 638098443, 0x[BLOB], NULL),
(31, 1695520687, 0x[BLOB], NULL),
(32, 1740581094, 0x[BLOB], NULL),
(33, 2099803380, 0x446965205365697465207775726465206e657520616e67656c6567743a20e2809e44657220476c6175626520766f6e204d656e736368656e2069737420616d206865696c69677374656e20696e206465722044616e64656c696f6e2043686170656c2c2064696520696e20467563687377616c64652073746568742ee2809c, NULL),
(34, -307891990, 0x[BLOB], NULL),
(35, -1728346818, 0x[BLOB], NULL),
(36, -944177865, 0x[BLOB], NULL),
(37, 2033310573, 0x[BLOB], NULL),
(38, 2092432126, 0x[BLOB], NULL),
(39, -1765240089, 0x[BLOB], NULL),
(40, 701877332, 0x56696e63656e7420416c6578616e64726520436f737465617520756e64207365696e204265676c65697465722c2064657220756e676c6175626c69636865204d6175726963652c20696d20486166656e20766f6e204d616361772049736c616e64, NULL),
(41, -1802001548, 0x56696e63656e7420416c6578616e64726520436f737465617520283138204a616872652920616d2046656e73746572207365696e6573205a696d6d65727320696d2043686174656175206465206c61204d657220696e20506f72746672616e63, NULL),
(42, 1632874980, 0x44657220546170696666204d6175726963652c20696e207365696e65722042c3a472656e616666656e666f726d, NULL),
(43, -2095912749, 0x[BLOB], NULL),
(44, -1845179069, 0x[BLOB], NULL),
(45, 121632527, 0x[BLOB], NULL),
(46, -887361233, 0x4a6f686e20412e20476f6f647365656420616d20537472616e642064657220c38e6c65206465205361626c616e632e, NULL),
(47, 1115870131, 0x2f2a2053747261c39f656e6d7573696b657220617566204d616361772049736c616e64202a2f, NULL),
(48, 1778936989, 0x47656dc3a46c646520766f6e20416c6578616e647265204a61637175657320436f737465617520646520466f6e7461696e65626c657520696d20416c74657220766f6e203333204a616872656e, NULL),
(49, 1716002612, 0x2f2a2046616d696c69c3a47265722048696e7465726772756e64202a2f, NULL),
(50, -463674765, 0x[BLOB], NULL),
(51, 123330594, 0x44696520486166656e737461647420506f72746672616e6320756e64206461732043686174656175206465206c61204d6572, NULL),
(52, -36095372, 0x446965205365697465207775726465206e657520616e67656c6567743a20e2809e5b5b44617465693a506f72746672616e632e4a5045477c7468756d627c44696520486166656e737461647420506f72746672616e635d5de2809c, NULL),
(53, 92895123, 0x2f2a204d61727175697320646520506f72746672616e63202a2f, NULL),
(54, 557712790, 0x5765697465726c656974756e67206e616368205b5b416c6578616e647265204a61637175657320436f73746561755d5d2065727374656c6c74, NULL),
(55, -1473752378, 0x[BLOB], NULL),
(56, -1601260282, 0x446965205365697465207775726465206e657520616e67656c6567743a20e2809e2020205b5b46696c653a4b61706974c3a46e696e20416970616a6177612e706e677c7468756d627c506f74726169745d5de2809c, NULL),
(57, 845658431, 0x4c6861686d616e6e207665727363686f6220646965205365697465205b5b46696e72616e645d5d206e616368205b5b46696e72616e642064657220456e746465636b6572202d2054616765627563685d5d3a2046616c73636820676573636872696562656e6572204e616d65, NULL),
(58, 1804511778, 0x46616c73636820676573636872696562656e6572204e616d65, NULL),
(59, 1933815721, 0x5765697465726c656974756e6720617566205b5b46696e72616e642064657220456e746465636b6572202d2054616765627563685d5d20656e746665726e74, NULL),
(60, -1924431388, 0x[BLOB], NULL),
(61, 1077941606, 0x[BLOB], NULL),
(62, 1669776879, 0x446965205365697465207775726465206e657520616e67656c6567743a20e2809e5b5b46696c653a417572656e5f53746f726d63616c6c65722e6a7065675d5de2809c, NULL),
(63, 627287366, 0x[BLOB], NULL),
(64, 2008013706, 0x[BLOB], NULL),
(65, -733316846, 0x[BLOB], NULL),
(66, 823196591, 0x[BLOB], NULL),
(67, -658844271, 0x[BLOB], NULL),
(68, -720649053, 0x446965205365697465207775726465206e657520616e67656c6567743a20e2809e417468656e6961202d2045696e652046616e617461737977656c7421e2809c, NULL),
(69, -337986602, 0x[BLOB], NULL),
(70, -165550257, 0x[BLOB], NULL),
(71, 27724718, 0x[BLOB], NULL),
(72, 880437171, 0x[BLOB], NULL),
(73, -1559958200, 0x[BLOB], NULL),
(74, -896477490, 0x[BLOB], NULL),
(75, -1582001157, 0x[BLOB], NULL),
(76, -1581553324, 0x[BLOB], NULL),
(77, 1129407054, 0x[BLOB], NULL),
(78, 447191054, 0x[BLOB], NULL),
(79, -1476655616, 0x[BLOB], NULL),
(80, 593628986, 0x[BLOB], NULL),
(81, 753805432, 0x[BLOB], NULL),
(82, 873133723, 0x[BLOB], NULL),
(83, 491483338, 0x[BLOB], NULL),
(84, -1081623948, 0x[BLOB], NULL),
(85, 570960821, 0x2f2a2048616e646c756e67202a2f, NULL),
(86, -682060788, 0x446965205365697465207775726465206e657520616e67656c6567743a20e2809e2d205b5b5a77657267655d5de2809c, NULL),
(87, -1138558913, 0x[BLOB], NULL),
(88, -921318019, 0x446965205365697465207775726465206e657520616e67656c6567743a20e2809e416c6c652077696368746967656e2043686172616b7465726520696e20417468656e69612ee2809c, NULL),
(89, 163449373, 0x[BLOB], NULL),
(90, 1076979153, 0x446965205365697465207775726465206e657520616e67656c6567743a20e2809e3d3d2043686172616b74657265203d3d202a205b5b4172696f6e5d5d202a205b5b4c7972615d5d202a205b5b2e2e2e5d5de2809c, NULL),
(91, 512630731, 0x446965205365697465207775726465206e657520616e67656c6567743a20e2809e5b5b4b617465676f7269653a4f7274655d5de2809c, NULL),
(92, 1104202294, 0x446965205365697465207775726465206e657520616e67656c6567743a20e2809e205b5b4b617465676f7269653a4f7274655d5de2809c, NULL);
INSERT INTO `atheniacomment` (`comment_id`, `comment_hash`, `comment_text`, `comment_data`) VALUES
(93, -1131955963, 0x446965205365697465207775726465206e657520616e67656c6567743a20e2809e5b5b4b617465676f7269653a43686172616b746572655d5de2809c, NULL),
(94, -1926496300, 0x446965205365697465207775726465206e657520616e67656c6567743a20e2809e5b5b4b617465676f7269653a476573636869636874655d5de2809c, NULL),
(95, -1678005245, 0x446965205365697465207775726465206e657520616e67656c6567743a20e2809e5b5b4b617465676f7269653a56c3b66c6b6572206f6465722052656c6967696f6e5d5de2809c, NULL),
(96, -2094805265, 0x446965205365697465207775726465206e657520616e67656c6567743a20e2809e5b5b4b617465676f7269653a4d616769655d5de2809c, NULL),
(97, 135985262, 0x446965205365697465207775726465206e657520616e67656c6567743a20e2809e5b5b4b617465676f7269653a4f7267616e69736174696f6e656e5d5de2809c, NULL),
(98, -1297871056, 0x[BLOB], NULL),
(99, 1414994624, 0x[BLOB], NULL),
(100, -1983441345, 0x[BLOB], NULL),
(101, -1034094275, 0x[BLOB], NULL),
(102, -1109100051, 0x[BLOB], NULL),
(103, -635524721, 0x446965205365697465207775726465206e657520616e67656c6567743a20e2809e3d3d2047657363686963687465203d3d202a205b5b5a6569746c65697374655d5d202a205b5b4b726965672064657220536368617474656e5d5de2809c, NULL),
(104, 691762872, 0x446965205365697465207775726465206e657520616e67656c6567743a20e2809ec39c6265722041746865726f6e20697374206269736c616e672077656e69672062656b616e6e742e205b5b417468656e69615d5d20697374206e75722065696e207465696c206469657365722057656c742ee2809c, NULL),
(105, -2117460519, 0x446965205365697465207775726465206e657520616e67656c6567743a20e2809e5b5b4b617465676f7269653a526567696f6e656e5d5de2809c, NULL),
(106, 124123848, 0x446965205365697465207775726465206e657520616e67656c6567743a20e2809e5b5b4b617465676f7269653a4b6f6e74696e656e74655d5de2809c, NULL),
(107, -1828025223, 0x446965205365697465207775726465206e657520616e67656c6567743a20e2809e5b5b4b617465676f7269653a5374c3a46474655d5de2809c, NULL),
(108, 1184896713, 0x446965205365697465207775726465206e657520616e67656c6567743a20e2809e3d20416c676f73203d2020416c676f73206973742065696e6520537461647420696e205b5b4465722057616c6420766f6e20416c676f735d5d2e20205b5b4b617465676f7269653a5374c3a46474655d5de2809c, NULL),
(109, -199716987, 0x[BLOB], NULL),
(110, 2135524785, 0x446965205365697465207775726465206e657520616e67656c6567743a20e2809e5a7765726765e2809c, NULL),
(111, -498321958, 0x[BLOB], NULL),
(112, 991713511, 0x[BLOB], NULL);

-- --------------------------------------------------------

--
-- Tabellenstruktur für Tabelle `atheniacontent`
--

CREATE TABLE `atheniacontent` (
  `content_id` bigint UNSIGNED NOT NULL,
  `content_size` int UNSIGNED NOT NULL,
  `content_sha1` varbinary(32) NOT NULL,
  `content_model` smallint UNSIGNED NOT NULL,
  `content_address` varbinary(255) NOT NULL
) ENGINE=InnoDB DEFAULT CHARSET=binary;

--
-- Daten für Tabelle `atheniacontent`
--

INSERT INTO `atheniacontent` (`content_id`, `content_size`, `content_sha1`, `content_model`, `content_address`) VALUES
(1, 755, 0x3232767a357a6c7861327a63746577696d61756d3262663164756538686b6c, 1, 0x74743a31),
(2, 7, 0x3332317373687a367635346e6439396b6c73316e343672307867696d326b70, 1, 0x74743a32),
(3, 19081, 0x326b6931756873757765386d6b333338397065333064767433786175373972, 1, 0x74743a33),
(4, 477, 0x656a69646f6879683832303567703576326369336f646e78716c6f786f7965, 1, 0x74743a34),
(5, 472, 0x66767133786d3639323237726a646834693337307065733832387a3971766d, 1, 0x74743a35),
(6, 911, 0x62683477786871697966657265347475783633316965336f777038616a7636, 1, 0x74743a36),
(7, 121, 0x357131616269716261636b7a65673839756135723372356f76766e617a3570, 1, 0x74743a37),
(8, 122, 0x7175727975697167797a6a34703268353531757877636e3570663275326a6a, 1, 0x74743a38),
(9, 126, 0x6d776e693036626865657561316c396a753678673970666734766734616d30, 1, 0x74743a39),
(10, 904, 0x6c3939673677626b393235777231383772687336666264717435386f663631, 1, 0x74743a3130),
(11, 120, 0x706431383337356c6c79337963627966386c6478717a73796d303373757068, 1, 0x74743a3131),
(12, 904, 0x6c3939673677626b393235777231383772687336666264717435386f663631, 1, 0x74743a3132),
(13, 911, 0x62683477786871697966657265347475783633316965336f777038616a7636, 1, 0x74743a3133),
(14, 86, 0x6a79707473386176343065626c6134746b7974363373316c6e357873646f66, 1, 0x74743a3134),
(15, 15, 0x33636e6b6a3532616e6e6e366d79616a3736706c6277796e6e387a78357638, 1, 0x74743a3135),
(16, 17, 0x32616a636b3536683373626c396f6d34356c70303872657777396375647262, 1, 0x74743a3136),
(17, 19, 0x6173366f756a363678303162377962336f796c757178723775706d72696b6c, 1, 0x74743a3137),
(18, 44, 0x6c6b6e7639316c626c397465326a726a6235776e6739643931366230756e32, 1, 0x74743a3138),
(19, 0, 0x70686f6961633968346d383432787134357370377336753231657465657131, 1, 0x74743a3139),
(20, 851, 0x6264663533386c387539377477366d756266306b6c71773771636c63663834, 1, 0x74743a3230),
(21, 854, 0x7166726f7265633363746634663271726263666f62376f6a38656237347761, 1, 0x74743a3231),
(22, 857, 0x71363371797a636f73723038303737776a6763656364736667396d71736367, 1, 0x74743a3232),
(23, 847, 0x67386a623434716c6c316b797471756f38326375767968377575346c6b3930, 1, 0x74743a3233),
(24, 846, 0x37363032376a79656761356273786c6871697463626a6c7435336862736164, 1, 0x74743a3234),
(25, 845, 0x37746537706a39357069793834647473306467696f656e6f7a65356a376c33, 1, 0x74743a3235),
(26, 24, 0x65366d633438753169397033363768386c30396c7371396275746f666f766b, 1, 0x74743a3236),
(27, 23, 0x36776832396b636c3064656776356c776f7061766e3230746d62773670726f, 1, 0x74743a3237),
(28, 0, 0x70686f6961633968346d383432787134357370377336753231657465657131, 1, 0x74743a3238),
(29, 1630, 0x3634696233317a6a656d34356e71613674737a766f7734626577776e773472, 1, 0x74743a3239),
(30, 1630, 0x706b6677396c737630766433356a6877307534723671676e66657573376465, 1, 0x74743a3330),
(31, 0, 0x70686f6961633968346d383432787134357370377336753231657465657131, 1, 0x74743a3331),
(32, 1631, 0x36736f34683236357631356878617731376e6a72616e32356d6d6535333365, 1, 0x74743a3332),
(33, 0, 0x70686f6961633968346d383432787134357370377336753231657465657131, 1, 0x74743a3333),
(34, 126, 0x6e61697662713632716d726f6d73616a7a626936687938337232693967377a, 1, 0x74743a3334),
(35, 89, 0x736a6e7662786135663339756b6d7839626a387a30703677397a6267337237, 1, 0x74743a3335),
(36, 0, 0x70686f6961633968346d383432787134357370377336753231657465657131, 1, 0x74743a3336),
(37, 955, 0x333662697a6d7a6931736d3578677372626b38746c76396a6d797772306a66, 1, 0x74743a3337),
(38, 160, 0x6d306d616e736472776b6162676c77613864357930303539366138736e7579, 1, 0x74743a3338),
(39, 1368, 0x6e76766f6e7239636a70626f726b6f6979746361373372383867306831336c, 1, 0x74743a3339),
(40, 2237, 0x73663833646d667969396d3436346c6733686f6a686c6f6363757432677171, 1, 0x74743a3430),
(41, 2393, 0x743536377732617033326f326163676e30386d366b33727a6e327873347a39, 1, 0x74743a3431),
(42, 2399, 0x7068713975746b6c69346966657a6e39717768793635776837667272696133, 1, 0x74743a3432),
(43, 50, 0x74386875756232776c306c76646e736472746d3471717a7878323534726762, 1, 0x74743a3433),
(44, 305, 0x38626d6862333468676973343570796136797467686e3163356c3674717939, 1, 0x74743a3434),
(45, 331, 0x396e776c396230366c676e78726b6b6c7135396377717879737538726c6436, 1, 0x74743a3435),
(46, 2289, 0x7476623038696e3134673866737268356f306b776b6a6b7a673937676a7778, 1, 0x74743a3436),
(47, 2288, 0x316e6461687573356e756d736b3735326f356f6b6b3671796e7a707466646d, 1, 0x74743a3437),
(48, 2299, 0x7032766d67756969396c776b72746e3977686933346a646533646679757435, 1, 0x74743a3438),
(49, 57, 0x6776306e6a6264746f6c38743762786e757972326139766c78716b7139677a, 1, 0x74743a3439),
(50, 2399, 0x6a36656e787668383274736a36796b716f6f32746b6c37316570637a733177, 1, 0x74743a3530),
(51, 0, 0x70686f6961633968346d383432787134357370377336753231657465657131, 1, 0x74743a3531),
(52, 0, 0x70686f6961633968346d383432787134357370377336753231657465657131, 1, 0x74743a3532),
(53, 0, 0x70686f6961633968346d383432787134357370377336753231657465657131, 1, 0x74743a3533),
(54, 2298, 0x34723368623679346d6c753374366f70363836367475616e6671626873667a, 1, 0x74743a3534),
(55, 222, 0x6d6a62333435743275396d6e6a623338746e697a3476716130353077736b34, 1, 0x74743a3535),
(56, 221, 0x6a3263646130327a6862357561706a70336b6d37677637687938626d73756f, 1, 0x74743a3536),
(57, 229, 0x6235307432397578653472356575306e386a676369746879633875627a7538, 1, 0x74743a3537),
(58, 0, 0x70686f6961633968346d383432787134357370377336753231657465657131, 1, 0x74743a3538),
(59, 88, 0x6230656875356b3961666e33616f7469333271726a75386670323667777a73, 1, 0x74743a3539),
(60, 0, 0x70686f6961633968346d383432787134357370377336753231657465657131, 1, 0x74743a3630),
(61, 2903, 0x70776762767171796b386c707578307577666b686938736c6e33746777676b, 1, 0x74743a3631),
(62, 249, 0x66686b7668746869766a677535306e66636b6e693563796169773430613863, 1, 0x74743a3632),
(63, 255, 0x6d38713377723677676f78616c36676e6f6b78796f77743066636e6871706a, 1, 0x74743a3633),
(64, 111, 0x6f346d6d796d357873696136647038616e396c7539386e377777676133377a, 1, 0x74743a3634),
(65, 579, 0x69637136316938376c6e6675786376636d3071686f6f3130746a7331796776, 1, 0x74743a3635),
(66, 716, 0x35727170633978346938667770733035743864656662776866776e3831646a, 1, 0x74743a3636),
(67, 3889, 0x35336335797463397264736831396161656834323467637a6c716970683268, 1, 0x74743a3637),
(68, 3891, 0x643277686c633775776d68617171306e6b336b363371343161726a38666d34, 1, 0x74743a3638),
(69, 3753, 0x306f70303468637030627369766f386f707339766c72777a38756e6a65746d, 1, 0x74743a3639),
(70, 258, 0x62657530717171316a6f62636b616f336f6a67356732367135676634627336, 1, 0x74743a3730),
(71, 3897, 0x336c6e74637a6239786763783366613736767165333674313567746c367765, 1, 0x74743a3731),
(72, 3925, 0x67657470357532756c35306171393565796d3173356e67787a327062387774, 1, 0x74743a3732),
(73, 0, 0x70686f6961633968346d383432787134357370377336753231657465657131, 1, 0x74743a3733),
(74, 0, 0x70686f6961633968346d383432787134357370377336753231657465657131, 1, 0x74743a3734),
(75, 0, 0x70686f6961633968346d383432787134357370377336753231657465657131, 1, 0x74743a3735),
(76, 50, 0x6166326c363572753832367a35323537717738743330346738343973616e6e, 1, 0x74743a3736),
(77, 3558, 0x717577636630746b33756a65346870766b78377475376d383871776f673274, 1, 0x74743a3737),
(78, 2504, 0x6c7377727239726e387278757133307536656c726e656e3878613971373269, 1, 0x74743a3738),
(79, 2526, 0x62317666767878753467793068393431726465693633357470336e696d3272, 1, 0x74743a3739),
(80, 3159, 0x72317265357837396f77366e756361327469616c6a71396a61626c39793832, 1, 0x74743a3830),
(81, 5454, 0x6262306478337639307a69326f3932783761767a746d34797575337a30786b, 1, 0x74743a3831),
(82, 0, 0x70686f6961633968346d383432787134357370377336753231657465657131, 1, 0x74743a3832),
(83, 63, 0x3868613332766c70756b32356232676b35653164636c386862673276663573, 1, 0x74743a3833),
(84, 2302, 0x333567316f73686a337461383970637a767537626f6d70676a77666c7a3539, 1, 0x74743a3834),
(85, 0, 0x70686f6961633968346d383432787134357370377336753231657465657131, 1, 0x74743a3835),
(86, 57, 0x7137697034686935723476317a716164386f386964796372726e6a3668727a, 1, 0x74743a3836),
(87, 0, 0x70686f6961633968346d383432787134357370377336753231657465657131, 1, 0x74743a3837),
(88, 2306, 0x387468616570656f3439797934717630753772726e3165356a7067307a7570, 1, 0x74743a3838),
(89, 27, 0x63743973737163336f337a7463766663697035703578746670637664397261, 1, 0x74743a3839),
(90, 0, 0x70686f6961633968346d383432787134357370377336753231657465657131, 1, 0x74743a3930),
(91, 3197, 0x6e78797a3777306c3467346b6264317435776464386d78377a36776f307934, 1, 0x74743a3931),
(92, 3198, 0x70686e6e65706d39387663786277726b636c336c6c68773775686d65637975, 1, 0x74743a3932),
(93, 3198, 0x6539716632646c736d706139303264706d62643566367431786f7a3475796a, 1, 0x74743a3933),
(94, 3200, 0x65627933767962747a6a71356a35727178667a667872397376746865753772, 1, 0x74743a3934),
(95, 448, 0x366b30796c707279703437657032336c79633531313464633361643237767a, 1, 0x74743a3935),
(96, 1049, 0x396c6e6c756e3168396a7a7073356c697462343661356361667873326b3879, 1, 0x74743a3936),
(97, 3166, 0x34753361667639666b686477396c61636c3064396671656173337a6a68366c, 1, 0x74743a3937),
(98, 0, 0x70686f6961633968346d383432787134357370377336753231657465657131, 1, 0x74743a3938),
(99, 0, 0x70686f6961633968346d383432787134357370377336753231657465657131, 1, 0x74743a3939),
(100, 1088, 0x67617a3971776d783164646c74643633617a7336716d736b7135327a737577, 1, 0x74743a313030),
(101, 0, 0x70686f6961633968346d383432787134357370377336753231657465657131, 1, 0x74743a313031),
(102, 1152, 0x376f317779386b6e72377879377666723638757a3570723261716b676f7962, 1, 0x74743a313032),
(103, 231, 0x6c78697772676e346d797738347a30753177613538633167726e3165736d39, 1, 0x74743a313033),
(104, 326, 0x746a3578786c7335786d6a7864376b656479616e696a6f756c67796b707570, 1, 0x74743a313034),
(105, 601, 0x31346c6d6e71666f736539366d65386669767169727a66766b6d377a33306b, 1, 0x74743a313035),
(106, 1522, 0x7067706464366c30786867317779337167636c7334326d7169696230797461, 1, 0x74743a313036),
(107, 20, 0x6134306976723676733337666f61626373697969333133613377697137396c, 1, 0x74743a313037),
(108, 2543, 0x6571396f6b34327676386b30786d66376a7a6a74706830777272336e733374, 1, 0x74743a313038),
(109, 3610, 0x61786e677932713073396b6f38366679656b6179686738673379346b7a6669, 1, 0x74743a313039),
(110, 3616, 0x347a66666e6c637479707464743137623466617966626f38756c7a39726d68, 1, 0x74743a313130),
(111, 325, 0x6f6973746a66326b73797865386572797a7a6f35706c356239753266316f6b, 1, 0x74743a313131),
(112, 3613, 0x386f333037336a7468356f7a67696661626532676265747037306830716169, 1, 0x74743a313132),
(113, 12187, 0x683164343369666b7774623931397838647a336b7679757472377a30336877, 1, 0x74743a313133),
(114, 17411, 0x306a6e367471706a7a6e6a7a74737431707972393773647a62656d6a6c6a6f, 1, 0x74743a313134),
(115, 897, 0x6470306277733868676367797963726c756135666c677072656a7064373577, 1, 0x74743a313135),
(116, 0, 0x70686f6961633968346d383432787134357370377336753231657465657131, 1, 0x74743a313136),
(117, 91, 0x74377774703565633775787a366e39386c6e74737a7a6a70756e3472776a79, 1, 0x74743a313137),
(118, 1136, 0x7330766a617179387767303161776d6c616778797567366b7a3471376a3436, 1, 0x74743a313138),
(119, 0, 0x70686f6961633968346d383432787134357370377336753231657465657131, 1, 0x74743a313139),
(120, 1743, 0x73636e78636e366773656e78766a726a73367a72336d7130726f7676333238, 1, 0x74743a313230),
(121, 1766, 0x6265687a6437307876687433763932363331717369646938353577716a7973, 1, 0x74743a313231),
(122, 1766, 0x636b676a746f6d6f627766766a783166736863323276717731306361786a67, 1, 0x74743a313232),
(123, 5070, 0x68796839776237686e623035317671736b6474303275646b336c3361346676, 1, 0x74743a313233),
(124, 5680, 0x707177347734656d6f316864357079336a7834753331676362746e726b3636, 1, 0x74743a313234),
(125, 6345, 0x70696d7a746274326e3832396271396a77366e3173626f7333346566696668, 1, 0x74743a313235),
(126, 6904, 0x707a37313862356334693435376c797034617966367a6f766469636a797476, 1, 0x74743a313236),
(127, 7249, 0x7135737673736f6b376b6f343034676e7875793578376771743379646c3474, 1, 0x74743a313237),
(128, 7486, 0x3133386962726f767535327476727138396d63656379387964786f73326461, 1, 0x74743a313238),
(129, 152, 0x6261786d747568383675646f64673930376d6d786a3562373277676d7a316a, 1, 0x74743a313239),
(130, 62, 0x6a69663876773731636e3967697833347561763539756c753366796d743570, 1, 0x74743a313330),
(131, 5475, 0x39797569653030727a67746562313374326a30666a38737677333175396d71, 1, 0x74743a313331),
(132, 919, 0x356266656361616961326e6b697a6a666d323962327274336d777a33657637, 1, 0x74743a313332),
(133, 1151, 0x3675346134696c6c7a3363746e31647979386e7077707875717064667a3273, 1, 0x74743a313333),
(134, 1767, 0x633279636d626f676776386d3533776764796d346e797a31796c656879626b, 1, 0x74743a313334),
(135, 160, 0x316931727a627a6275666d39337933706c74706733706d7775716b646f6a65, 1, 0x74743a313335),
(136, 2526, 0x6a6c6b3869686133656f343137336875706170627a72396933727265777a74, 1, 0x74743a313336),
(137, 49, 0x72736530337163327876383363307134353570623574716b743838787a7361, 1, 0x74743a313337),
(138, 3198, 0x67766c626372656e396d76726e753869636e326f3576307377796e74326765, 1, 0x74743a313338),
(139, 3925, 0x3271616766376e6167666c7272776b7868333968346c783271353131653430, 1, 0x74743a313339),
(140, 3753, 0x33643638723063703479346568313638793367797a69796c78656667303963, 1, 0x74743a313430),
(141, 331, 0x32307a386c6b65377736626c387337677835686237373164693578327a6c69, 1, 0x74743a313431),
(142, 3580, 0x646370306875376d3279757161343370696d7479637a75656561306e793573, 1, 0x74743a313432),
(143, 7508, 0x3179763976686137746d7265783465723173306d6674657931313673396d33, 1, 0x74743a313433),
(144, 0, 0x70686f6961633968346d383432787134357370377336753231657465657131, 1, 0x74743a313434),
(145, 98, 0x693432796c693777386d723574673873767974717971646375387071306774, 1, 0x74743a313435),
(146, 623, 0x676f3771326675357033356a357833616d646e736b3179693974356e666a64, 1, 0x74743a313436),
(147, 630, 0x3132766a3363647a6e313563686b317461306b666e73797335616232647171, 1, 0x74743a313437),
(148, 630, 0x6962696f676d38637075787876786365307a6478396839347630366f6e7639, 1, 0x74743a313438),
(149, 653, 0x66376d6b616f6a636d396d757969647a666c6863716f747937667a6f6f3570, 1, 0x74743a313439),
(150, 2236, 0x6230666466346e6d747535697930786a34377a316f327179356f77676c7663, 1, 0x74743a313530),
(151, 2734, 0x6b61793170706b6771686735623430706d6239326f6734796a346e617a6572, 1, 0x74743a313531),
(152, 120, 0x706431383337356c6c79337963627966386c6478717a73796d303373757068, 1, 0x74743a313532),
(153, 650, 0x307570727173673375716c6830656e307276666a667236707332316b773063, 1, 0x74743a313533),
(154, 574, 0x6b6e7a3273786a7761316f7434366a626c6b3074736b79646d73636b6b7079, 1, 0x74743a313534),
(155, 0, 0x70686f6961633968346d383432787134357370377336753231657465657131, 1, 0x74743a313535),
(156, 773, 0x397a663737336d32726f756e6a376e64766d66346937727230796377386136, 1, 0x74743a313536),
(157, 774, 0x356c6264676e687a306e6763746e6a7532713133637a716830797779756177, 1, 0x74743a313537),
(158, 767, 0x6a73307036323279356a6666756238366e326b65656673716b69756672366e, 1, 0x74743a313538),
(159, 767, 0x6e686d3070376b72746a74776361717a6f3769343165307739373275366d36, 1, 0x74743a313539),
(160, 761, 0x73346b706e343979346835316261376c317677396376316d6532657436666b, 1, 0x74743a313630),
(161, 462, 0x34387038646c386b733436386632753633657a30366c656a737a6971706b79, 1, 0x74743a313631),
(162, 506, 0x39396631627435377133356e33333578747878756b686c703568306775766f, 1, 0x74743a313632),
(163, 185, 0x64727832613832647a336f33627538786d376276396c767275716167633165, 1, 0x74743a313633),
(164, 142, 0x70766335687a6c7a6a62366d61646d6c38327a6b32346a6833366869696e35, 1, 0x74743a313634),
(165, 116, 0x6b397679623578367769327a6d30776a356d677578686c6e6e693334763439, 1, 0x74743a313635),
(166, 115, 0x366b7775706266637467357772627269726469747a68737067796f386e6b76, 1, 0x74743a313636),
(167, 64, 0x6c646273336b356f65767a75773964747479343635307a3172707876633838, 1, 0x74743a313637),
(168, 118, 0x67373074303932367a7a316b32647137776f6a77766d646e6f36306533686d, 1, 0x74743a313638),
(169, 153, 0x39746d7537393872696e7465396178317831727a3071703562616767663364, 1, 0x74743a313639),
(170, 225, 0x6568353531616977716b7673747677666335393878767072306f616c6b6379, 1, 0x74743a313730),
(171, 11998, 0x3173777268696e3467666c697939676f78786d307169627662747771307070, 1, 0x74743a313731),
(172, 66, 0x72627167646562747776333962787177786e356d657339796b696666727a6a, 1, 0x74743a313732),
(173, 12090, 0x6437616663736b74696276736934356b3170306d75766e70636d78377a776d, 1, 0x74743a313733),
(174, 12084, 0x703764376235796831696f737a676861637170346a69333136716462653177, 1, 0x74743a313734),
(175, 12082, 0x673164666430646b68377278363063336e70633875356f3477746f6d633369, 1, 0x74743a313735),
(176, 0, 0x70686f6961633968346d383432787134357370377336753231657465657131, 1, 0x74743a313736),
(177, 12166, 0x3469646232656366766932793977356964777a797564313263697135357568, 1, 0x74743a313737),
(178, 190, 0x6f6c7364756d3832673671657a7070776232707363356230397267337a3070, 1, 0x74743a313738),
(179, 96, 0x666c6531383267686e626830307232636f3071666472703269396c70667430, 1, 0x74743a313739),
(180, 12165, 0x6f797271613577323273327076363271306e66376435396774313970393734, 1, 0x74743a313830),
(181, 2553, 0x646a6174736637377a68337067676563773162716d333734687270316b3864, 1, 0x74743a313831),
(182, 69, 0x69346f64323731346e3268756c34716d79646a6c716a6a72387666346b3472, 1, 0x74743a313832),
(183, 55, 0x726a366a7162767369786138773865713062376569737939686b62736d6e76, 1, 0x74743a313833),
(184, 2615, 0x356e6c3171336f7038393438386a326f6c32333338373766703078706d6e68, 1, 0x74743a313834),
(185, 39, 0x6b376c646331337a616f7873676d6e7363663566677132336f786876683473, 1, 0x74743a313835),
(186, 521, 0x3034797762756a667673767a363462373575726d65706f7068633679737661, 1, 0x74743a313836),
(187, 234, 0x647071316b6b64676d656f73726b3077346775657a366c77366833326e6838, 1, 0x74743a313837),
(188, 228, 0x31713776677a65687766396a64666e6b32637a3968677373626d6169776575, 1, 0x74743a313838),
(189, 236, 0x30333872796b39733075796436676f3968347134797a636e6e783962336c6f, 1, 0x74743a313839),
(190, 241, 0x66377a7773377a69627a6463387a6a6e63706866726d65376e6b36786c3834, 1, 0x74743a313930),
(191, 241, 0x30397a30366f6e697569797477626f757877636839626a676269376a6e7431, 1, 0x74743a313931),
(192, 242, 0x726e6a6b7a70716d656f6a6f363375646576727573766f787a31627432357a, 1, 0x74743a313932),
(193, 242, 0x617869686766656a70776b7a61777078326335766637757276737763396d66, 1, 0x74743a313933),
(194, 386, 0x3332316f6d756b696275706835326a66363479797a67757965347232353637, 1, 0x74743a313934),
(195, 396, 0x373663726a3832376f6d75336f6f35676b6c68363274693572363367366e33, 1, 0x74743a313935),
(196, 420, 0x31617075707a65747a653074796e656b796b617364357333746e693564616a, 1, 0x74743a313936),
(197, 277, 0x68656e736262786b6466716463626b6732316e76657a706e36356b68777834, 1, 0x74743a313937),
(198, 0, 0x70686f6961633968346d383432787134357370377336753231657465657131, 1, 0x74743a313938),
(199, 0, 0x70686f6961633968346d383432787134357370377336753231657465657131, 1, 0x74743a313939),
(200, 0, 0x70686f6961633968346d383432787134357370377336753231657465657131, 1, 0x74743a323030),
(201, 0, 0x70686f6961633968346d383432787134357370377336753231657465657131, 1, 0x74743a323031),
(202, 0, 0x70686f6961633968346d383432787134357370377336753231657465657131, 1, 0x74743a323032),
(203, 0, 0x70686f6961633968346d383432787134357370377336753231657465657131, 1, 0x74743a323033),
(204, 0, 0x70686f6961633968346d383432787134357370377336753231657465657131, 1, 0x74743a323034),
(205, 0, 0x70686f6961633968346d383432787134357370377336753231657465657131, 1, 0x74743a323035),
(206, 304, 0x30357367366e346a787377306e62366e356878783774383566366564706b6a, 1, 0x74743a323036),
(207, 12185, 0x6d776b646866736f62396c3765357a667239306c6463333674737070747367, 1, 0x74743a323037),
(208, 0, 0x70686f6961633968346d383432787134357370377336753231657465657131, 1, 0x74743a323038),
(209, 49, 0x346e6b69707a703530363237697065306578797766796f7172367134626e6f, 1, 0x74743a323039),
(210, 49, 0x63756539387a616e6e6d6279736476387731767073613670357565326f3778, 1, 0x74743a323130),
(211, 12184, 0x3638653777746a617966766e6e6f7a7a63316530787074657a613939366f67, 1, 0x74743a323131),
(212, 12207, 0x656979306e39623465713078366f736a73796761347277686c776673757332, 1, 0x74743a323132),
(213, 70, 0x6339666a63696d68736c386d7561353877337868647031727578676d773163, 1, 0x74743a323133),
(214, 49, 0x63756539387a616e6e6d6279736476387731767073613670357565326f3778, 1, 0x74743a323134),
(215, 72, 0x306e6e7173757a3335376a756871373671386633346e6d6a6c63356c36336a, 1, 0x74743a323135),
(216, 67, 0x647638703339317568353468356734717a3667333037306262726274656877, 1, 0x74743a323136),
(217, 71, 0x737869656c3633343032677965726b76736f3965687a726d6e706370676633, 1, 0x74743a323137),
(218, 51, 0x346f75743763346665643268666f757368636c79796b766c69766431367864, 1, 0x74743a323138),
(219, 3413, 0x36366d386774786d30306d6964356174336873647161366e7a693864713868, 1, 0x74743a323139),
(220, 4448, 0x6e7968637a73326b696e3135726b373372736c343933777663756d6d346778, 1, 0x74743a323230),
(221, 4458, 0x33696165766567337938386671346f33313538786a717a326b626f6b697365, 1, 0x74743a323231),
(222, 3413, 0x336530736e736f656a696f7478646635696471747a3938627a687a6c396d62, 1, 0x74743a323232),
(223, 292, 0x65693062763166616c6d74373663776a6a65386f677734706a693233617939, 1, 0x74743a323233),
(224, 3384, 0x3863393339793976666871737a716a3977336d77316e316d7a716d776c6d68, 1, 0x74743a323234),
(225, 3446, 0x3674316577736f6c65757033687735796d32646573656a35627861356b626a, 1, 0x74743a323235),
(226, 0, 0x70686f6961633968346d383432787134357370377336753231657465657131, 1, 0x74743a323236),
(227, 31, 0x6d677179346d65613865756a33687a62666e32766677356f356d77376a6d6f, 1, 0x74743a323237),
(228, 44, 0x6871776a39727638716e697a6c71356669766f746678786e39736d6b6b6531, 1, 0x74743a323238),
(229, 45, 0x696d65647838673432707665637263386b377430306e3263766139786b6877, 1, 0x74743a323239),
(230, 3521, 0x64306861726d6d64767572336b75686c3675656d377a36346472667a653178, 1, 0x74743a323330),
(231, 3521, 0x3371626d747561313374397667306e6571376f6d7038723976676b38366b39, 1, 0x74743a323331),
(232, 3591, 0x7167397261667232353977686775746768766b6f6f766765376d656f777539, 1, 0x74743a323332),
(233, 3613, 0x6f767178656c743661316a776e627a6571396e676d723173726e3771617368, 1, 0x74743a323333),
(234, 3983, 0x307a7162356f776936313276627a3568313067783338626a706f6a67756b34, 1, 0x74743a323334),
(235, 1512, 0x6e363834386d303978666b7534796b76637a7139366f386b386639796e7861, 1, 0x74743a323335),
(236, 1540, 0x677468323277723170356e3370396a33677a69756d69636463373333777967, 1, 0x74743a323336),
(237, 1562, 0x66646c616274357979393032756165396f3463373768706571306e62763931, 1, 0x74743a323337),
(238, 1305, 0x667166396a7274646c76333864796376623766623577346b3063386e676666, 1, 0x74743a323338),
(239, 1305, 0x3036376f367676373933696d347963376775736f3367773561736b73637368, 1, 0x74743a323339),
(240, 1313, 0x3231356d61796f386f657670656577347377736a6d66356571623367727367, 1, 0x74743a323430),
(241, 1317, 0x6c30777932657673306e71736972366d68736b77636334727a7574626b376a, 1, 0x74743a323431),
(242, 1708, 0x65796e7862336d69736734627369313835727764763066693061757a653868, 1, 0x74743a323432),
(243, 762, 0x656e767161696437666f7a6674357368323166613661707162627768653832, 1, 0x74743a323433),
(244, 1836, 0x6b693735306b74327168706d6e6d32347476787061347976707a3633346632, 1, 0x74743a323434),
(245, 2571, 0x3079376f6c6461396d37746c677934656c3731396e376f6969333932683334, 1, 0x74743a323435),
(246, 2770, 0x677772787a6f377375396e79657a69716b75667066707464646a6965313336, 1, 0x74743a323436),
(247, 4276, 0x386230736976746e6669346c6e37396c62666933657a65776c777931673766, 1, 0x74743a323437),
(248, 4270, 0x6d6a66736d6875766839736f307436753337783761317a33647572326b3568, 1, 0x74743a323438),
(249, 4300, 0x37356e6c31746d6e7a703672716773686c376b78743772706b35736c366470, 1, 0x74743a323439),
(250, 4971, 0x38326b326c356831316379756e753566306967643474626e64756f39716239, 1, 0x74743a323530),
(251, 5296, 0x32726c74377869686a7539643068667779686a78727576796d316f71756475, 1, 0x74743a323531),
(252, 5298, 0x6d3439376f6534376f313038653775346134766663796a6e6668376f697a62, 1, 0x74743a323532),
(253, 5356, 0x36697a636332796972693132707174346e6d38627875337168726c67743463, 1, 0x74743a323533),
(254, 5395, 0x6a623576676a63346d38727879647171713964773572653232776973776f61, 1, 0x74743a323534),
(255, 5447, 0x616b786b7036653065626a696b796a786232766f6e76317367387770616465, 1, 0x74743a323535),
(256, 5443, 0x6532746132327a6a7338353174327066357666776e36376579776430327665, 1, 0x74743a323536),
(257, 5442, 0x6c7234676a343477736278676c6a6f676f723234713031726e62703434346f, 1, 0x74743a323537),
(258, 5458, 0x306f7a6b6b343438376c3130767a61687a7369386c677a7a7679376c6b6672, 1, 0x74743a323538),
(259, 0, 0x70686f6961633968346d383432787134357370377336753231657465657131, 1, 0x74743a323539),
(260, 5515, 0x6b376e686370767a3539727162663474797967776d316d7477627235696965, 1, 0x74743a323630),
(261, 0, 0x70686f6961633968346d383432787134357370377336753231657465657131, 1, 0x74743a323631),
(262, 5564, 0x69366b6135356b6f6b306a6d7530706f6b79697876746462756b6c7178716d, 1, 0x74743a323632),
(263, 5564, 0x3076706c366d6268756162337569783339697430317976626c317578673263, 1, 0x74743a323633),
(264, 5577, 0x3031383839786939713871787963666b316d36756867363463766334696167, 1, 0x74743a323634),
(265, 5577, 0x34793832316d686c73756c31736d31376e7563706937327773736f6d6e6f38, 1, 0x74743a323635),
(266, 5576, 0x6a353475746a657a6d61346436666d786a746674726e6a356d713066733763, 1, 0x74743a323636),
(267, 5576, 0x6667756f6e3639717971343076796733397039627675687272797970647539, 1, 0x74743a323637),
(268, 5578, 0x6e373670336e633579336d316d38386c3163707668677366346f6774376a67, 1, 0x74743a323638),
(269, 5574, 0x366e387263316a716336647563346477616f6262357562646d6a787534787a, 1, 0x74743a323639),
(270, 5570, 0x316e636a786a6a39776361726d3067716f39323470686c6a73766965776638, 1, 0x74743a323730),
(271, 5570, 0x61686465746a697768667673613670337339746b38326a3063736374646c6a, 1, 0x74743a323731),
(272, 5546, 0x37737a6b306d3867336473326838796278376f3571666234306776736c6e6f, 1, 0x74743a323732),
(273, 5546, 0x706e3838637875646a6f386e63777167366468766669386e33333871713532, 1, 0x74743a323733),
(274, 5550, 0x3063317a6639746c75747533316977356463646a6e337369763864696b786b, 1, 0x74743a323734),
(275, 5551, 0x366875726939636639756f6a3468333067377a6f6574707a79747569796b61, 1, 0x74743a323735),
(276, 5561, 0x64363876746e7578386b30667075347961306b7672646a307363327769747a, 1, 0x74743a323736),
(277, 5561, 0x746f346e666d6663307465337636666c683467637170377a316a6969696674, 1, 0x74743a323737),
(278, 5565, 0x33356a6d6b377936336a697a786b327734316561636470786d76777372627a, 1, 0x74743a323738),
(279, 5567, 0x39636a646c38653139766830796b6467756b793465336b3938303566357562, 1, 0x74743a323739),
(280, 5577, 0x677435336474796c75686930706c326e636c3132366865657a723834756779, 1, 0x74743a323830),
(281, 5579, 0x3462367336327463706e693064637a756c306c673567356169697461776869, 1, 0x74743a323831),
(282, 5589, 0x647a343272717565396c6b306c6332386a6777366664797077656864306764, 1, 0x74743a323832),
(283, 5687, 0x7033327878747130756d72766f646f65746f72646237787531656e75396430, 1, 0x74743a323833),
(284, 5815, 0x3061727871686d6168746f786a326e356b7971667361317a357765796b7477, 1, 0x74743a323834),
(285, 5815, 0x3164377467383437396d61696c6b7531726b36716333636965646e62736179, 1, 0x74743a323835),
(286, 1995, 0x6f7a7a76653871663165396f3439746b716e65733038653936706c7a756761, 1, 0x74743a323836),
(287, 2260, 0x6779647575763537356d70316865377067766d373330727a306b6d726f3466, 1, 0x74743a323837),
(288, 332, 0x30356236737566686a777a77356b636e6838787576696b696833346e307574, 1, 0x74743a323838),
(289, 3396, 0x37353562306a796561663533627039613378716163637031346e723932656c, 1, 0x74743a323839),
(290, 4267, 0x6e713478706630776531646c306c7a6a326a3167713636396f786e6b6f6d6f, 1, 0x74743a323930),
(291, 8567, 0x35377a7935386132786b786d367a6b623967326e7434727a30737970343739, 1, 0x74743a323931),
(292, 9419, 0x62663261396f66307766796376786d64616839716c646a6c343377676d3768, 1, 0x74743a323932),
(293, 9662, 0x7238647038347465636869693669687163756c6c6a6535383062677a673661, 1, 0x74743a323933),
(294, 12261, 0x39616f317a7a78796f73726d34633131646275617765326b34696336766430, 1, 0x74743a323934),
(295, 12625, 0x396e6d37653974736a383065726d696d303462757033783237387830726638, 1, 0x74743a323935),
(296, 13737, 0x70326a66716d636271613473366a666b633432307a77357066316862723839, 1, 0x74743a323936),
(297, 14637, 0x38793937706671757a726c7431726630616b36706468317678677773303874, 1, 0x74743a323937),
(298, 15520, 0x3331776f6c787333656166317637776f3262376f676474626f376566363162, 1, 0x74743a323938),
(299, 16625, 0x346265757770746a3878323839373235796d70336b7538786465386c786331, 1, 0x74743a323939),
(300, 18025, 0x6573706e373631377476756e326e62736f65676c717a7262673072396f7174, 1, 0x74743a333030),
(301, 725, 0x6f7a33756939777a616a6e6263783576796f777a6a61656a78683768333532, 1, 0x74743a333031),
(302, 761, 0x6e6e697374656a3669613235673536756d776c723132796c776e6c34393677, 1, 0x74743a333032),
(303, 1130, 0x6235616f696b7936696a7968776e667930786b657a6c7936646d6174616163, 1, 0x74743a333033),
(304, 2392, 0x65396b71686235646b6879757439346272373763776c687131696f67633171, 1, 0x74743a333034),
(305, 4257, 0x3068743837617334307a72316d31306831716b6236716d626b6c6f37303461, 1, 0x74743a333035),
(306, 28, 0x31696c68636d31666b3336363332616a65757a39327671356231333470647a, 1, 0x74743a333036),
(307, 1423, 0x31736f6274733437366f63336a646e726235356676613236766b716f736330, 1, 0x74743a333037),
(308, 0, 0x70686f6961633968346d383432787134357370377336753231657465657131, 1, 0x74743a333038),
(309, 4997, 0x6f75356b746377377a743731627a6c7a333732777a626d6b366d3879356671, 1, 0x74743a333039),
(310, 362, 0x6f7a6a346c61376271693073706d6f786f76786c7469637936736131357376, 1, 0x74743a333130),
(311, 1617, 0x39667a68377275397a6c726c366331677a77733077727938326b6c30747264, 1, 0x74743a333131),
(312, 2551, 0x3932726a7430783974386879667a6b356a7a727a35386468333366766e6b6d, 1, 0x74743a333132),
(313, 0, 0x70686f6961633968346d383432787134357370377336753231657465657131, 1, 0x74743a333133),
(314, 2585, 0x6a61787331726f7a34636870796f6c69713176717736626368356172393531, 1, 0x74743a333134),
(315, 2821, 0x637531666638387a613868656b31676d646e6e386b3630773465316332356c, 1, 0x74743a333135),
(316, 2825, 0x6c6c32356871767572656c36313674767778386e7470776239777667383169, 1, 0x74743a333136),
(317, 2933, 0x34656672326435326278776569387576613438746c6e723577797a64623331, 1, 0x74743a333137),
(318, 1135, 0x6463786876726b6d6738337a6e6d79386f7762736f726e6b30373565777377, 1, 0x74743a333138),
(319, 5253, 0x6b62657969337639366d35657464736f32797768756b31733277786e367032, 1, 0x74743a333139),
(320, 5255, 0x63797172623273696a33636c306a796f6f6a656b6c63367230323635636c71, 1, 0x74743a333230),
(321, 5257, 0x6c387577627278766a6167373030733876393065653173346a6468616f696b, 1, 0x74743a333231),
(322, 624, 0x6a616465337471766a673962776b357737383469676430767064396c7a7365, 1, 0x74743a333232),
(323, 562, 0x6469386b7433676d7179766a70316e6c6c70697062796b6938777862327437, 1, 0x74743a333233),
(324, 432, 0x64696f6d387a706f72676b6135786f38326f6d7a62726d6b796e726e6b316d, 1, 0x74743a333234),
(325, 847, 0x35357278786a396e3568696768366b6e777a70777569727a3861386c333537, 1, 0x74743a333235),
(326, 1330, 0x6b71307130393936656974763333666f61656c777678303367756b74393878, 1, 0x74743a333236),
(327, 2252, 0x69793961326b6b7a6c7874706a7034637a62387a67346e63706a71386c3132, 1, 0x74743a333237),
(328, 688, 0x70706a71396f3766626b657576773035637364786175796b676836666a3175, 1, 0x74743a333238),
(329, 1039, 0x3671306d6165336f69367737747a717a6a34346a3974366b68396279666362, 1, 0x74743a333239),
(330, 1535, 0x63377935306177366670336d786732627735316f303761316c6b706f6f6366, 1, 0x74743a333330),
(331, 3484, 0x726437357077787a6262337069307963703567786131626f6161657139767a, 1, 0x74743a333331),
(332, 280, 0x7230747736656279306f6b67346b6b38386b73386d353865386e386c777073, 1, 0x74743a333332),
(333, 2650, 0x656339317377766e6d6c6d6576316a7961676d616635706f34656b3366716c, 1, 0x74743a333333),
(334, 3778, 0x6f6a326c6438686235703167766969626934346b6f69756472613330377932, 1, 0x74743a333334),
(335, 4575, 0x617971396b78386c6c3068736b3577706931303037726d3831357876343462, 1, 0x74743a333335),
(336, 916, 0x727475727768366a6f326c7a7435736b6e6f3164313535396e7a7564326367, 1, 0x74743a333336),
(337, 625, 0x676874737a7173736d756a6b6e69796d6162767538713662316966716b6874, 1, 0x74743a333337),
(338, 942, 0x30636e6e7a36776f76647030366e3533747639686972363633687235696a69, 1, 0x74743a333338),
(339, 625, 0x676874737a7173736d756a6b6e69796d6162767538713662316966716b6874, 1, 0x74743a333339),
(340, 625, 0x676874737a7173736d756a6b6e69796d6162767538713662316966716b6874, 1, 0x74743a333430),
(341, 1313, 0x71643634746d6f3464386466387466356375626f3131326171623036663932, 1, 0x74743a333431),
(342, 441, 0x6679636833766b7834617a736f62377832636f70697a786c75647331767138, 2, 0x74743a333432),
(343, 0, 0x70686f6961633968346d383432787134357370377336753231657465657131, 1, 0x74743a333433),
(344, 939, 0x303275693335633374636c3063617a6967396b3865716f75616d6f7078757a, 1, 0x74743a333434),
(345, 940, 0x616b73333161686564786239326276776a766f6234343638693473626d6768, 1, 0x74743a333435),
(346, 905, 0x3077346675687a393371746a796a396830693766666736793836726939666b, 1, 0x74743a333436),
(347, 3909, 0x736632356e687a6974733563643874303269657532337862377a3073776265, 1, 0x74743a333437),
(348, 1237, 0x72726137306576636177337335746e336136736770377a656e316861636b6d, 1, 0x74743a333438),
(349, 2748, 0x6569636839687071753974746f6d316f64776f6d6138316c34377976613234, 1, 0x74743a333439),
(350, 2256, 0x6d7376716d617034626b32303475377a6e696679717067746171396776686a, 1, 0x74743a333530),
(351, 2477, 0x7072366765776a77623739366d31776a797166316d776e386a667466346b77, 1, 0x74743a333531),
(352, 2542, 0x323364326833683677793835643663756c6f33316b37627132697474696376, 1, 0x74743a333532),
(353, 2538, 0x35396d7030706f73666d77646931687a717333333371366673656e65716239, 1, 0x74743a333533),
(354, 4279, 0x6c76697162736c36306e7871643479396b6371713365396371787274717063, 1, 0x74743a333534),
(355, 3799, 0x6e7630656b61387a6d783266647577397032366e6266697175797279343778, 1, 0x74743a333535),
(356, 2538, 0x35396d7030706f73666d77646931687a717333333371366673656e65716239, 1, 0x74743a333536),
(357, 2489, 0x35663367306c646d6f30727a39617a656361727132337a316c736779396c33, 1, 0x74743a333537),
(358, 2824, 0x67356871736a7775786f6f6b6e676d6362666663786b776538707764306976, 1, 0x74743a333538),
(359, 3434, 0x6c736c676e79326d63686d643779637371636878717039356e6c686a6d6f77, 1, 0x74743a333539),
(360, 688, 0x313465786c776c6a3071626a6b627569786b79737a33633174636833377830, 1, 0x74743a333630),
(361, 857, 0x6b76787a796161733639717376726a713331766f70726369746f6f31703261, 1, 0x74743a333631),
(362, 1261, 0x62647568346432646d776630796b676e62377265656e6c327331796a6e6e36, 1, 0x74743a333632),
(363, 1681, 0x636970686c683633393873663266736464343333316973626c313067393961, 1, 0x74743a333633),
(364, 2537, 0x376e666936323177716f353565746b6a69737a617339723777353464346f35, 1, 0x74743a333634),
(365, 3239, 0x336f37726a656d6d7037786437726169746266326d31626b707a6637666236, 1, 0x74743a333635),
(366, 3414, 0x716769716a676778326d683979716d713677626a627a717874726c64776561, 1, 0x74743a333636),
(367, 4992, 0x72316572387668743066687373336d66616d756338363762766b716466396d, 1, 0x74743a333637),
(368, 8061, 0x71347071663063333967306a7668787272693963356b747568696b617a6a39, 1, 0x74743a333638),
(369, 179, 0x6166646e3964307262716d3363623638787463746272626861647530327131, 1, 0x74743a333639),
(370, 11846, 0x3171706273733677376133726a617668303633726276726f363276706f7170, 1, 0x74743a333730),
(371, 11832, 0x333179657872306c38673761746339363477736267656578316f74366a776d, 1, 0x74743a333731),
(372, 11835, 0x6e686d6f706e7067736c31623363656339736c693339726933366b6f616e35, 1, 0x74743a333732),
(373, 12255, 0x6d6a7274766d6e767568393366786a70656174706c6d346b76636173386132, 1, 0x74743a333733),
(374, 12515, 0x3161336877796d6a6d7a78796278736173686d38366f307877346f6938396f, 1, 0x74743a333734),
(375, 12389, 0x683675787577716c77777a67686979346f7834656c326d646c636f36396837, 1, 0x74743a333735),
(376, 12377, 0x6f6a6c31746a72306332706938786c7267757a7469766e686c3665687a7536, 1, 0x74743a333736),
(377, 12379, 0x71326a7a6c306337333032646276626a6d71726f70316e7761617278327932, 1, 0x74743a333737),
(378, 12759, 0x3031706c6177763777357a37756e32346376776f3966616265623165346f66, 1, 0x74743a333738),
(379, 12723, 0x6a37656277703473697570617a6374346669316b6666307738633278773631, 1, 0x74743a333739),
(380, 12, 0x64377a37746a717677343471747734677274756b7537646b68627432327768, 1, 0x74743a333830),
(381, 3749, 0x7065736375316479306b6173626b67347a707539657075786230726e33616f, 1, 0x74743a333831),
(382, 1040, 0x32633963756b357a68666d3337666a3334676b6c35766f7562317163323831, 1, 0x74743a333832),
(383, 1689, 0x6633703133676c316e626e696178676f7671616e6964353169383278793072, 1, 0x74743a333833),
(384, 4497, 0x73396531793264386d376b733764797a7a796972746932327161627079326b, 1, 0x74743a333834),
(385, 37, 0x6e62306966666f6372657432663567687a69306d64676f306c626536336163, 1, 0x74743a333835),
(386, 113, 0x68626366336f6b34386b7137773131777332356c30396a6f6230726f736433, 1, 0x74743a333836),
(387, 1500, 0x326d3175346d69397777663867317270393172336f336c643777676b356930, 1, 0x74743a333837),
(388, 49, 0x7138626b3932766a75646a64336a627668743169756e72716f753675773564, 1, 0x74743a333838),
(389, 0, 0x70686f6961633968346d383432787134357370377336753231657465657131, 1, 0x74743a333839),
(390, 0, 0x70686f6961633968346d383432787134357370377336753231657465657131, 1, 0x74743a333930),
(391, 0, 0x70686f6961633968346d383432787134357370377336753231657465657131, 1, 0x74743a333931),
(392, 0, 0x70686f6961633968346d383432787134357370377336753231657465657131, 1, 0x74743a333932),
(393, 0, 0x70686f6961633968346d383432787134357370377336753231657465657131, 1, 0x74743a333933),
(394, 0, 0x70686f6961633968346d383432787134357370377336753231657465657131, 1, 0x74743a333934),
(395, 0, 0x70686f6961633968346d383432787134357370377336753231657465657131, 1, 0x74743a333935),
(396, 0, 0x70686f6961633968346d383432787134357370377336753231657465657131, 1, 0x74743a333936),
(397, 0, 0x70686f6961633968346d383432787134357370377336753231657465657131, 1, 0x74743a333937),
(398, 18, 0x6138616d3736317163376334796f616a6b6b6a6d77746333383236327a6361, 1, 0x74743a333938),
(399, 18, 0x6138616d3736317163376334796f616a6b6b6a6d77746333383236327a6361, 1, 0x74743a333939),
(400, 19, 0x3968676a376f35646d756c777637397a786f6b6e32346c6b3038713378666c, 1, 0x74743a343030),
(401, 24, 0x35686d686b75337536386e72316e65777679396531726879307a346c613861, 1, 0x74743a343031),
(402, 24, 0x35686d686b75337536386e72316e65777679396531726879307a346c613861, 1, 0x74743a343032),
(403, 24, 0x673730356563666a6f396972713637353168327065787076673870397a7575, 1, 0x74743a343033),
(404, 24, 0x673730356563666a6f396972713637353168327065787076673870397a7575, 1, 0x74743a343034),
(405, 35, 0x7468766e75633670386e6f6530727637713770383568637434733076707774, 1, 0x74743a343035),
(406, 35, 0x7468766e75633670386e6f6530727637713770383568637434733076707774, 1, 0x74743a343036),
(407, 19, 0x69333672666b6f676e363968727836656d366a786c356b6b75623030697139, 1, 0x74743a343037),
(408, 19, 0x69333672666b6f676e363968727836656d366a786c356b6b75623030697139, 1, 0x74743a343038),
(409, 28, 0x647179763432386273726e617839657a6431796d7a61356a7469346c687a74, 1, 0x74743a343039),
(410, 439, 0x6569733070656f6637683675647366373464336e706d76777a36733076366f, 1, 0x74743a343130),
(411, 341, 0x73327274626437377331676367366164707836617979673169716a636c6f62, 1, 0x74743a343131),
(412, 294, 0x346131627835333035793936736f3463316274326463697069357a72326c71, 1, 0x74743a343132),
(413, 255, 0x66626171376d677a32756378786d7a793066613061687378696a786b62796f, 1, 0x74743a343133),
(414, 257, 0x3133796e746f6773387271726e31337569717569313063717868766368646c, 1, 0x74743a343134),
(415, 98, 0x33376e693868716a686c326465786e337a3172686f37643076327337776a32, 1, 0x74743a343135),
(416, 108, 0x6573306c6679636a726d34687075726633746c716d6676656c69717462346a, 1, 0x74743a343136),
(417, 58, 0x6b357168396b30736761626630306439306f6a6c686b66726d747766617331, 1, 0x74743a343137),
(418, 1543, 0x6e6733626566337a303171356b6b6d63367139786370706e72376870677835, 1, 0x74743a343138),
(419, 638, 0x6e326b6b766a7439366e707972663363756d38397970663562716575353775, 1, 0x74743a343139),
(420, 1704, 0x346c3078636e6d3967746e6f376b783831723977357a727032746a77383076, 1, 0x74743a343230),
(421, 1709, 0x6c6933766f3076336668716f6a7774777438733536717a38756a7430676d35, 1, 0x74743a343231),
(422, 712, 0x353865306e66396261617a346b6a3379626d636e3237786471307433397576, 1, 0x74743a343232),
(423, 82, 0x6b63316b646e3378373368703464353836656f6865373666306b3561723577, 1, 0x74743a343233),
(424, 908, 0x647633386a76377766696d6d323039656b73317767637835686d3734666e71, 1, 0x74743a343234),
(425, 318, 0x6f373632613873316d777279726261746a397764756b6b36366d3167646e72, 1, 0x74743a343235),
(426, 2738, 0x687a766d39626164653230767a6237623978317032656f31356c777a737562, 1, 0x74743a343236),
(427, 892, 0x37346563647136696f6938346e70797a306d33643266687776396173657069, 1, 0x74743a343237),
(428, 908, 0x647633386a76377766696d6d323039656b73317767637835686d3734666e71, 1, 0x74743a343238),
(429, 863, 0x68726b32626434386d6b6e676f3064377a367578636134337a33686e36667a, 1, 0x74743a343239),
(430, 855, 0x61376c377a3576763339396d386f3632756d36683770756c376f356b736c33, 1, 0x74743a343330),
(431, 862, 0x68706f6c6c666935317070307a76793935386271613170357973686f696c6c, 1, 0x74743a343331),
(432, 863, 0x39787269756766726a386d71656c756d6d67636d656d646778707633616b74, 1, 0x74743a343332),
(433, 606, 0x3467687a637668387a726a66656931736839676870306a6365316f326c7067, 1, 0x74743a343333),
(434, 22, 0x336c62386369343969316c666b6274797271733972756662386e746a343765, 1, 0x74743a343334),
(435, 24, 0x626335356561696537677173323437786f383935376f6372396e716a6c3639, 1, 0x74743a343335),
(436, 22, 0x336c62386369343969316c666b6274797271733972756662386e746a343765, 1, 0x74743a343336),
(437, 22, 0x336c62386369343969316c666b6274797271733972756662386e746a343765, 1, 0x74743a343337),
(438, 22, 0x336c62386369343969316c666b6274797271733972756662386e746a343765, 1, 0x74743a343338),
(439, 22, 0x336c62386369343969316c666b6274797271733972756662386e746a343765, 1, 0x74743a343339),
(440, 22, 0x336c62386369343969316c666b6274797271733972756662386e746a343765, 1, 0x74743a343430),
(441, 24, 0x626335356561696537677173323437786f383935376f6372396e716a6c3639, 1, 0x74743a343431),
(442, 2765, 0x303533667a3963386576736c783264313833627a6b72366b65726136646b31, 1, 0x74743a343432),
(443, 21, 0x6a773568736365796c6e656d706a697172643973796c3665673233366b7a6f, 1, 0x74743a343433),
(444, 81, 0x306170656879317a65786162736237317035327a746c6d67696e626b7a3776, 1, 0x74743a343434),
(445, 618, 0x366877716c343737686f66717238303737366e7979373461306a3135373861, 1, 0x74743a343435),
(446, 617, 0x6d72797077616f32717a6a326962357462757034333034736f6a7867347170, 1, 0x74743a343436),
(447, 110, 0x34797531636871793371726c78756b736a393576347276377775333873316d, 1, 0x74743a343437),
(448, 6, 0x3235336a386e34686f336a666271616133326b646d326d3876633570376774, 1, 0x74743a343438),
(449, 0, 0x70686f6961633968346d383432787134357370377336753231657465657131, 1, 0x74743a343439),
(450, 2398, 0x66326878747977346c6630617133676f613139336964616f33623174627838, 1, 0x74743a343530),
(451, 2687, 0x356a797a6d367875676c6f6f3462777576756b3661736b6e79736d77356364, 1, 0x74743a343531),
(452, 3188, 0x6e30737664357930706373756a6f647931776b69307669627a386571636a68, 1, 0x74743a343532),
(453, 3172, 0x393067626d6a6e736b7265766c746870366e697975636376367a6e647a3474, 1, 0x74743a343533),
(454, 3276, 0x69347277356539613073656e706265316e657a337263306837627562633463, 1, 0x74743a343534),
(455, 0, 0x70686f6961633968346d383432787134357370377336753231657465657131, 1, 0x74743a343535),
(456, 3336, 0x34636671696130636372756164643870616b35333269696c7a76393035696e, 1, 0x74743a343536),
(457, 3336, 0x6772376e79686830366c6d773778656a676a706b7437723833346877777135, 1, 0x74743a343537),
(458, 3470, 0x6138307a796271797273363769736b6c767733773134326e666a7036783535, 1, 0x74743a343538),
(459, 3522, 0x6d373061303566387a696a6f333635366f656833346f736c326b313772686f, 1, 0x74743a343539),
(460, 3413, 0x38666d6330696c7a7466337538746e756a35303067766d6c626b6a6361306e, 1, 0x74743a343630),
(461, 3439, 0x6e726864616635306a627037366b7a6672683978326839616d3264696b636a, 1, 0x74743a343631),
(462, 3363, 0x697076786576356974723779637231647361357a78356479623773386d7968, 1, 0x74743a343632),
(463, 3384, 0x387a6c73636f3638716832696a69327430306b6b763338387a773568677a38, 1, 0x74743a343633),
(464, 191, 0x6a36373865773978616975776572346e6b75676837333971633475666c6c7a, 1, 0x74743a343634),
(465, 3382, 0x6677703472706175776b7069656678336d69723239786f716e647032626576, 1, 0x74743a343635),
(466, 3380, 0x36337a396579716c6a63737868383162627a62706b31627a397038786e746b, 1, 0x74743a343636),
(467, 57, 0x6c71706a39676469367436637268716c6d6d766c6433326c776f6139307366, 1, 0x74743a343637),
(468, 1716, 0x706e766b70676f77706e6d666e6d327268726d31736a61706d717767697267, 1, 0x74743a343638),
(469, 3378, 0x66797364696665317064737a766d737a69627930653839786974326e613465, 1, 0x74743a343639),
(470, 0, 0x70686f6961633968346d383432787134357370377336753231657465657131, 1, 0x74743a343730),
(471, 3404, 0x366667786164356b3865793962316a347679706733646c7332796874363278, 1, 0x74743a343731),
(472, 3410, 0x6e6537676775796d7a393762776162737071676a65346b62633636306c3433, 1, 0x74743a343732);

-- --------------------------------------------------------

--
-- Tabellenstruktur für Tabelle `atheniacontent_models`
--

CREATE TABLE `atheniacontent_models` (
  `model_id` int NOT NULL,
  `model_name` varbinary(64) NOT NULL
) ENGINE=InnoDB DEFAULT CHARSET=binary;

--
-- Daten für Tabelle `atheniacontent_models`
--

INSERT INTO `atheniacontent_models` (`model_id`, `model_name`) VALUES
(2, 0x637373),
(1, 0x77696b6974657874);

-- --------------------------------------------------------

--
-- Tabellenstruktur für Tabelle `atheniaexternallinks`
--

CREATE TABLE `atheniaexternallinks` (
  `el_id` int UNSIGNED NOT NULL,
  `el_from` int UNSIGNED NOT NULL DEFAULT '0',
  `el_to_domain_index` varbinary(255) NOT NULL DEFAULT '',
  `el_to_path` blob
) ENGINE=InnoDB DEFAULT CHARSET=binary;

-- --------------------------------------------------------

--
-- Tabellenstruktur für Tabelle `atheniafilearchive`
--

CREATE TABLE `atheniafilearchive` (
  `fa_id` int UNSIGNED NOT NULL,
  `fa_name` varbinary(255) NOT NULL DEFAULT '',
  `fa_archive_name` varbinary(255) DEFAULT '',
  `fa_storage_group` varbinary(16) DEFAULT NULL,
  `fa_storage_key` varbinary(64) DEFAULT '',
  `fa_deleted_user` int DEFAULT NULL,
  `fa_deleted_timestamp` binary(14),
  `fa_deleted_reason_id` bigint UNSIGNED NOT NULL,
  `fa_size` bigint UNSIGNED DEFAULT '0',
  `fa_width` int DEFAULT '0',
  `fa_height` int DEFAULT '0',
  `fa_metadata` mediumblob,
  `fa_bits` int DEFAULT '0',
  `fa_media_type` enum('UNKNOWN','BITMAP','DRAWING','AUDIO','VIDEO','MULTIMEDIA','OFFICE','TEXT','EXECUTABLE','ARCHIVE','3D') DEFAULT NULL,
  `fa_major_mime` enum('unknown','application','audio','image','text','video','message','model','multipart','chemical') DEFAULT 'unknown',
  `fa_minor_mime` varbinary(100) DEFAULT 'unknown',
  `fa_description_id` bigint UNSIGNED NOT NULL,
  `fa_actor` bigint UNSIGNED NOT NULL,
  `fa_timestamp` binary(14),
  `fa_deleted` tinyint UNSIGNED NOT NULL DEFAULT '0',
  `fa_sha1` varbinary(32) NOT NULL DEFAULT ''
) ENGINE=InnoDB DEFAULT CHARSET=binary;

-- --------------------------------------------------------

--
-- Tabellenstruktur für Tabelle `atheniaimage`
--

CREATE TABLE `atheniaimage` (
  `img_name` varbinary(255) NOT NULL DEFAULT '',
  `img_size` bigint UNSIGNED NOT NULL DEFAULT '0',
  `img_width` int NOT NULL DEFAULT '0',
  `img_height` int NOT NULL DEFAULT '0',
  `img_metadata` mediumblob NOT NULL,
  `img_bits` int NOT NULL DEFAULT '0',
  `img_media_type` enum('UNKNOWN','BITMAP','DRAWING','AUDIO','VIDEO','MULTIMEDIA','OFFICE','TEXT','EXECUTABLE','ARCHIVE','3D') DEFAULT NULL,
  `img_major_mime` enum('unknown','application','audio','image','text','video','message','model','multipart','chemical') NOT NULL DEFAULT 'unknown',
  `img_minor_mime` varbinary(100) NOT NULL DEFAULT 'unknown',
  `img_description_id` bigint UNSIGNED NOT NULL,
  `img_actor` bigint UNSIGNED NOT NULL,
  `img_timestamp` binary(14) NOT NULL,
  `img_sha1` varbinary(32) NOT NULL DEFAULT ''
) ENGINE=InnoDB DEFAULT CHARSET=binary;

--
-- Daten für Tabelle `atheniaimage`
--

INSERT INTO `atheniaimage` (`img_name`, `img_size`, `img_width`, `img_height`, `img_metadata`, `img_bits`, `img_media_type`, `img_major_mime`, `img_minor_mime`, `img_description_id`, `img_actor`, `img_timestamp`, `img_sha1`) VALUES
(0x416c6578616e6472656465666f6e7461696e65626c65752e6a7067, 837124, 1024, 1792, 0x7b2264617461223a7b224d4544494157494b495f455849465f56455253494f4e223a327d7d, 8, 0x4249544d4150, 0x696d616765, 0x6a706567, 48, 4, 0x3230323430383233313335353537, 0x307a616a6a36646c787837383274766c3663626d6c7a7976776d3074657533),
(0x416c676f732e706e67, 2268299, 1024, 1024, 0x[BLOB], 8, 0x4249544d4150, 0x696d616765, 0x706e67, 1, 1, 0x3230323430363133303935343339, 0x3134666b70313861697569303371307a7833697363756c6277356274626f36),
(0x417468656e69612e6a7067, 6767773, 4096, 3072, 0x7b2264617461223a7b224d4544494157494b495f455849465f56455253494f4e223a327d7d, 8, 0x4249544d4150, 0x696d616765, 0x6a706567, 1, 1, 0x3230323530383235303934333136, 0x32746464776b77317a376a363162356e6236767a387a6537676a356b64386a),
(0x417468656e69615f6c6f676f2e706e67, 42393, 135, 135, 0x[BLOB], 8, 0x4249544d4150, 0x696d616765, 0x706e67, 1, 1, 0x3230323430383231313230313133, 0x357168326c6361766e63656d7465643177376930676b677762746e70796263),
(0x417567655f6d656c6bc2b4646f722c6a70672e6a706567, 354739, 1024, 1024, 0x7b2264617461223a7b224d616b65223a22496d6167652067656e657261746564206174206e657572616c2e6c6f7665222c22536f667477617265223a22496d6167652067656e657261746564206174206e657572616c2e6c6f7665222c224d4544494157494b495f455849465f56455253494f4e223a327d7d, 8, 0x4249544d4150, 0x696d616765, 0x6a706567, 1, 1, 0x3230323530333130313431303436, 0x6d376b3977693135366937783231687a7a7a33327836653238667175623765),
(0x417572656e5f53746f726d63616c6c65722e6a706567, 321843, 1024, 1024, 0x7b2264617461223a7b224d616b65223a22496d6167652067656e657261746564206174206e657572616c2e6c6f7665222c22536f667477617265223a22496d6167652067656e657261746564206174206e657572616c2e6c6f7665222c224d4544494157494b495f455849465f56455253494f4e223a327d7d, 8, 0x4249544d4150, 0x696d616765, 0x6a706567, 1, 1, 0x3230323430393033313334303534, 0x68797973357966726d716a6874336a7935776738696a6a7467383635756a61),
(0x42616e6e65725f6465725f65697365726e656e5f50666f7274656e2e6a706567, 100328, 512, 640, 0x7b2264617461223a7b224d616b65223a22496d6167652067656e657261746564206174206e657572616c2e6c6f7665222c22536f667477617265223a22496d6167652067656e657261746564206174206e657572616c2e6c6f7665222c224d4544494157494b495f455849465f56455253494f4e223a327d7d, 8, 0x4249544d4150, 0x696d616765, 0x6a706567, 1, 1, 0x3230323430343032313532363236, 0x6367753867677937736371706b66343378667a3933617563683266317a6d79),
(0x426f6c67732e6a7067, 80927, 512, 512, 0x7b2264617461223a7b224d616b65223a22496d6167652067656e657261746564206174206e657572616c2e6c6f7665222c22536f667477617265223a22496d6167652067656e657261746564206174206e657572616c2e6c6f7665222c224d4544494157494b495f455849465f56455253494f4e223a327d7d, 8, 0x4249544d4150, 0x696d616765, 0x6a706567, 1, 1, 0x3230323430333131313031303334, 0x356e6b62687735786c6731746b6c377574673569757a6235776b726e746663),
(0x426f6c67735f57617070656e2e6a706567, 90897, 512, 512, 0x7b2264617461223a7b224d616b65223a22496d6167652067656e657261746564206174206e657572616c2e6c6f7665222c22536f667477617265223a22496d6167652067656e657261746564206174206e657572616c2e6c6f7665222c224d4544494157494b495f455849465f56455253494f4e223a327d7d, 8, 0x4249544d4150, 0x696d616765, 0x6a706567, 1, 1, 0x3230323430343032313533353537, 0x726433647077357369676b7a767a77376f766365396f37383068356f327330),
(0x44655f666f6e7461696e65626c65752e6a7067, 730861, 1792, 1024, 0x7b2264617461223a7b224d4544494157494b495f455849465f56455253494f4e223a327d7d, 8, 0x4249544d4150, 0x696d616765, 0x6a706567, 44, 4, 0x3230323430383232313632383237, 0x6f666f35317a6e6a6166356d337574796a7373656a756b7863707973766e6c),
(0x45697365726e65466cc3bc67656c2e6a7067, 81678, 512, 512, 0x7b2264617461223a7b224d616b65223a22496d6167652067656e657261746564206174206e657572616c2e6c6f7665222c22536f667477617265223a22496d6167652067656e657261746564206174206e657572616c2e6c6f7665222c224d4544494157494b495f455849465f56455253494f4e223a327d7d, 8, 0x4249544d4150, 0x696d616765, 0x6a706567, 1, 1, 0x3230323430333131313030303533, 0x71746277783038717a6b6c756d3069396c3279627837767366613061677134),
(0x456c766761722e6a706567, 92385, 512, 512, 0x7b2264617461223a7b224d616b65223a22496d6167652067656e657261746564206174206e657572616c2e6c6f7665222c22536f667477617265223a22496d6167652067656e657261746564206174206e657572616c2e6c6f7665222c224d4544494157494b495f455849465f56455253494f4e223a327d7d, 8, 0x4249544d4150, 0x696d616765, 0x6a706567, 1, 1, 0x3230323430343032313533303333, 0x6d3872677177616d6833636d3532667970396263657830686f61306d767837),
(0x467563687377616c64652e6a7067, 1743025, 2048, 1536, 0x7b2264617461223a7b224d4544494157494b495f455849465f56455253494f4e223a327d7d, 8, 0x4249544d4150, 0x696d616765, 0x6a706567, 1, 1, 0x3230323430333230313332373135, 0x6838386a6c666d6c38326a39773877686376716d383233396c663831676f6a),
(0x476566c3a4687274655f6465735f676f6c64656e656e5f4c6963687465732e6a7067, 75197, 512, 512, 0x7b2264617461223a7b224d616b65223a22496d6167652067656e657261746564206174206e657572616c2e6c6f7665222c22536f667477617265223a22496d6167652067656e657261746564206174206e657572616c2e6c6f7665222c224d4544494157494b495f455849465f56455253494f4e223a327d7d, 8, 0x4249544d4150, 0x696d616765, 0x6a706567, 1, 1, 0x3230323430343234303834303034, 0x3538737773796879637a366c72656b62716c65317179716135756e38397569),
(0x476f6f64736565646f6e74686562656163682e6a7067, 534964, 1024, 1024, 0x7b2264617461223a7b224d4544494157494b495f455849465f56455253494f4e223a327d7d, 8, 0x4249544d4150, 0x696d616765, 0x6a706567, 46, 4, 0x3230323430383232323030303432, 0x7471667938347239686232326c7a68386d7767637a35306c64336531657579),
(0x476f727468616b2e6a7067, 84338, 512, 512, 0x7b2264617461223a7b224d616b65223a22496d6167652067656e657261746564206174206e657572616c2e6c6f7665222c22536f667477617265223a22496d6167652067656e657261746564206174206e657572616c2e6c6f7665222c224d4544494157494b495f455849465f56455253494f4e223a327d7d, 8, 0x4249544d4150, 0x696d616765, 0x6a706567, 1, 1, 0x3230323430333133313331393030, 0x30713176797176736264333765336e6d30777876687670676e34697a367a6f),
(0x4772756e6b2e6a7067, 81156, 512, 512, 0x7b2264617461223a7b224d616b65223a22496d6167652067656e657261746564206174206e657572616c2e6c6f7665222c22536f667477617265223a22496d6167652067656e657261746564206174206e657572616c2e6c6f7665222c224d4544494157494b495f455849465f56455253494f4e223a327d7d, 8, 0x4249544d4150, 0x696d616765, 0x6a706567, 1, 1, 0x3230323430333133313332303236, 0x35356f6c6e7a7930336a7170636f386e6a633036306635666f347a73346263),
(0x4772c3bc6d6573616e642e77656270, 271912, 1024, 1024, 0x7b2264617461223a7b22636f6d7072657373696f6e223a226c6f737379222c227769647468223a313032342c22686569676874223a313032342c226d65746164617461223a7b225f4d575f574542505f56455253494f4e223a317d7d7d, 0, 0x4249544d4150, 0x696d616765, 0x77656270, 1, 1, 0x3230323530393130313132383532, 0x36776f376a34706462617a626576767767676a7963676c756d696a6b637479),
(0x48616e6b2e706e67, 1494842, 1024, 1024, 0x7b2264617461223a7b226672616d65436f756e74223a302c226c6f6f70436f756e74223a312c226475726174696f6e223a302c226269744465707468223a382c22636f6c6f7254797065223a2274727565636f6c6f7572222c226d65746164617461223a7b225f4d575f504e475f56455253494f4e223a317d7d7d, 8, 0x4249544d4150, 0x696d616765, 0x706e67, 1, 1, 0x3230323431313139313335363132, 0x316e63776d3565646a647175707677653968366a657272396a307861727473),
(0x4b61706974c3a46e696e5f416970616a6177612e706e67, 1725828, 1024, 1024, 0x7b2264617461223a7b226672616d65436f756e74223a302c226c6f6f70436f756e74223a312c226475726174696f6e223a302c226269744465707468223a382c22636f6c6f7254797065223a2274727565636f6c6f7572222c226d65746164617461223a7b225f4d575f504e475f56455253494f4e223a317d7d7d, 8, 0x4249544d4150, 0x696d616765, 0x706e67, 1, 1, 0x3230323430383236303735353039, 0x3736666c6f726c6a6938723079746c7534316d37377577737a6864336d7473),
(0x4b756c277468617261735f49736c616e64732e6a7067, 5932982, 4096, 3072, 0x7b2264617461223a7b224d4544494157494b495f455849465f56455253494f4e223a327d7d, 8, 0x4249544d4150, 0x696d616765, 0x6a706567, 1, 1, 0x3230323430383231303930313338, 0x303630393568676b736637367a333461786b3635336f776868796635677270),
(0x4b756c74697261735f49736c616e64732e6a7067, 5910441, 4096, 3072, 0x7b2264617461223a7b224d4544494157494b495f455849465f56455253494f4e223a327d7d, 8, 0x4249544d4150, 0x696d616765, 0x6a706567, 1, 1, 0x3230323430363133303931363135, 0x3637773077326130396d727961366f6874397737656e6a6e6b61386e783165),
(0x4c6f746861725f46756368732e706e67, 2392160, 1024, 1024, 0x7b2264617461223a7b226672616d65436f756e74223a302c226c6f6f70436f756e74223a312c226475726174696f6e223a302c226269744465707468223a382c22636f6c6f7254797065223a2274727565636f6c6f7572222c226d65746164617461223a7b225f4d575f504e475f56455253494f4e223a317d7d7d, 8, 0x4249544d4150, 0x696d616765, 0x706e67, 1, 1, 0x3230323431313139313335373137, 0x64656b776c666434756d6d7a677965326b386e3067756331336f7862346161),
(0x4d6175726963655f656e72616765642e6a7067, 543010, 1024, 1024, 0x7b2264617461223a7b224d4544494157494b495f455849465f56455253494f4e223a327d7d, 8, 0x4249544d4150, 0x696d616765, 0x6a706567, 42, 4, 0x3230323430383232313631363033, 0x6268396a336b737562347a7066346c32646878763830686574346968776b6f),
(0x506f72746672616e632e4a504547, 520565, 1024, 1024, 0x7b2264617461223a7b22436f6c6f725370616365223a312c224d4544494157494b495f455849465f56455253494f4e223a327d7d, 8, 0x4249544d4150, 0x696d616765, 0x6a706567, 51, 4, 0x3230323430383233313433393231, 0x6e79756b616879626c3077366c326d7a687731376e30726f77666a76377667),
(0x5361696e2e6a7067, 1584969, 2048, 1536, 0x7b2264617461223a7b224d4544494157494b495f455849465f56455253494f4e223a327d7d, 8, 0x4249544d4150, 0x696d616765, 0x6a706567, 1, 1, 0x3230323430333132313231383339, 0x73326e776c65737964773432346d6936317a6a6f7a77733378696975757361),
(0x5361722757796e2e6a7067, 86461, 512, 512, 0x7b2264617461223a7b224d616b65223a22496d6167652067656e657261746564206174206e657572616c2e6c6f7665222c22536f667477617265223a22496d6167652067656e657261746564206174206e657572616c2e6c6f7665222c224d4544494157494b495f455849465f56455253494f4e223a327d7d, 8, 0x4249544d4150, 0x696d616765, 0x6a706567, 1, 1, 0x3230323430333131313030313137, 0x71706f7967306838626c7073656765643036646b3761773864713237746f6c),
(0x536368616c606d61312e6a7067, 76465, 512, 512, 0x7b2264617461223a7b224d616b65223a22496d6167652067656e657261746564206174206e657572616c2e6c6f7665222c22536f667477617265223a22496d6167652067656e657261746564206174206e657572616c2e6c6f7665222c224d4544494157494b495f455849465f56455253494f4e223a327d7d, 8, 0x4249544d4150, 0x696d616765, 0x6a706567, 1, 1, 0x3230323430343234303833353438, 0x6568393864786330356a6f6c343476626d3933396c303234746b6b326d6f69),
(0x537475726d66c3bcc39f6c65722e6a7067, 86720, 512, 512, 0x7b2264617461223a7b224d616b65223a22496d6167652067656e657261746564206174206e657572616c2e6c6f7665222c22536f667477617265223a22496d6167652067656e657261746564206174206e657572616c2e6c6f7665222c224d4544494157494b495f455849465f56455253494f4e223a327d7d, 8, 0x4249544d4150, 0x696d616765, 0x6a706567, 1, 1, 0x3230323430333131313030303339, 0x676a76307031646e75386c6a6b687437303076636a34626b6775626e366a6a),
(0x556d7765726c616e642e6a7067, 3163154, 3072, 2304, 0x7b2264617461223a7b224d4544494157494b495f455849465f56455253494f4e223a327d7d, 8, 0x4249544d4150, 0x696d616765, 0x6a706567, 1, 1, 0x3230323430333036313130383135, 0x3236337632786270653734337574383030616a74667a356632396c6d376774),
(0x556d7765726c616e645f54726966656c735f53746164746b617274652e706e67, 3903767, 1536, 1024, 0x7b2264617461223a7b226672616d65436f756e74223a302c226c6f6f70436f756e74223a312c226475726174696f6e223a302c226269744465707468223a382c22636f6c6f7254797065223a2274727565636f6c6f7572222c226d65746164617461223a7b225f4d575f504e475f56455253494f4e223a317d7d7d, 8, 0x4249544d4150, 0x696d616765, 0x706e67, 1, 1, 0x3230323630343233303732333238, 0x67633178346f6532347a63627a6162737635363265676d6c61773434663869),
(0x556d7765726c616e645f54726966656c735f53747261c39f656e5f766f6e5f54726966656c732e706e67, 3728820, 1536, 1024, 0x7b2264617461223a7b226672616d65436f756e74223a302c226c6f6f70436f756e74223a312c226475726174696f6e223a302c226269744465707468223a382c22636f6c6f7254797065223a2274727565636f6c6f7572222c226d65746164617461223a7b225f4d575f504e475f56455253494f4e223a317d7d7d, 8, 0x4249544d4150, 0x696d616765, 0x706e67, 1, 1, 0x3230323630343233303933313132, 0x70386865306770346a67796474316275706436783972373575343274746177),
(0x556d7765726c616e645f54726966656c735f57617070656e2e706e67, 2955344, 1254, 1254, 0x7b2264617461223a7b226672616d65436f756e74223a302c226c6f6f70436f756e74223a312c226475726174696f6e223a302c226269744465707468223a382c22636f6c6f7254797065223a2274727565636f6c6f7572222c226d65746164617461223a7b225f4d575f504e475f56455253494f4e223a317d7d7d, 8, 0x4249544d4150, 0x696d616765, 0x706e67, 1, 1, 0x3230323630343233313335303039, 0x7375357a61626a306d33376d6a78307466616d3334676367326d6467657269),
(0x566163756e646d6175726963656c6976652e6a7067, 479388, 1024, 1024, 0x7b2264617461223a7b224d4544494157494b495f455849465f56455253494f4e223a327d7d, 8, 0x4249544d4150, 0x696d616765, 0x6a706567, 1, 4, 0x3230323430383232323031343236, 0x6179713566356767616d61646262776932383169383632796e6d6d71657334),
(0x56696e63656e745f415f436f73746561755f696e5f506f72746672616e632e4a504547, 386456, 1024, 1024, 0x7b2264617461223a7b22436f6c6f725370616365223a312c224d4544494157494b495f455849465f56455253494f4e223a327d7d, 8, 0x4249544d4150, 0x696d616765, 0x6a706567, 41, 4, 0x3230323430383232313133323039, 0x6a616d6d6f37746a6e376d7034687577637a6673386775347a743579793364),
(0x56696e63656e745f415f436f73746561755f756e645f4d6175726963652e4a504547, 480634, 1024, 1024, 0x7b2264617461223a7b22436f6c6f725370616365223a312c224d4544494157494b495f455849465f56455253494f4e223a327d7d, 8, 0x4249544d4150, 0x696d616765, 0x6a706567, 40, 4, 0x3230323430383232313133303536, 0x6537306f34676d3464703168366c7237696f73707136733932716438343062),
(0x5779724e65747a7765726b2e6a7067, 78824, 512, 512, 0x7b2264617461223a7b224d616b65223a22496d6167652067656e657261746564206174206e657572616c2e6c6f7665222c22536f667477617265223a22496d6167652067656e657261746564206174206e657572616c2e6c6f7665222c224d4544494157494b495f455849465f56455253494f4e223a327d7d, 8, 0x4249544d4150, 0x696d616765, 0x6a706567, 1, 1, 0x3230323430333133313332353431, 0x683767726b756f6372726270376c3639796c35376a6174307a383974666f6b);

-- --------------------------------------------------------

--
-- Tabellenstruktur für Tabelle `atheniaimagelinks`
--

CREATE TABLE `atheniaimagelinks` (
  `il_from` int UNSIGNED NOT NULL DEFAULT '0',
  `il_to` varbinary(255) NOT NULL DEFAULT '',
  `il_from_namespace` int NOT NULL DEFAULT '0'
) ENGINE=InnoDB DEFAULT CHARSET=binary;

--
-- Daten für Tabelle `atheniaimagelinks`
--

INSERT INTO `atheniaimagelinks` (`il_from`, `il_to`, `il_from_namespace`) VALUES
(64, 0x416c6578616e6472656465666f6e7461696e65626c65752e6a7067, 0),
(49, 0x416c676f732e706e67, 0),
(2, 0x417468656e69612e6a7067, 0),
(4, 0x417468656e69612e6a7067, 0),
(2, 0x417468656e69615f6c6f676f2e706e67, 0),
(93, 0x417567655f6d656c6bc2b4646f722c6a70672e6a706567, 0),
(83, 0x417572656e5f53746f726d63616c6c65722e6a706567, 0),
(33, 0x42616e6e65725f6465725f65697365726e656e5f50666f7274656e2e6a706567, 0),
(16, 0x426f6c67732e6a7067, 0),
(16, 0x426f6c67735f57617070656e2e6a706567, 0),
(64, 0x44655f666f6e7461696e65626c65752e6a7067, 0),
(21, 0x45697365726e65466cc3bc67656c2e6a7067, 0),
(35, 0x456c766761722e6a706567, 0),
(8, 0x467563687377616c64652e6a7067, 0),
(37, 0x476566c3a4687274655f6465735f676f6c64656e656e5f4c6963687465732e6a7067, 0),
(60, 0x476f6f64736565646f6e74686562656163682e6a7067, 0),
(28, 0x476f727468616b2e6a7067, 0),
(100, 0x4772c3bc6d6573616e642e77656270, 0),
(85, 0x48616e6b2e706e67, 0),
(78, 0x4b61706974c3a46e696e5f416970616a6177612e706e67, 0),
(85, 0x4b61706974c3a46e696e5f416970616a6177612e706e67, 0),
(52, 0x4b756c277468617261735f49736c616e64732e6a7067, 0),
(85, 0x4c6f746861725f46756368732e706e67, 0),
(50, 0x4d6175726963655f656e72616765642e6a7067, 0),
(60, 0x4d6175726963655f656e72616765642e6a7067, 0),
(66, 0x506f72746672616e632e4a504547, 0),
(37, 0x536368616c606d61312e6a7067, 0),
(20, 0x537475726d66c3bcc39f6c65722e6a7067, 0),
(6, 0x556d7765726c616e642e6a7067, 0),
(156, 0x556d7765726c616e645f54726966656c735f53746164746b617274652e706e67, 0),
(156, 0x556d7765726c616e645f54726966656c735f53747261c39f656e5f766f6e5f54726966656c732e706e67, 0),
(156, 0x556d7765726c616e645f54726966656c735f57617070656e2e706e67, 0),
(60, 0x566163756e646d6175726963656c6976652e6a7067, 0),
(60, 0x56696e63656e745f415f436f73746561755f696e5f506f72746672616e632e4a504547, 0),
(60, 0x56696e63656e745f415f436f73746561755f756e645f4d6175726963652e4a504547, 0),
(54, 0x417468656e69615f6c6f676f2e706e67, 10),
(103, 0x477275656d6573616e645f77617070656e2e706e67, 10),
(151, 0x4b756c277468617261735f49736c616e64732e6a7067, 14);

-- --------------------------------------------------------

--
-- Tabellenstruktur für Tabelle `atheniainterwiki`
--

CREATE TABLE `atheniainterwiki` (
  `iw_prefix` varbinary(32) NOT NULL,
  `iw_url` blob NOT NULL,
  `iw_api` blob NOT NULL,
  `iw_wikiid` varbinary(64) NOT NULL,
  `iw_local` tinyint(1) NOT NULL,
  `iw_trans` tinyint NOT NULL DEFAULT '0'
) ENGINE=InnoDB DEFAULT CHARSET=binary;

--
-- Daten für Tabelle `atheniainterwiki`
--

INSERT INTO `atheniainterwiki` (`iw_prefix`, `iw_url`, `iw_api`, `iw_wikiid`, `iw_local`, `iw_trans`) VALUES
(0x6163726f6e796d, 0x68747470733a2f2f7777772e6163726f6e796d66696e6465722e636f6d2f7e2f7365617263682f61662e617370783f737472696e673d6578616374264163726f6e796d3d2431, '', '', 0, 0),
(0x6164766f6761746f, 0x687474703a2f2f7777772e6164766f6761746f2e6f72672f2431, '', '', 0, 0),
(0x6172786976, 0x68747470733a2f2f7777772e61727869762e6f72672f6162732f2431, '', '', 0, 0),
(0x633266696e64, 0x687474703a2f2f63322e636f6d2f6367692f77696b693f46696e64506167652676616c75653d2431, '', '', 0, 0),
(0x6361636865, 0x68747470733a2f2f7777772e676f6f676c652e636f6d2f7365617263683f713d63616368653a2431, '', '', 0, 0),
(0x636f6d6d6f6e73, 0x68747470733a2f2f636f6d6d6f6e732e77696b696d656469612e6f72672f77696b692f2431, 0x68747470733a2f2f636f6d6d6f6e732e77696b696d656469612e6f72672f772f6170692e706870, '', 0, 0),
(0x64696374696f6e617279, 0x687474703a2f2f7777772e646963742e6f72672f62696e2f446963743f44617461626173653d2a26466f726d3d44696374312653747261746567793d2a2651756572793d2431, '', '', 0, 0),
(0x646f69, 0x68747470733a2f2f64782e646f692e6f72672f2431, '', '', 0, 0),
(0x6472756d636f72707377696b69, 0x687474703a2f2f7777772e6472756d636f72707377696b692e636f6d2f2431, 0x687474703a2f2f6472756d636f72707377696b692e636f6d2f6170692e706870, '', 0, 0),
(0x64776a77696b69, 0x687474703a2f2f7777772e737562657269632e6e65742f6367692d62696e2f64776a2f77696b692e6367693f2431, '', '', 0, 0),
(0x656c69627265, 0x687474703a2f2f656e6369636c6f70656469612e75732e65732f696e6465782e7068702f2431, 0x687474703a2f2f656e6369636c6f70656469612e75732e65732f6170692e706870, '', 0, 0),
(0x656d61637377696b69, 0x68747470733a2f2f7777772e656d61637377696b692e6f72672f656d6163732f2431, '', '', 0, 0),
(0x666f6c646f63, 0x68747470733a2f2f666f6c646f632e6f72672f3f2431, '', '', 0, 0),
(0x666f7877696b69, 0x68747470733a2f2f666f782e77696b69732e636f6d2f77632e646c6c3f57696b697e2431, '', '', 0, 0),
(0x667265656273646d616e, 0x68747470733a2f2f7777772e467265654253442e6f72672f6367692f6d616e2e6367693f6170726f706f733d312671756572793d2431, '', '', 0, 0),
(0x67656e746f6f2d77696b69, 0x687474703a2f2f67656e746f6f2d77696b692e636f6d2f2431, '', '', 0, 0),
(0x676f6f676c65, 0x68747470733a2f2f7777772e676f6f676c652e636f6d2f7365617263683f713d2431, '', '', 0, 0),
(0x676f6f676c6567726f757073, 0x68747470733a2f2f67726f7570732e676f6f676c652e636f6d2f67726f7570733f713d2431, '', '', 0, 0),
(0x68616d6d6f6e6477696b69, 0x687474703a2f2f7777772e64616972696b692e6f72672f48616d6d6f6e6457696b692f2431, '', '', 0, 0),
(0x687277696b69, 0x687474703a2f2f7777772e687277696b692e6f72672f77696b692f2431, 0x687474703a2f2f7777772e687277696b692e6f72672f772f6170692e706870, '', 0, 0),
(0x696d6462, 0x687474703a2f2f7777772e696d64622e636f6d2f66696e643f713d24312674743d6f6e, '', '', 0, 0),
(0x6b6d77696b69, 0x68747470733a2f2f6b6d77696b692e77696b697370616365732e636f6d2f2431, '', '', 0, 0),
(0x6c696e757877696b69, 0x687474703a2f2f6c696e757877696b692e64652f2431, '', '', 0, 0),
(0x6c6f6a62616e, 0x68747470733a2f2f6d772e6c6f6a62616e2e6f72672f70617072692f2431, '', '', 0, 0),
(0x6c7177696b69, 0x687474703a2f2f77696b692e6c696e75787175657374696f6e732e6f72672f77696b692f2431, '', '', 0, 0),
(0x6d65617462616c6c, 0x687474703a2f2f6d65617462616c6c77696b692e6f72672f77696b692f2431, '', '', 0, 0),
(0x6d6564696177696b6977696b69, 0x68747470733a2f2f7777772e6d6564696177696b692e6f72672f77696b692f2431, 0x68747470733a2f2f7777772e6d6564696177696b692e6f72672f772f6170692e706870, '', 0, 0),
(0x6d656d6f7279616c706861, 0x687474703a2f2f656e2e6d656d6f72792d616c7068612e6f72672f77696b692f2431, 0x687474703a2f2f656e2e6d656d6f72792d616c7068612e6f72672f6170692e706870, '', 0, 0),
(0x6d65746177696b69, 0x687474703a2f2f73756e69722e6f72672f617070732f6d6574612e706c3f2431, '', '', 0, 0),
(0x6d65746177696b696d65646961, 0x68747470733a2f2f6d6574612e77696b696d656469612e6f72672f77696b692f2431, 0x68747470733a2f2f6d6574612e77696b696d656469612e6f72672f772f6170692e706870, '', 0, 0),
(0x6d6f7a696c6c6177696b69, 0x68747470733a2f2f77696b692e6d6f7a696c6c612e6f72672f2431, 0x68747470733a2f2f77696b692e6d6f7a696c6c612e6f72672f6170692e706870, '', 0, 0),
(0x6d77, 0x68747470733a2f2f7777772e6d6564696177696b692e6f72672f77696b692f2431, 0x68747470733a2f2f7777772e6d6564696177696b692e6f72672f772f6170692e706870, '', 0, 0),
(0x6f656973, 0x68747470733a2f2f6f6569732e6f72672f2431, '', '', 0, 0),
(0x6f70656e77696b69, 0x687474703a2f2f6f70656e77696b692e636f6d2f6f772e6173703f2431, '', '', 0, 0),
(0x706d6964, 0x68747470733a2f2f7777772e6e6362692e6e6c6d2e6e69682e676f762f7075626d65642f24313f646f70743d4162737472616374, '', '', 0, 0),
(0x707974686f6e696e666f, 0x68747470733a2f2f77696b692e707974686f6e2e6f72672f6d6f696e2f2431, '', '', 0, 0),
(0x726663, 0x68747470733a2f2f746f6f6c732e696574662e6f72672f68746d6c2f7266632431, '', '', 0, 0),
(0x73323377696b69, 0x687474703a2f2f7332332e6f72672f77696b692f2431, 0x687474703a2f2f7332332e6f72672f772f6170692e706870, '', 0, 0),
(0x73656174746c65776972656c657373, 0x687474703a2f2f73656174746c65776972656c6573732e6e65742f2431, '', '', 0, 0),
(0x73656e736569736c696272617279, 0x68747470733a2f2f73656e736569732e786d702e6e65742f3f2431, '', '', 0, 0),
(0x73686f757477696b69, 0x687474703a2f2f7777772e73686f757477696b692e636f6d2f77696b692f2431, 0x687474703a2f2f7777772e73686f757477696b692e636f6d2f772f6170692e706870, '', 0, 0),
(0x73717565616b, 0x687474703a2f2f77696b692e73717565616b2e6f72672f73717565616b2f2431, '', '', 0, 0),
(0x7468656f7065646961, 0x68747470733a2f2f7777772e7468656f70656469612e636f6d2f2431, '', '', 0, 0),
(0x746d6277, 0x687474703a2f2f7777772e746d62772e6e65742f77696b692f2431, 0x687474703a2f2f746d62772e6e65742f77696b692f6170692e706870, '', 0, 0),
(0x746d6e6574, 0x687474703a2f2f7777772e746563686e6f6d616e69666573746f732e6e65742f3f2431, '', '', 0, 0),
(0x7477696b69, 0x687474703a2f2f7477696b692e6f72672f6367692d62696e2f766965772f2431, '', '', 0, 0),
(0x756e6379636c6f7065646961, 0x68747470733a2f2f656e2e756e6379636c6f70656469612e636f2f77696b692f2431, 0x68747470733a2f2f656e2e756e6379636c6f70656469612e636f2f772f6170692e706870, '', 0, 0),
(0x756e7265616c, 0x68747470733a2f2f77696b692e6265796f6e64756e7265616c2e636f6d2f2431, 0x68747470733a2f2f77696b692e6265796f6e64756e7265616c2e636f6d2f772f6170692e706870, '', 0, 0),
(0x7573656d6f64, 0x687474703a2f2f7777772e7573656d6f642e636f6d2f6367692d62696e2f77696b692e706c3f2431, '', '', 0, 0),
(0x77696b69, 0x687474703a2f2f63322e636f6d2f6367692f77696b693f2431, '', '', 0, 0),
(0x77696b6961, 0x687474703a2f2f7777772e77696b69612e636f6d2f77696b692f2431, '', '', 0, 0),
(0x77696b69626f6f6b73, 0x68747470733a2f2f656e2e77696b69626f6f6b732e6f72672f77696b692f2431, 0x68747470733a2f2f656e2e77696b69626f6f6b732e6f72672f772f6170692e706870, '', 0, 0),
(0x77696b6964617461, 0x68747470733a2f2f7777772e77696b69646174612e6f72672f77696b692f2431, 0x68747470733a2f2f7777772e77696b69646174612e6f72672f772f6170692e706870, '', 0, 0),
(0x77696b696631, 0x687474703a2f2f7777772e77696b6966312e6f72672f2431, '', '', 0, 0),
(0x77696b69686f77, 0x68747470733a2f2f7777772e77696b69686f772e636f6d2f2431, 0x68747470733a2f2f7777772e77696b69686f772e636f6d2f6170692e706870, '', 0, 0),
(0x77696b696d65646961, 0x68747470733a2f2f666f756e646174696f6e2e77696b696d656469612e6f72672f77696b692f2431, 0x68747470733a2f2f666f756e646174696f6e2e77696b696d656469612e6f72672f772f6170692e706870, '', 0, 0),
(0x77696b696e657773, 0x68747470733a2f2f656e2e77696b696e6577732e6f72672f77696b692f2431, 0x68747470733a2f2f656e2e77696b696e6577732e6f72672f772f6170692e706870, '', 0, 0),
(0x77696b696e666f, 0x687474703a2f2f77696b696e666f2e636f2f456e676c6973682f696e6465782e7068702f2431, '', '', 0, 0),
(0x77696b697065646961, 0x68747470733a2f2f656e2e77696b6970656469612e6f72672f77696b692f2431, 0x68747470733a2f2f656e2e77696b6970656469612e6f72672f772f6170692e706870, '', 0, 0),
(0x77696b6971756f7465, 0x68747470733a2f2f656e2e77696b6971756f74652e6f72672f77696b692f2431, 0x68747470733a2f2f656e2e77696b6971756f74652e6f72672f772f6170692e706870, '', 0, 0),
(0x77696b69736f75726365, 0x68747470733a2f2f77696b69736f757263652e6f72672f77696b692f2431, 0x68747470733a2f2f77696b69736f757263652e6f72672f772f6170692e706870, '', 0, 0),
(0x77696b6973706563696573, 0x68747470733a2f2f737065636965732e77696b696d656469612e6f72672f77696b692f2431, 0x68747470733a2f2f737065636965732e77696b696d656469612e6f72672f772f6170692e706870, '', 0, 0),
(0x77696b6976657273697479, 0x68747470733a2f2f656e2e77696b69766572736974792e6f72672f77696b692f2431, 0x68747470733a2f2f656e2e77696b69766572736974792e6f72672f772f6170692e706870, '', 0, 0),
(0x77696b69766f79616765, 0x68747470733a2f2f656e2e77696b69766f796167652e6f72672f77696b692f2431, 0x68747470733a2f2f656e2e77696b69766f796167652e6f72672f772f6170692e706870, '', 0, 0),
(0x77696b74, 0x68747470733a2f2f656e2e77696b74696f6e6172792e6f72672f77696b692f2431, 0x68747470733a2f2f656e2e77696b74696f6e6172792e6f72672f772f6170692e706870, '', 0, 0),
(0x77696b74696f6e617279, 0x68747470733a2f2f656e2e77696b74696f6e6172792e6f72672f77696b692f2431, 0x68747470733a2f2f656e2e77696b74696f6e6172792e6f72672f772f6170692e706870, '', 0, 0);

-- --------------------------------------------------------

--
-- Tabellenstruktur für Tabelle `atheniaipblocks`
--

CREATE TABLE `atheniaipblocks` (
  `ipb_id` int UNSIGNED NOT NULL,
  `ipb_address` tinyblob NOT NULL,
  `ipb_user` int UNSIGNED NOT NULL DEFAULT '0',
  `ipb_by_actor` bigint UNSIGNED NOT NULL,
  `ipb_reason_id` bigint UNSIGNED NOT NULL,
  `ipb_timestamp` binary(14) NOT NULL,
  `ipb_auto` tinyint(1) NOT NULL DEFAULT '0',
  `ipb_anon_only` tinyint(1) NOT NULL DEFAULT '0',
  `ipb_create_account` tinyint(1) NOT NULL DEFAULT '1',
  `ipb_enable_autoblock` tinyint(1) NOT NULL DEFAULT '1',
  `ipb_expiry` varbinary(14) NOT NULL,
  `ipb_range_start` tinyblob NOT NULL,
  `ipb_range_end` tinyblob NOT NULL,
  `ipb_deleted` tinyint(1) NOT NULL DEFAULT '0',
  `ipb_block_email` tinyint(1) NOT NULL DEFAULT '0',
  `ipb_allow_usertalk` tinyint(1) NOT NULL DEFAULT '0',
  `ipb_parent_block_id` int UNSIGNED DEFAULT NULL,
  `ipb_sitewide` tinyint(1) NOT NULL DEFAULT '1'
) ENGINE=InnoDB DEFAULT CHARSET=binary;

-- --------------------------------------------------------

--
-- Tabellenstruktur für Tabelle `atheniaipblocks_restrictions`
--

CREATE TABLE `atheniaipblocks_restrictions` (
  `ir_ipb_id` int UNSIGNED NOT NULL,
  `ir_type` tinyint NOT NULL,
  `ir_value` int UNSIGNED NOT NULL
) ENGINE=InnoDB DEFAULT CHARSET=binary;

-- --------------------------------------------------------

--
-- Tabellenstruktur für Tabelle `atheniaip_changes`
--

CREATE TABLE `atheniaip_changes` (
  `ipc_rev_id` int UNSIGNED NOT NULL DEFAULT '0',
  `ipc_rev_timestamp` binary(14) NOT NULL,
  `ipc_hex` varbinary(35) NOT NULL DEFAULT ''
) ENGINE=InnoDB DEFAULT CHARSET=binary;

-- --------------------------------------------------------

--
-- Tabellenstruktur für Tabelle `atheniaiwlinks`
--

CREATE TABLE `atheniaiwlinks` (
  `iwl_from` int UNSIGNED NOT NULL DEFAULT '0',
  `iwl_prefix` varbinary(32) NOT NULL DEFAULT '',
  `iwl_title` varbinary(255) NOT NULL DEFAULT ''
) ENGINE=InnoDB DEFAULT CHARSET=binary;

-- --------------------------------------------------------

--
-- Tabellenstruktur für Tabelle `athenial10n_cache`
--

CREATE TABLE `athenial10n_cache` (
  `lc_lang` varbinary(35) NOT NULL,
  `lc_key` varbinary(255) NOT NULL,
  `lc_value` mediumblob NOT NULL
) ENGINE=InnoDB DEFAULT CHARSET=binary;

--
-- Daten für Tabelle `athenial10n_cache`
--

INSERT INTO `athenial10n_cache` (`lc_lang`, `lc_key`, `lc_value`) VALUES
(0x6465, 0x626f6f6b73746f72654c697374, 0x[BLOB]),
(0x6465, 0x636f6d70696c6564506c7572616c52756c6573, 0x613a313a7b693a303b733a31373a2269203120696e2076203020696e20616e64223b7d),
(0x6465, 0x64617465466f726d617473, 0x[BLOB]),
(0x6465, 0x64617465507265666572656e63654d6967726174696f6e4d6170, 0x613a343a7b693a303b733a373a2264656661756c74223b693a313b733a333a226d6479223b693a323b733a333a22646d79223b693a333b733a333a22796d64223b7d),
(0x6465, 0x64617465507265666572656e636573, 0x613a363a7b693a303b733a373a2264656661756c74223b693a313b733a343a22646d7974223b693a323b733a353a22646d797473223b693a333b733a333a22646d79223b693a343b733a333a22796d64223b693a353b733a383a2249534f2038363031223b7d),
(0x6465, 0x64656661756c7444617465466f726d6174, 0x733a333a22646d79223b),
(0x6465, 0x64657073, 0x[BLOB]),
(0x6465, 0x646967697447726f7570696e675061747465726e, 0x733a393a22232c2323302e232323223b),
(0x6465, 0x64696769745472616e73666f726d5461626c65, 0x4e3b),
(0x6465, 0x66616c6c6261636b, 0x623a303b),
(0x6465, 0x66616c6c6261636b38626974456e636f64696e67, 0x733a31323a2277696e646f77732d31323532223b),
(0x6465, 0x66616c6c6261636b53657175656e6365, 0x613a313a7b693a303b733a323a22656e223b7d),
(0x6465, 0x696d61676546696c6573, 0x4e3b),
(0x6465, 0x6c696e6b50726566697843686172736574, 0x733a32333a22612d7a412d5a5c787b38307d2d5c787b3130666666667d223b),
(0x6465, 0x6c696e6b507265666978457874656e73696f6e, 0x623a303b),
(0x6465, 0x6c696e6b547261696c, 0x733a32373a222f5e285bc3a4c3b6c3bcc39f612d7a5d2b29282e2a29242f734475223b);
INSERT INTO `athenial10n_cache` (`lc_lang`, `lc_key`, `lc_value`) VALUES
(0x6465, 0x6c697374, 0x[BLOB]