CREATE TABLE `athenialanglinks` (
  `ll_from` int UNSIGNED NOT NULL DEFAULT '0',
  `ll_lang` varbinary(35) NOT NULL DEFAULT '',
  `ll_title` varbinary(255) NOT NULL DEFAULT ''
) ENGINE=InnoDB DEFAULT CHARSET=binary;

-- --------------------------------------------------------

--
-- Tabellenstruktur für Tabelle `athenialinktarget`
--

CREATE TABLE `athenialinktarget` (
  `lt_id` bigint UNSIGNED NOT NULL,
  `lt_namespace` int NOT NULL,
  `lt_title` varbinary(255) NOT NULL
) ENGINE=InnoDB DEFAULT CHARSET=binary;

--
-- Daten für Tabelle `athenialinktarget`
--

INSERT INTO `athenialinktarget` (`lt_id`, `lt_namespace`, `lt_title`) VALUES
(1, 0, 0x31395f46656272756172),
(10, 0, 0x57656c743a737461656474653a73746164746e616d653a77617070656e2e706e673f313030),
(9, 4, 0x537461656474653a677275656d6573616e643a77617070656e2e706e673f313030),
(18, 10, 0x254d656e736368656e),
(35, 10, 0x4265736f6e646572655f6b756c747572656c6c655f456967656e68656974656e),
(34, 10, 0x426576c3b66c6b6572756e67736772757070656e5f756e645f56657268c3a46c746e6973),
(45, 10, 0x43617465676f7279547265653a43686172616b74657265),
(46, 10, 0x43617465676f7279547265653a47657363686963687465),
(47, 10, 0x43617465676f7279547265653a4d61676965),
(48, 10, 0x43617465676f7279547265653a4f7267616e69736174696f6e656e),
(44, 10, 0x43617465676f7279547265653a57656c74),
(27, 10, 0x446174756d),
(15, 10, 0x45696e776f686e65727a61686c),
(28, 10, 0x45726569676e6973626573636872656962756e67),
(30, 10, 0x47656f6772616669736368656e5f4d65726b6d616c656e),
(26, 10, 0x4772c3bc6e6465726e616d65),
(17, 10, 0x4772c3bc6e64756e67736a616872),
(13, 10, 0x48617570746d65726b6d616c),
(16, 10, 0x4861757074766f6c6b),
(32, 10, 0x486175707477697274736368616674737a77656967),
(21, 10, 0x4865727273636861667473666f726d),
(11, 10, 0x496e666f626f78),
(12, 10, 0x496e666f626f785f46616e746173792d5374616474),
(36, 10, 0x496e737472756d656e74652c5f5365656d616e6e736c69656465725f6574632e),
(20, 10, 0x4b6c696d61),
(19, 10, 0x4c616765626573636872656962756e67),
(6, 10, 0x4d61696e5f706167652f62726f777365),
(4, 10, 0x4d61696e5f706167652f6665617475726564),
(2, 10, 0x4d61696e5f706167652f686561646572),
(8, 10, 0x4d61696e5f706167652f6865616465722f646f63),
(5, 10, 0x4d61696e5f706167652f6c6567616379),
(3, 10, 0x4d61696e5f706167652f6e617669676174696f6e),
(7, 10, 0x4d61696e5f706167652f73657474696e6773),
(37, 10, 0x4d696c6974c3a47265696e68656974),
(42, 10, 0x4e5043),
(43, 10, 0x5175657374),
(49, 10, 0x51756f7465),
(24, 10, 0x52656c6967696f6e656e),
(14, 10, 0x5370657a69616c6973696572756e67),
(25, 10, 0x537072616368656e),
(41, 10, 0x53746164747365697465),
(22, 10, 0x53796d626f6c),
(50, 10, 0x54656d706c61746571756f7465),
(40, 10, 0x566f7268616e64656e5f2f5f766572626f74656e),
(39, 10, 0x57696368746967655f2f5f676572696e6765),
(23, 10, 0x57c3a46872756e67),
(33, 10, 0x5a2e5f422e5f4669736368657265692c5f5365696c657265692c5f4d6167696568616e64656c),
(38, 10, 0x5a2e5f422e5f4b616e6f6e656e74c3bc726d652c5f6d616769736368655f42617272696572656e),
(31, 10, 0x5a2e5f422e5f57c3a46c6465726e2c5f4b6c697070656e2c5f466c7573736cc3a47566656e),
(29, 10, 0x5a65727374c3b672756e672f4b726965672f576965646572617566626175);

-- --------------------------------------------------------

--
-- Tabellenstruktur für Tabelle `athenialogging`
--

CREATE TABLE `athenialogging` (
  `log_id` int UNSIGNED NOT NULL,
  `log_type` varbinary(32) NOT NULL DEFAULT '',
  `log_action` varbinary(32) NOT NULL DEFAULT '',
  `log_timestamp` binary(14) NOT NULL DEFAULT '19700101000000',
  `log_actor` bigint UNSIGNED NOT NULL,
  `log_namespace` int NOT NULL DEFAULT '0',
  `log_title` varbinary(255) NOT NULL DEFAULT '',
  `log_page` int UNSIGNED DEFAULT NULL,
  `log_comment_id` bigint UNSIGNED NOT NULL,
  `log_params` blob NOT NULL,
  `log_deleted` tinyint UNSIGNED NOT NULL DEFAULT '0'
) ENGINE=InnoDB DEFAULT CHARSET=binary;

--
-- Daten für Tabelle `athenialogging`
--

INSERT INTO `athenialogging` (`log_id`, `log_type`, `log_action`, `log_timestamp`, `log_actor`, `log_namespace`, `log_title`, `log_page`, `log_comment_id`, `log_params`, `log_deleted`) VALUES
(1, 0x637265617465, 0x637265617465, 0x3230323430323139313131363131, 2, 0, 0x4d61696e5f50616765, 1, 1, 0x613a313a7b733a31373a226173736f6369617465645f7265765f6964223b693a313b7d, 0),
(2, 0x637265617465, 0x637265617465, 0x3230323430323139313433343138, 1, 0, 0x48617570747365697465, 2, 2, 0x613a313a7b733a31373a226173736f6369617465645f7265765f6964223b693a323b7d, 0),
(3, 0x637265617465, 0x637265617465, 0x3230323430323231303731353336, 1, 0, 0x272727417468656e6961272727, 3, 4, 0x613a313a7b733a31373a226173736f6369617465645f7265765f6964223b693a31303b7d, 0),
(4, 0x637265617465, 0x637265617465, 0x3230323430323231303731363034, 1, 0, 0x417468656e6961, 4, 4, 0x613a313a7b733a31373a226173736f6369617465645f7265765f6964223b693a31323b7d, 0),
(5, 0x64656c657465, 0x64656c657465, 0x3230323430323231303731393432, 1, 0, 0x272727417468656e6961272727, 3, 5, 0x613a303a7b7d, 0),
(6, 0x637265617465, 0x637265617465, 0x3230323430323231303732323531, 1, 2, 0x4c6861686d616e6e, 5, 6, 0x613a313a7b733a31373a226173736f6369617465645f7265765f6964223b693a31343b7d, 0),
(7, 0x637265617465, 0x637265617465, 0x3230323430323231303732363034, 1, 0, 0x556d7765726c616e64, 6, 7, 0x613a313a7b733a31373a226173736f6369617465645f7265765f6964223b693a31353b7d, 0),
(8, 0x637265617465, 0x637265617465, 0x3230323430323231303733363130, 1, 14, 0x4cc3a46e646572, 7, 8, 0x613a313a7b733a31373a226173736f6369617465645f7265765f6964223b693a31393b7d, 0),
(9, 0x637265617465, 0x637265617465, 0x3230323430323231303934363135, 1, 0, 0x467563687377616c6465, 8, 9, 0x613a313a7b733a31373a226173736f6369617465645f7265765f6964223b693a32363b7d, 0),
(10, 0x637265617465, 0x637265617465, 0x3230323430323231303934373231, 1, 14, 0x5374c3a4647465, 9, 8, 0x613a313a7b733a31373a226173736f6369617465645f7265765f6964223b693a32383b7d, 0),
(11, 0x637265617465, 0x637265617465, 0x3230323430323231313034333134, 1, 14, 0x5374c3a46465, 10, 8, 0x613a313a7b733a31373a226173736f6369617465645f7265765f6964223b693a33313b7d, 0),
(12, 0x75706c6f6164, 0x75706c6f6164, 0x3230323430333036313130383135, 1, 6, 0x556d7765726c616e642e6a7067, 11, 1, 0x[BLOB], 0),
(13, 0x637265617465, 0x637265617465, 0x3230323430333036313130383135, 1, 6, 0x556d7765726c616e642e6a7067, 11, 1, 0x613a313a7b733a31373a226173736f6369617465645f7265765f6964223b693a33333b7d, 0),
(14, 0x75706c6f6164, 0x75706c6f6164, 0x3230323430333036313330373331, 1, 6, 0x417468656e69612e6a7067, 12, 1, 0x[BLOB], 0),
(15, 0x637265617465, 0x637265617465, 0x3230323430333036313330373331, 1, 6, 0x417468656e69612e6a7067, 12, 1, 0x613a313a7b733a31373a226173736f6369617465645f7265765f6964223b693a33363b7d, 0),
(16, 0x637265617465, 0x637265617465, 0x3230323430333036313332393231, 1, 0, 0x4469655f476573636869636874655f766f6e5f417468656e6961, 13, 10, 0x613a313a7b733a31373a226173736f6369617465645f7265765f6964223b693a33393b7d, 0),
(17, 0x637265617465, 0x637265617465, 0x3230323430333036313333363139, 1, 14, 0x546563686e69636b656e, 14, 11, 0x613a313a7b733a31373a226173736f6369617465645f7265765f6964223b693a34333b7d, 0),
(18, 0x637265617465, 0x637265617465, 0x3230323430333036313334313039, 1, 0, 0x5779725f4e65747a7765726b, 15, 12, 0x613a313a7b733a31373a226173736f6369617465645f7265765f6964223b693a34343b7d, 0),
(19, 0x637265617465, 0x637265617465, 0x3230323430333036313433373335, 1, 0, 0x426f6c6773, 16, 13, 0x613a313a7b733a31373a226173736f6369617465645f7265765f6964223b693a34393b7d, 0),
(20, 0x75706c6f6164, 0x75706c6f6164, 0x3230323430333131313030303339, 1, 6, 0x537475726d66c3bcc39f6c65722e6a7067, 17, 1, 0x[BLOB], 0),
(21, 0x637265617465, 0x637265617465, 0x3230323430333131313030303339, 1, 6, 0x537475726d66c3bcc39f6c65722e6a7067, 17, 1, 0x613a313a7b733a31373a226173736f6369617465645f7265765f6964223b693a35313b7d, 0),
(22, 0x75706c6f6164, 0x75706c6f6164, 0x3230323430333131313030303533, 1, 6, 0x45697365726e65466cc3bc67656c2e6a7067, 18, 1, 0x[BLOB], 0),
(23, 0x637265617465, 0x637265617465, 0x3230323430333131313030303533, 1, 6, 0x45697365726e65466cc3bc67656c2e6a7067, 18, 1, 0x613a313a7b733a31373a226173736f6369617465645f7265765f6964223b693a35323b7d, 0),
(24, 0x75706c6f6164, 0x75706c6f6164, 0x3230323430333131313030313137, 1, 6, 0x5361722757796e2e6a7067, 19, 1, 0x[BLOB], 0),
(25, 0x637265617465, 0x637265617465, 0x3230323430333131313030313137, 1, 6, 0x5361722757796e2e6a7067, 19, 1, 0x613a313a7b733a31373a226173736f6369617465645f7265765f6964223b693a35333b7d, 0),
(26, 0x637265617465, 0x637265617465, 0x3230323430333131313030353035, 1, 0, 0x537475726d66c3bcc39f6c6572, 20, 14, 0x613a313a7b733a31373a226173736f6369617465645f7265765f6964223b693a35353b7d, 0),
(27, 0x637265617465, 0x637265617465, 0x3230323430333131313030373037, 1, 0, 0x45697365726e656e5f466cc3bc67656c6e, 21, 15, 0x613a313a7b733a31373a226173736f6369617465645f7265765f6964223b693a35373b7d, 0),
(28, 0x75706c6f6164, 0x75706c6f6164, 0x3230323430333131313031303334, 1, 6, 0x426f6c67732e6a7067, 22, 1, 0x[BLOB], 0),
(29, 0x637265617465, 0x637265617465, 0x3230323430333131313031303334, 1, 6, 0x426f6c67732e6a7067, 22, 1, 0x613a313a7b733a31373a226173736f6369617465645f7265765f6964223b693a35383b7d, 0),
(30, 0x75706c6f6164, 0x6f7665727772697465, 0x3230323430333132313032353331, 1, 6, 0x417468656e69612e6a7067, 12, 1, 0x[BLOB], 0),
(31, 0x75706c6f6164, 0x75706c6f6164, 0x3230323430333132313034363234, 1, 6, 0x5361696e2e6a7067, 23, 1, 0x[BLOB], 0),
(32, 0x637265617465, 0x637265617465, 0x3230323430333132313034363234, 1, 6, 0x5361696e2e6a7067, 23, 1, 0x613a313a7b733a31373a226173736f6369617465645f7265765f6964223b693a36313b7d, 0),
(33, 0x75706c6f6164, 0x6f7665727772697465, 0x3230323430333132313231383339, 1, 6, 0x5361696e2e6a7067, 23, 1, 0x[BLOB], 0),
(34, 0x637265617465, 0x637265617465, 0x3230323430333132313432383435, 1, 4, 0x496d7072657373756d, 24, 18, 0x613a313a7b733a31373a226173736f6369617465645f7265765f6964223b693a36333b7d, 0),
(35, 0x75706c6f6164, 0x75706c6f6164, 0x3230323430333133313331393030, 1, 6, 0x476f727468616b2e6a7067, 25, 1, 0x[BLOB], 0),
(36, 0x637265617465, 0x637265617465, 0x3230323430333133313331393030, 1, 6, 0x476f727468616b2e6a7067, 25, 1, 0x613a313a7b733a31373a226173736f6369617465645f7265765f6964223b693a37353b7d, 0),
(37, 0x75706c6f6164, 0x75706c6f6164, 0x3230323430333133313332303236, 1, 6, 0x4772756e6b2e6a7067, 26, 1, 0x[BLOB], 0),
(38, 0x637265617465, 0x637265617465, 0x3230323430333133313332303236, 1, 6, 0x4772756e6b2e6a7067, 26, 1, 0x613a313a7b733a31373a226173736f6369617465645f7265765f6964223b693a37363b7d, 0),
(39, 0x75706c6f6164, 0x75706c6f6164, 0x3230323430333133313332353431, 1, 6, 0x5779724e65747a7765726b2e6a7067, 27, 1, 0x[BLOB], 0),
(40, 0x637265617465, 0x637265617465, 0x3230323430333133313332353431, 1, 6, 0x5779724e65747a7765726b2e6a7067, 27, 1, 0x613a313a7b733a31373a226173736f6369617465645f7265765f6964223b693a37373b7d, 0),
(41, 0x637265617465, 0x637265617465, 0x3230323430333135303833393034, 1, 0, 0x4b7269656773686572726e5f476f727468616b, 28, 19, 0x613a313a7b733a31373a226173736f6369617465645f7265765f6964223b693a37383b7d, 0),
(42, 0x637265617465, 0x637265617465, 0x3230323430333135303834363038, 1, 0, 0x566572646f7262656e655f537465707065, 29, 20, 0x613a313a7b733a31373a226173736f6369617465645f7265765f6964223b693a38303b7d, 0),
(43, 0x637265617465, 0x637265617465, 0x3230323430333135313135333037, 1, 0, 0x5265766f696c, 30, 21, 0x613a313a7b733a31373a226173736f6369617465645f7265765f6964223b693a38333b7d, 0),
(44, 0x75706c6f6164, 0x75706c6f6164, 0x3230323430333230313332373135, 1, 6, 0x467563687377616c64652e6a7067, 31, 1, 0x[BLOB], 0),
(45, 0x637265617465, 0x637265617465, 0x3230323430333230313332373135, 1, 6, 0x467563687377616c64652e6a7067, 31, 1, 0x613a313a7b733a31373a226173736f6369617465645f7265765f6964223b693a38343b7d, 0),
(46, 0x75706c6f6164, 0x75706c6f6164, 0x3230323430343032313532363236, 1, 6, 0x42616e6e65725f6465725f65697365726e656e5f50666f7274656e2e6a706567, 32, 1, 0x[BLOB], 0),
(47, 0x637265617465, 0x637265617465, 0x3230323430343032313532363236, 1, 6, 0x42616e6e65725f6465725f65697365726e656e5f50666f7274656e2e6a706567, 32, 1, 0x613a313a7b733a31373a226173736f6369617465645f7265765f6964223b693a38373b7d, 0),
(48, 0x637265617465, 0x637265617465, 0x3230323430343032313532393033, 1, 0, 0x42616e6e65725f6465725f65697365726e656e5f50666f7274656e, 33, 22, 0x613a313a7b733a31373a226173736f6369617465645f7265765f6964223b693a38383b7d, 0),
(49, 0x75706c6f6164, 0x75706c6f6164, 0x3230323430343032313533303333, 1, 6, 0x456c766761722e6a706567, 34, 1, 0x[BLOB], 0),
(50, 0x637265617465, 0x637265617465, 0x3230323430343032313533303333, 1, 6, 0x456c766761722e6a706567, 34, 1, 0x613a313a7b733a31373a226173736f6369617465645f7265765f6964223b693a38393b7d, 0),
(51, 0x637265617465, 0x637265617465, 0x3230323430343032313533313430, 1, 0, 0x456c766761725f52657075626c696b, 35, 23, 0x613a313a7b733a31373a226173736f6369617465645f7265765f6964223b693a39313b7d, 0),
(52, 0x75706c6f6164, 0x75706c6f6164, 0x3230323430343032313533353537, 1, 6, 0x426f6c67735f57617070656e2e6a706567, 36, 1, 0x[BLOB], 0),
(53, 0x637265617465, 0x637265617465, 0x3230323430343032313533353537, 1, 6, 0x426f6c67735f57617070656e2e6a706567, 36, 1, 0x613a313a7b733a31373a226173736f6369617465645f7265765f6964223b693a39323b7d, 0),
(54, 0x64656c657465, 0x64656c657465, 0x3230323430343032313533373532, 1, 6, 0x426f6c67735f57617070656e2e6a706567, 36, 24, 0x613a303a7b7d, 0),
(55, 0x64656c657465, 0x726573746f7265, 0x3230323430343032313533383434, 1, 6, 0x426f6c67735f57617070656e2e6a706567, 36, 25, 0x613a313a7b733a31323a223a6173736f633a636f756e74223b613a323a7b733a393a227265766973696f6e73223b693a313b733a353a2266696c6573223b693a303b7d7d, 0),
(56, 0x637265617465, 0x637265617465, 0x3230323430343232313330353230, 1, 0, 0x4469655f476566c3a4687274656e5f6465735f676f6c64656e656e5f4c69636874736573, 37, 26, 0x613a313a7b733a31373a226173736f6369617465645f7265765f6964223b693a39373b7d, 0),
(57, 0x637265617465, 0x637265617465, 0x3230323430343232313332323138, 1, 14, 0x52656c6967696f6e656e, 38, 8, 0x613a313a7b733a31373a226173736f6369617465645f7265765f6964223b693a3130303b7d, 0),
(58, 0x6e65777573657273, 0x6279656d61696c, 0x3230323430343233313335323537, 1, 2, 0x4c6b726173736f6c64, 0, 1, 0x613a313a7b733a393a22343a3a757365726964223b693a333b7d, 0),
(59, 0x75706c6f6164, 0x75706c6f6164, 0x3230323430343234303833353438, 1, 6, 0x536368616c606d61312e6a7067, 39, 1, 0x[BLOB], 0),
(60, 0x637265617465, 0x637265617465, 0x3230323430343234303833353438, 1, 6, 0x536368616c606d61312e6a7067, 39, 1, 0x613a313a7b733a31373a226173736f6369617465645f7265765f6964223b693a3130313b7d, 0),
(61, 0x75706c6f6164, 0x75706c6f6164, 0x3230323430343234303834303034, 1, 6, 0x476566c3a4687274655f6465735f676f6c64656e656e5f4c6963687465732e6a7067, 40, 1, 0x[BLOB], 0),
(62, 0x637265617465, 0x637265617465, 0x3230323430343234303834303034, 1, 6, 0x476566c3a4687274655f6465735f676f6c64656e656e5f4c6963687465732e6a7067, 40, 1, 0x613a313a7b733a31373a226173736f6369617465645f7265765f6964223b693a3130333b7d, 0),
(63, 0x637265617465, 0x637265617465, 0x3230323430353238313230383532, 1, 0, 0x46696e72616e64, 41, 27, 0x613a313a7b733a31373a226173736f6369617465645f7265765f6964223b693a3130353b7d, 0),
(64, 0x637265617465, 0x637265617465, 0x3230323430353238313231313436, 1, 0, 0x4b616c656e646172, 42, 28, 0x613a313a7b733a31373a226173736f6369617465645f7265765f6964223b693a3130363b7d, 0),
(65, 0x72656e616d6575736572, 0x72656e616d6575736572, 0x3230323430363034313230303033, 1, 2, 0x4c6b72617373, 0, 1, 0x613a333a7b733a31303a22343a3a6f6c6475736572223b733a363a224c6b72617373223b733a31303a22353a3a6e657775736572223b733a393a224c6b726173736f6c64223b733a383a22363a3a6564697473223b693a303b7d, 0),
(66, 0x6e65777573657273, 0x63726561746532, 0x3230323430363034313230303339, 1, 2, 0x53757072656d654b757274, 0, 1, 0x613a313a7b733a393a22343a3a757365726964223b693a343b7d, 0),
(67, 0x637265617465, 0x637265617465, 0x3230323430363034313230313339, 4, 0, 0x4465696e655f4d75646461, 43, 29, 0x613a313a7b733a31373a226173736f6369617465645f7265765f6964223b693a3130393b7d, 0),
(68, 0x64656c657465, 0x64656c657465, 0x3230323430363034313230313538, 1, 0, 0x4465696e655f4d75646461, 43, 30, 0x613a303a7b7d, 0),
(69, 0x637265617465, 0x637265617465, 0x3230323430363034313235313439, 1, 0, 0x4572737465735f416e6b6f6d6d656e5f696e5f417468656e6961, 44, 31, 0x613a313a7b733a31373a226173736f6369617465645f7265765f6964223b693a3131353b7d, 0),
(70, 0x637265617465, 0x637265617465, 0x3230323430363133303835303336, 1, 0, 0x436173636164656e5f44756e67656f6e, 45, 32, 0x613a313a7b733a31373a226173736f6369617465645f7265765f6964223b693a3131373b7d, 0),
(71, 0x75706c6f6164, 0x6f7665727772697465, 0x3230323430363133303931333332, 1, 6, 0x417468656e69612e6a7067, 12, 1, 0x[BLOB], 0),
(72, 0x75706c6f6164, 0x75706c6f6164, 0x3230323430363133303931363135, 1, 6, 0x4b756c74697261735f49736c616e64732e6a7067, 46, 1, 0x[BLOB], 0),
(73, 0x637265617465, 0x637265617465, 0x3230323430363133303931363135, 1, 6, 0x4b756c74697261735f49736c616e64732e6a7067, 46, 1, 0x613a313a7b733a31373a226173736f6369617465645f7265765f6964223b693a3131393b7d, 0),
(74, 0x637265617465, 0x637265617465, 0x3230323430363133303931383130, 1, 0, 0x44616e64656c696f6e5f43686170656c, 47, 33, 0x613a313a7b733a31373a226173736f6369617465645f7265765f6964223b693a3132303b7d, 0),
(75, 0x75706c6f6164, 0x75706c6f6164, 0x3230323430363133303935343339, 1, 6, 0x416c676f732e706e67, 48, 1, 0x[BLOB], 0),
(76, 0x637265617465, 0x637265617465, 0x3230323430363133303935343339, 1, 6, 0x416c676f732e706e67, 48, 1, 0x613a313a7b733a31373a226173736f6369617465645f7265765f6964223b693a3132323b7d, 0),
(77, 0x637265617465, 0x637265617465, 0x3230323430363133313030323336, 1, 0, 0x5361722757796e, 49, 34, 0x613a313a7b733a31373a226173736f6369617465645f7265765f6964223b693a3132333b7d, 0),
(78, 0x637265617465, 0x637265617465, 0x3230323430373034313132383531, 1, 0, 0x546170696666, 50, 35, 0x613a313a7b733a31373a226173736f6369617465645f7265765f6964223b693a3133323b7d, 0),
(79, 0x64656c657465, 0x64656c657465, 0x3230323430383132313235373334, 1, 14, 0x5374c3a46465, 10, 24, 0x613a303a7b7d, 0),
(80, 0x64656c657465, 0x64656c657465, 0x3230323430383132313235373339, 1, 14, 0x5374c3a4647465, 9, 24, 0x613a303a7b7d, 0),
(81, 0x64656c657465, 0x64656c657465, 0x3230323430383132313235393433, 1, 14, 0x52656c6967696f6e656e, 38, 24, 0x613a303a7b7d, 0),
(82, 0x64656c657465, 0x64656c657465, 0x3230323430383132313330313435, 1, 14, 0x4cc3a46e646572, 7, 24, 0x613a303a7b7d, 0),
(83, 0x64656c657465, 0x64656c657465, 0x3230323430383132313330333135, 1, 14, 0x546563686e69636b656e, 14, 36, 0x613a303a7b7d, 0),
(84, 0x75706c6f6164, 0x75706c6f6164, 0x3230323430383231303930313338, 1, 6, 0x4b756c277468617261735f49736c616e64732e6a7067, 51, 1, 0x[BLOB], 0),
(85, 0x637265617465, 0x637265617465, 0x3230323430383231303930313338, 1, 6, 0x4b756c277468617261735f49736c616e64732e6a7067, 51, 1, 0x613a313a7b733a31373a226173736f6369617465645f7265765f6964223b693a3134373b7d, 0),
(86, 0x637265617465, 0x637265617465, 0x3230323430383231303930333433, 1, 0, 0x4b756c277468617261735f49736c616e6473, 52, 37, 0x613a313a7b733a31373a226173736f6369617465645f7265765f6964223b693a3134383b7d, 0),
(87, 0x75706c6f6164, 0x75706c6f6164, 0x3230323430383231313230313133, 1, 6, 0x417468656e69615f6c6f676f2e706e67, 53, 1, 0x[BLOB], 0),
(88, 0x637265617465, 0x637265617465, 0x3230323430383231313230313133, 1, 6, 0x417468656e69615f6c6f676f2e706e67, 53, 1, 0x613a313a7b733a31373a226173736f6369617465645f7265765f6964223b693a3135383b7d, 0),
(89, 0x637265617465, 0x637265617465, 0x3230323430383231313230323033, 1, 10, 0x4d61696e5f706167652f686561646572, 54, 39, 0x613a313a7b733a31373a226173736f6369617465645f7265765f6964223b693a3135393b7d, 0),
(90, 0x75706c6f6164, 0x75706c6f6164, 0x3230323430383232313133303536, 4, 6, 0x56696e63656e745f415f436f73746561755f756e645f4d6175726963652e4a504547, 55, 40, 0x[BLOB], 0),
(91, 0x637265617465, 0x637265617465, 0x3230323430383232313133303536, 4, 6, 0x56696e63656e745f415f436f73746561755f756e645f4d6175726963652e4a504547, 55, 40, 0x613a313a7b733a31373a226173736f6369617465645f7265765f6964223b693a3136383b7d, 0),
(92, 0x75706c6f6164, 0x75706c6f6164, 0x3230323430383232313133323039, 4, 6, 0x56696e63656e745f415f436f73746561755f696e5f506f72746672616e632e4a504547, 56, 41, 0x[BLOB], 0),
(93, 0x637265617465, 0x637265617465, 0x3230323430383232313133323039, 4, 6, 0x56696e63656e745f415f436f73746561755f696e5f506f72746672616e632e4a504547, 56, 41, 0x613a313a7b733a31373a226173736f6369617465645f7265765f6964223b693a3136393b7d, 0),
(94, 0x75706c6f6164, 0x75706c6f6164, 0x3230323430383232313631363033, 4, 6, 0x4d6175726963655f656e72616765642e6a7067, 57, 42, 0x[BLOB], 0),
(95, 0x637265617465, 0x637265617465, 0x3230323430383232313631363033, 4, 6, 0x4d6175726963655f656e72616765642e6a7067, 57, 42, 0x613a313a7b733a31373a226173736f6369617465645f7265765f6964223b693a3137303b7d, 0),
(96, 0x637265617465, 0x637265617465, 0x3230323430383232313631393036, 4, 2, 0x53757072656d654b757274, 58, 43, 0x613a313a7b733a31373a226173736f6369617465645f7265765f6964223b693a3137313b7d, 0),
(97, 0x75706c6f6164, 0x75706c6f6164, 0x3230323430383232313632383237, 4, 6, 0x44655f666f6e7461696e65626c65752e6a7067, 59, 44, 0x[BLOB], 0),
(98, 0x637265617465, 0x637265617465, 0x3230323430383232313632383237, 4, 6, 0x44655f666f6e7461696e65626c65752e6a7067, 59, 44, 0x613a313a7b733a31373a226173736f6369617465645f7265765f6964223b693a3137323b7d, 0),
(99, 0x637265617465, 0x637265617465, 0x3230323430383232313832333134, 4, 0, 0x56696e63656e745f416c6578616e6472655f436f7374656175, 60, 45, 0x613a313a7b733a31373a226173736f6369617465645f7265765f6964223b693a3137343b7d, 0),
(100, 0x75706c6f6164, 0x75706c6f6164, 0x3230323430383232323030303432, 4, 6, 0x476f6f64736565646f6e74686562656163682e6a7067, 61, 46, 0x[BLOB], 0),
(101, 0x637265617465, 0x637265617465, 0x3230323430383232323030303432, 4, 6, 0x476f6f64736565646f6e74686562656163682e6a7067, 61, 46, 0x613a313a7b733a31373a226173736f6369617465645f7265765f6964223b693a3137353b7d, 0),
(102, 0x75706c6f6164, 0x75706c6f6164, 0x3230323430383232323031343236, 4, 6, 0x566163756e646d6175726963656c6976652e6a7067, 62, 1, 0x[BLOB], 0),
(103, 0x637265617465, 0x637265617465, 0x3230323430383232323031343236, 4, 6, 0x566163756e646d6175726963656c6976652e6a7067, 62, 1, 0x613a313a7b733a31373a226173736f6369617465645f7265765f6964223b693a3137393b7d, 0),
(104, 0x75706c6f6164, 0x75706c6f6164, 0x3230323430383233313335353537, 4, 6, 0x416c6578616e6472656465666f6e7461696e65626c65752e6a7067, 63, 48, 0x[BLOB], 0),
(105, 0x637265617465, 0x637265617465, 0x3230323430383233313335353537, 4, 6, 0x416c6578616e6472656465666f6e7461696e65626c65752e6a7067, 63, 48, 0x613a313a7b733a31373a226173736f6369617465645f7265765f6964223b693a3138323b7d, 0),
(106, 0x637265617465, 0x637265617465, 0x3230323430383233313433353034, 4, 0, 0x416c6578616e6472655f4a6163717565735f436f7374656175, 64, 50, 0x613a313a7b733a31373a226173736f6369617465645f7265765f6964223b693a3138343b7d, 0),
(107, 0x75706c6f6164, 0x75706c6f6164, 0x3230323430383233313433393231, 4, 6, 0x506f72746672616e632e4a504547, 65, 51, 0x[BLOB], 0),
(108, 0x637265617465, 0x637265617465, 0x3230323430383233313433393231, 4, 6, 0x506f72746672616e632e4a504547, 65, 51, 0x613a313a7b733a31373a226173736f6369617465645f7265765f6964223b693a3138353b7d, 0),
(109, 0x637265617465, 0x637265617465, 0x3230323430383233313434313336, 4, 0, 0x506f72746672616e635f284d61726b6772616673636861667429, 66, 52, 0x613a313a7b733a31373a226173736f6369617465645f7265765f6964223b693a3138363b7d, 0),
(110, 0x637265617465, 0x637265617465, 0x3230323430383233313434363336, 4, 0, 0x4465725f4cc3b677655f766f6e5f43616e617468, 67, 54, 0x613a313a7b733a31373a226173736f6369617465645f7265765f6964223b693a3138383b7d, 0),
(111, 0x637265617465, 0x637265617465, 0x3230323430383235303033333334, 1, 0, 0x4172616d656e67656269726765, 68, 55, 0x613a313a7b733a31373a226173736f6369617465645f7265765f6964223b693a3139373b7d, 0),
(112, 0x637265617465, 0x637265617465, 0x3230323430383235303033383535, 1, 14, 0x436974696573, 69, 8, 0x613a313a7b733a31373a226173736f6369617465645f7265765f6964223b693a3230313b7d, 0),
(113, 0x637265617465, 0x637265617465, 0x3230323430383235303033393430, 1, 14, 0x4d6f756e7461696e73, 70, 8, 0x613a313a7b733a31373a226173736f6369617465645f7265765f6964223b693a3230323b7d, 0),
(114, 0x637265617465, 0x637265617465, 0x3230323430383235303033393436, 1, 14, 0x4e6174696f6e73, 71, 8, 0x613a313a7b733a31373a226173736f6369617465645f7265765f6964223b693a3230333b7d, 0),
(115, 0x637265617465, 0x637265617465, 0x3230323430383235303033393532, 1, 14, 0x506572736f6e73, 72, 8, 0x613a313a7b733a31373a226173736f6369617465645f7265765f6964223b693a3230343b7d, 0),
(116, 0x637265617465, 0x637265617465, 0x3230323430383235303033393537, 1, 14, 0x5261636573, 73, 8, 0x613a313a7b733a31373a226173736f6369617465645f7265765f6964223b693a3230353b7d, 0),
(117, 0x637265617465, 0x637265617465, 0x3230323430383235303034303033, 1, 14, 0x526567696f6e73, 74, 8, 0x613a313a7b733a31373a226173736f6369617465645f7265765f6964223b693a3230363b7d, 0),
(118, 0x637265617465, 0x637265617465, 0x3230323430383235303034303038, 1, 14, 0x52656c6967696f6e73, 75, 8, 0x613a313a7b733a31373a226173736f6369617465645f7265765f6964223b693a3230373b7d, 0),
(119, 0x637265617465, 0x637265617465, 0x3230323430383235303034303135, 1, 14, 0x546563686e6971756573, 76, 8, 0x613a313a7b733a31373a226173736f6369617465645f7265765f6964223b693a3230383b7d, 0),
(120, 0x75706c6f6164, 0x75706c6f6164, 0x3230323430383236303735353039, 1, 6, 0x4b61706974c3a46e696e5f416970616a6177612e706e67, 77, 1, 0x[BLOB], 0),
(121, 0x637265617465, 0x637265617465, 0x3230323430383236303735353039, 1, 6, 0x4b61706974c3a46e696e5f416970616a6177612e706e67, 77, 1, 0x613a313a7b733a31373a226173736f6369617465645f7265765f6964223b693a3231313b7d, 0),
(122, 0x637265617465, 0x637265617465, 0x3230323430383236303735363131, 1, 0, 0x4b61706974c3a46e5f416970616a617761, 78, 56, 0x613a313a7b733a31373a226173736f6369617465645f7265765f6964223b693a3231323b7d, 0),
(123, 0x6d6f7665, 0x6d6f7665, 0x3230323430383236303933383138, 1, 0, 0x46696e72616e64, 41, 58, 0x613a333a7b733a393a22343a3a746172676574223b733a33323a2246696e72616e642064657220456e746465636b6572202d205461676562756368223b733a31303a22353a3a6e6f7265646972223b733a313a2230223b733a31373a226173736f6369617465645f7265765f6964223b693a3232313b7d, 0),
(124, 0x637265617465, 0x637265617465, 0x3230323430383237303931313434, 1, 0, 0x43616e617468, 80, 60, 0x613a313a7b733a31373a226173736f6369617465645f7265765f6964223b693a3232373b7d, 0),
(125, 0x637265617465, 0x637265617465, 0x3230323430383238303830353336, 1, 0, 0x536f6e5f6f665f5374726f6d73, 81, 61, 0x613a313a7b733a31373a226173736f6369617465645f7265765f6964223b693a3232383b7d, 0),
(126, 0x75706c6f6164, 0x75706c6f6164, 0x3230323430393033313334303534, 1, 6, 0x417572656e5f53746f726d63616c6c65722e6a706567, 82, 1, 0x[BLOB], 0),
(127, 0x637265617465, 0x637265617465, 0x3230323430393033313334303534, 1, 6, 0x417572656e5f53746f726d63616c6c65722e6a706567, 82, 1, 0x613a313a7b733a31373a226173736f6369617465645f7265765f6964223b693a3233303b7d, 0),
(128, 0x637265617465, 0x637265617465, 0x3230323430393033313334313232, 1, 0, 0x417572656e5f53746f726d63616c6c6572, 83, 62, 0x613a313a7b733a31373a226173736f6369617465645f7265765f6964223b693a3233313b7d, 0),
(129, 0x637265617465, 0x637265617465, 0x3230323430393138313233373034, 1, 0, 0x4761726574685f57696e64626c616465, 84, 63, 0x613a313a7b733a31373a226173736f6369617465645f7265765f6964223b693a3233393b7d, 0),
(130, 0x75706c6f6164, 0x6f7665727772697465, 0x3230323430393234303930393230, 1, 6, 0x417468656e69612e6a7067, 12, 1, 0x[BLOB], 0),
(131, 0x637265617465, 0x637265617465, 0x3230323431313138313334353330, 1, 0, 0x45696e737465696765725f4162656e74657565723a5f4465725f45696e666c7573735f6465735f4b72616b656e, 85, 64, 0x613a313a7b733a31373a226173736f6369617465645f7265765f6964223b693a3234333b7d, 0),
(132, 0x637265617465, 0x637265617465, 0x3230323431313138313430323138, 1, 0, 0x4b61706974c3a46e696e5f416970616a617761, 86, 65, 0x613a313a7b733a31373a226173736f6369617465645f7265765f6964223b693a3234383b7d, 0),
(133, 0x75706c6f6164, 0x75706c6f6164, 0x3230323431313139313335363132, 1, 6, 0x48616e6b2e706e67, 87, 1, 0x[BLOB], 0),
(134, 0x637265617465, 0x637265617465, 0x3230323431313139313335363132, 1, 6, 0x48616e6b2e706e67, 87, 1, 0x613a313a7b733a31373a226173736f6369617465645f7265765f6964223b693a3236343b7d, 0),
(135, 0x75706c6f6164, 0x75706c6f6164, 0x3230323431313139313335373137, 1, 6, 0x4c6f746861725f46756368732e706e67, 88, 1, 0x[BLOB], 0),
(136, 0x637265617465, 0x637265617465, 0x3230323431313139313335373137, 1, 6, 0x4c6f746861725f46756368732e706e67, 88, 1, 0x613a313a7b733a31373a226173736f6369617465645f7265765f6964223b693a3236363b7d, 0),
(137, 0x637265617465, 0x637265617465, 0x3230323431323136313331313538, 1, 0, 0x54686f726761725f4772756d6265617264, 89, 66, 0x613a313a7b733a31373a226173736f6369617465645f7265765f6964223b693a3239333b7d, 0),
(138, 0x637265617465, 0x637265617465, 0x3230323530323131313533373536, 1, 0, 0x476f726e6f6e5f46616c67, 90, 67, 0x613a313a7b733a31373a226173736f6369617465645f7265765f6964223b693a3330363b7d, 0),
(139, 0x637265617465, 0x637265617465, 0x3230323530323138303931363339, 1, 8, 0x436974697a656e2d666f6f7465722d64657363, 91, 68, 0x613a313a7b733a31373a226173736f6369617465645f7265765f6964223b693a3331313b7d, 0),
(140, 0x75706c6f6164, 0x6f7665727772697465, 0x3230323530323138303935333537, 1, 6, 0x417468656e69612e6a7067, 12, 1, 0x[BLOB], 0),
(141, 0x637265617465, 0x637265617465, 0x3230323530323138313032333535, 1, 8, 0x436974697a656e2d666f6f7465722d7461676c696e65, 92, 8, 0x613a313a7b733a31373a226173736f6369617465645f7265765f6964223b693a3331343b7d, 0),
(142, 0x637265617465, 0x637265617465, 0x3230323530333130313332323039, 1, 0, 0x4461735f417567655f6465735f4d616c6bc2b4646f72, 93, 69, 0x613a313a7b733a31373a226173736f6369617465645f7265765f6964223b693a3331363b7d, 0),
(143, 0x75706c6f6164, 0x75706c6f6164, 0x3230323530333130313431303436, 1, 6, 0x417567655f6d656c6bc2b4646f722c6a70672e6a706567, 94, 1, 0x[BLOB], 0),
(144, 0x637265617465, 0x637265617465, 0x3230323530333130313431303436, 1, 6, 0x417567655f6d656c6bc2b4646f722c6a70672e6a706567, 94, 1, 0x613a313a7b733a31373a226173736f6369617465645f7265765f6964223b693a3331393b7d, 0),
(145, 0x637265617465, 0x637265617465, 0x3230323530333131313030313337, 1, 0, 0x4465725f537475726d5f6465725f74617573656e645f42616e6e6572, 95, 70, 0x613a313a7b733a31373a226173736f6369617465645f7265765f6964223b693a3332343b7d, 0),
(146, 0x637265617465, 0x637265617465, 0x3230323530333132313033333230, 1, 0, 0x48616c626c696e67, 96, 71, 0x613a313a7b733a31373a226173736f6369617465645f7265765f6964223b693a3332383b7d, 0),
(147, 0x637265617465, 0x637265617465, 0x3230323530333132313034363133, 1, 0, 0xc39c626572626c69636b, 97, 72, 0x613a313a7b733a31373a226173736f6369617465645f7265765f6964223b693a3332393b7d, 0),
(148, 0x637265617465, 0x637265617465, 0x3230323530333132313034383433, 1, 0, 0x546879726578, 98, 73, 0x613a313a7b733a31373a226173736f6369617465645f7265765f6964223b693a3333303b7d, 0),
(149, 0x637265617465, 0x637265617465, 0x3230323530383134313231343438, 1, 0, 0x5363687761727a655f4879647261, 99, 74, 0x613a313a7b733a31373a226173736f6369617465645f7265765f6964223b693a3333343b7d, 0),
(150, 0x75706c6f6164, 0x6f7665727772697465, 0x3230323530383235303934333136, 1, 6, 0x417468656e69612e6a7067, 12, 1, 0x[BLOB], 0),
(151, 0x637265617465, 0x637265617465, 0x3230323530393130303634353537, 1, 0, 0x4772c3bc6d6573616e64, 100, 75, 0x613a313a7b733a31373a226173736f6369617465645f7265765f6964223b693a3333393b7d, 0),
(152, 0x637265617465, 0x637265617465, 0x3230323530393130303734383038, 1, 10, 0x496e666f626f785f46616e746173792d5374616474, 101, 76, 0x613a313a7b733a31373a226173736f6369617465645f7265765f6964223b693a3334343b7d, 0),
(153, 0x637265617465, 0x637265617465, 0x3230323530393130303734383330, 1, 10, 0x496e666f626f78, 102, 76, 0x613a313a7b733a31373a226173736f6369617465645f7265765f6964223b693a3334363b7d, 0),
(154, 0x64656c657465, 0x64656c657465, 0x3230323530393130303734393030, 1, 10, 0x496e666f626f78, 102, 77, 0x613a303a7b7d, 0),
(155, 0x64656c657465, 0x64656c657465, 0x3230323530393130303734393036, 1, 10, 0x496e666f626f785f46616e746173792d5374616474, 101, 77, 0x613a303a7b7d, 0),
(156, 0x637265617465, 0x637265617465, 0x3230323530393130303734393238, 1, 10, 0x496e666f626f785f46616e746173792d5374616474, 103, 76, 0x613a313a7b733a31373a226173736f6369617465645f7265765f6964223b693a3334373b7d, 0),
(157, 0x637265617465, 0x637265617465, 0x3230323530393130303735323439, 1, 8, 0x436f6d6d6f6e2e637373, 104, 78, 0x613a313a7b733a31373a226173736f6369617465645f7265765f6964223b693a3334393b7d, 0),
(158, 0x75706c6f6164, 0x75706c6f6164, 0x3230323530393130313132383532, 1, 6, 0x4772c3bc6d6573616e642e77656270, 105, 1, 0x[BLOB], 0),
(159, 0x637265617465, 0x637265617465, 0x3230323530393130313132383532, 1, 6, 0x4772c3bc6d6573616e642e77656270, 105, 1, 0x613a313a7b733a31373a226173736f6369617465645f7265765f6964223b693a3335303b7d, 0),
(160, 0x637265617465, 0x637265617465, 0x3230323530393130313135373435, 1, 0, 0x5374616474766f726c6167655f2846616e746173792d57656c7429, 106, 79, 0x613a313a7b733a31373a226173736f6369617465645f7265765f6964223b693a3335343b7d, 0),
(161, 0x637265617465, 0x637265617465, 0x3230323530393130313230323431, 1, 10, 0x53746164747365697465, 107, 80, 0x613a313a7b733a31373a226173736f6369617465645f7265765f6964223b693a3335363b7d, 0),
(162, 0x637265617465, 0x637265617465, 0x3230323530393130313231363037, 1, 0, 0x54657374, 108, 81, 0x613a313a7b733a31373a226173736f6369617465645f7265765f6964223b693a3336333b7d, 0),
(163, 0x64656c657465, 0x64656c657465, 0x3230323530393130313431313532, 1, 0, 0x54657374, 108, 82, 0x613a303a7b7d, 0),
(164, 0x637265617465, 0x637265617465, 0x3230323531303233313333393439, 1, 0, 0x416b745f313a5f5363687765737465726e6c69656265, 109, 83, 0x613a313a7b733a31373a226173736f6369617465645f7265765f6964223b693a3336373b7d, 0),
(165, 0x637265617465, 0x637265617465, 0x3230323531313036313535323439, 1, 8, 0x53696465626172, 110, 84, 0x613a313a7b733a31373a226173736f6369617465645f7265765f6964223b693a3337363b7d, 0),
(166, 0x637265617465, 0x637265617465, 0x3230323531323237313534323235, 1, 0, 0x56c3b66c6b6572, 111, 86, 0x613a313a7b733a31373a226173736f6369617465645f7265765f6964223b693a3338373b7d, 0),
(167, 0x637265617465, 0x637265617465, 0x3230323531323237313535353037, 1, 0, 0x5a7765726765, 112, 87, 0x613a313a7b733a31373a226173736f6369617465645f7265765f6964223b693a3338393b7d, 0),
(168, 0x637265617465, 0x637265617465, 0x3230323630343230303730333130, 1, 14, 0x43686172616b74657265, 113, 88, 0x613a313a7b733a31373a226173736f6369617465645f7265765f6964223b693a3339323b7d, 0),
(169, 0x637265617465, 0x637265617465, 0x3230323630343230303730333438, 1, 10, 0x43686172616b746572, 114, 89, 0x613a313a7b733a31373a226173736f6369617465645f7265765f6964223b693a3339333b7d, 0),
(170, 0x637265617465, 0x637265617465, 0x3230323630343230303730343336, 1, 0, 0x506f7274616c3a43686172616b74657265, 115, 90, 0x613a313a7b733a31373a226173736f6369617465645f7265765f6964223b693a3339353b7d, 0),
(171, 0x637265617465, 0x637265617465, 0x3230323630343230303730363030, 1, 14, 0x57656c74, 116, 8, 0x613a313a7b733a31373a226173736f6369617465645f7265765f6964223b693a3339363b7d, 0),
(172, 0x637265617465, 0x637265617465, 0x3230323630343230303730363137, 1, 14, 0x56c3b66c6b6572, 117, 8, 0x613a313a7b733a31373a226173736f6369617465645f7265765f6964223b693a3339373b7d, 0),
(173, 0x637265617465, 0x637265617465, 0x3230323630343230303730363237, 1, 14, 0x4f727465, 118, 8, 0x613a313a7b733a31373a226173736f6369617465645f7265765f6964223b693a3339383b7d, 0),
(174, 0x637265617465, 0x637265617465, 0x3230323630343230303730363335, 1, 14, 0x47657363686963687465, 119, 8, 0x613a313a7b733a31373a226173736f6369617465645f7265765f6964223b693a3339393b7d, 0),
(175, 0x637265617465, 0x637265617465, 0x3230323630343230303730363436, 1, 14, 0x4d61676965, 120, 8, 0x613a313a7b733a31373a226173736f6369617465645f7265765f6964223b693a3430303b7d, 0),
(176, 0x637265617465, 0x637265617465, 0x3230323630343230303730363537, 1, 14, 0x4f7267616e69736174696f6e656e, 121, 8, 0x613a313a7b733a31373a226173736f6369617465645f7265765f6964223b693a3430313b7d, 0),
(177, 0x637265617465, 0x637265617465, 0x3230323630343230303730373036, 1, 14, 0x4b756c747572, 122, 8, 0x613a313a7b733a31373a226173736f6369617465645f7265765f6964223b693a3430323b7d, 0),
(178, 0x637265617465, 0x637265617465, 0x3230323630343230303730373136, 1, 14, 0x546563686e6f6c6f676965, 123, 8, 0x613a313a7b733a31373a226173736f6369617465645f7265765f6964223b693a3430333b7d, 0),
(179, 0x637265617465, 0x637265617465, 0x3230323630343230303730373234, 1, 14, 0x4172746566616b7465, 124, 8, 0x613a313a7b733a31373a226173736f6369617465645f7265765f6964223b693a3430343b7d, 0),
(180, 0x637265617465, 0x637265617465, 0x3230323630343230303730383339, 1, 14, 0x4b6f6e74696e656e7465, 125, 91, 0x613a313a7b733a31373a226173736f6369617465645f7265765f6964223b693a3430353b7d, 0),
(181, 0x637265617465, 0x637265617465, 0x3230323630343230303730383538, 1, 14, 0x526567696f6e656e, 126, 91, 0x613a313a7b733a31373a226173736f6369617465645f7265765f6964223b693a3430363b7d, 0),
(182, 0x637265617465, 0x637265617465, 0x3230323630343230303730393138, 1, 14, 0x5374c3a4647465, 127, 92, 0x613a313a7b733a31373a226173736f6369617465645f7265765f6964223b693a3430373b7d, 0),
(183, 0x637265617465, 0x637265617465, 0x3230323630343230303730393337, 1, 14, 0x486175707463686172616b74657265, 128, 93, 0x613a313a7b733a31373a226173736f6369617465645f7265765f6964223b693a3430383b7d, 0),
(184, 0x637265617465, 0x637265617465, 0x3230323630343230303730393532, 1, 14, 0x4e6562656e63686172616b74657265, 129, 93, 0x613a313a7b733a31373a226173736f6369617465645f7265765f6964223b693a3430393b7d, 0),
(185, 0x637265617465, 0x637265617465, 0x3230323630343230303731303037, 1, 14, 0x4b7269656765, 130, 94, 0x613a313a7b733a31373a226173736f6369617465645f7265765f6964223b693a3431303b7d, 0),
(186, 0x637265617465, 0x637265617465, 0x3230323630343230303731303231, 1, 14, 0x45726569676e69737365, 131, 94, 0x613a313a7b733a31373a226173736f6369617465645f7265765f6964223b693a3431313b7d, 0),
(187, 0x637265617465, 0x637265617465, 0x3230323630343230303731303433, 1, 14, 0x47c3b674746572, 132, 95, 0x613a313a7b733a31373a226173736f6369617465645f7265765f6964223b693a3431323b7d, 0),
(188, 0x637265617465, 0x637265617465, 0x3230323630343230303731313038, 1, 14, 0x52656c6967696f6e, 133, 95, 0x613a313a7b733a31373a226173736f6369617465645f7265765f6964223b693a3431333b7d, 0),
(189, 0x637265617465, 0x637265617465, 0x3230323630343230303731313232, 1, 14, 0x4d6167696573797374656d65, 134, 96, 0x613a313a7b733a31373a226173736f6369617465645f7265765f6964223b693a3431343b7d, 0),
(190, 0x637265617465, 0x637265617465, 0x3230323630343230303731313335, 1, 14, 0x5a6175626572, 135, 96, 0x613a313a7b733a31373a226173736f6369617465645f7265765f6964223b693a3431353b7d, 0),
(191, 0x637265617465, 0x637265617465, 0x3230323630343230303731313530, 1, 14, 0x4672616b74696f6e656e, 136, 97, 0x613a313a7b733a31373a226173736f6369617465645f7265765f6964223b693a3431363b7d, 0),
(192, 0x637265617465, 0x637265617465, 0x3230323630343230303731383432, 1, 10, 0x4f7274, 137, 98, 0x613a313a7b733a31373a226173736f6369617465645f7265765f6964223b693a3431383b7d, 0),
(193, 0x637265617465, 0x637265617465, 0x3230323630343230303731393031, 1, 10, 0x566f6c6b, 138, 99, 0x613a313a7b733a31373a226173736f6369617465645f7265765f6964223b693a3431393b7d, 0),
(194, 0x637265617465, 0x637265617465, 0x3230323630343230303731393235, 1, 10, 0x457265676e6973, 139, 100, 0x613a313a7b733a31373a226173736f6369617465645f7265765f6964223b693a3432303b7d, 0),
(195, 0x637265617465, 0x637265617465, 0x3230323630343230303731393430, 1, 10, 0x4f7267616e69736174696f6e, 140, 101, 0x613a313a7b733a31373a226173736f6369617465645f7265765f6964223b693a3432313b7d, 0),
(196, 0x637265617465, 0x637265617465, 0x3230323630343230303732303232, 1, 0, 0x506f7274616c3a57656c74, 141, 102, 0x613a313a7b733a31373a226173736f6369617465645f7265765f6964223b693a3432333b7d, 0),
(197, 0x637265617465, 0x637265617465, 0x3230323630343230303732303430, 1, 0, 0x506f7274616c3a47657363686963687465, 142, 103, 0x613a313a7b733a31373a226173736f6369617465645f7265765f6964223b693a3432343b7d, 0),
(198, 0x637265617465, 0x637265617465, 0x3230323630343230303932373130, 1, 0, 0x41746865726f6e, 143, 104, 0x613a313a7b733a31373a226173736f6369617465645f7265765f6964223b693a3433303b7d, 0),
(199, 0x637265617465, 0x637265617465, 0x3230323630343230303934393336, 1, 14, 0x556d7765726c616e64, 144, 105, 0x613a313a7b733a31373a226173736f6369617465645f7265765f6964223b693a3434313b7d, 0),
(200, 0x637265617465, 0x637265617465, 0x3230323630343230303935313035, 1, 14, 0x43616e617468, 145, 106, 0x613a313a7b733a31373a226173736f6369617465645f7265765f6964223b693a3434323b7d, 0),
(201, 0x637265617465, 0x637265617465, 0x3230323630343230303935373032, 1, 14, 0x4172616d656e67656269726765, 146, 105, 0x613a313a7b733a31373a226173736f6369617465645f7265765f6964223b693a3434333b7d, 0),
(202, 0x637265617465, 0x637265617465, 0x3230323630343230303935373538, 1, 14, 0x566572646f7262656e655f537465707065, 147, 105, 0x613a313a7b733a31373a226173736f6369617465645f7265765f6964223b693a3434343b7d, 0),
(203, 0x637265617465, 0x637265617465, 0x3230323630343230303935383234, 1, 14, 0x436173636164, 148, 105, 0x613a313a7b733a31373a226173736f6369617465645f7265765f6964223b693a3434353b7d, 0),
(204, 0x637265617465, 0x637265617465, 0x3230323630343230303935383533, 1, 14, 0x57616c645f766f6e5f416c676f73, 149, 105, 0x613a313a7b733a31373a226173736f6369617465645f7265765f6964223b693a3434363b7d, 0),
(205, 0x637265617465, 0x637265617465, 0x3230323630343230303935393136, 1, 14, 0x5475725f57c3bc737465, 150, 105, 0x613a313a7b733a31373a226173736f6369617465645f7265765f6964223b693a3434373b7d, 0),
(206, 0x637265617465, 0x637265617465, 0x3230323630343230313030303139, 1, 14, 0x4b756c277468617261735f49736c616e6473, 151, 106, 0x613a313a7b733a31373a226173736f6369617465645f7265765f6964223b693a3434383b7d, 0),
(207, 0x637265617465, 0x637265617465, 0x3230323630343231303635373231, 1, 14, 0x416c676f73, 152, 107, 0x613a313a7b733a31373a226173736f6369617465645f7265765f6964223b693a3435303b7d, 0),
(208, 0x637265617465, 0x637265617465, 0x3230323630343231303730303134, 1, 0, 0x416c676f73, 153, 108, 0x613a313a7b733a31373a226173736f6369617465645f7265765f6964223b693a3435313b7d, 0),
(209, 0x64656c657465, 0x64656c657465, 0x3230323630343231303730313039, 1, 14, 0x416c676f73, 152, 109, 0x613a303a7b7d, 0),
(210, 0x637265617465, 0x637265617465, 0x3230323630343233303732323033, 1, 0, 0x566f6c6b3a5a7765726765, 154, 110, 0x613a313a7b733a31373a226173736f6369617465645f7265765f6964223b693a3435353b7d, 0),
(211, 0x75706c6f6164, 0x75706c6f6164, 0x3230323630343233303732333238, 1, 6, 0x556d7765726c616e645f54726966656c735f53746164746b617274652e706e67, 155, 1, 0x[BLOB], 0),
(212, 0x637265617465, 0x637265617465, 0x3230323630343233303732333238, 1, 6, 0x556d7765726c616e645f54726966656c735f53746164746b617274652e706e67, 155, 1, 0x613a313a7b733a31373a226173736f6369617465645f7265765f6964223b693a3435363b7d, 0),
(213, 0x637265617465, 0x637265617465, 0x3230323630343233303732353238, 1, 0, 0x54726966656c73, 156, 111, 0x613a313a7b733a31373a226173736f6369617465645f7265765f6964223b693a3435373b7d, 0),
(214, 0x75706c6f6164, 0x75706c6f6164, 0x3230323630343233303933313132, 1, 6, 0x556d7765726c616e645f54726966656c735f53747261c39f656e5f766f6e5f54726966656c732e706e67, 157, 1, 0x[BLOB], 0),
(215, 0x637265617465, 0x637265617465, 0x3230323630343233303933313132, 1, 6, 0x556d7765726c616e645f54726966656c735f53747261c39f656e5f766f6e5f54726966656c732e706e67, 157, 1, 0x613a313a7b733a31373a226173736f6369617465645f7265765f6964223b693a3436323b7d, 0);
INSERT INTO `athenialogging` (`log_id`, `log_type`, `log_action`, `log_timestamp`, `log_actor`, `log_namespace`, `log_title`, `log_page`, `log_comment_id`, `log_params`, `log_deleted`) VALUES
(216, 0x637265617465, 0x637265617465, 0x3230323630343233303934353134, 1, 10, 0x51756f7465, 158, 112, 0x613a313a7b733a31373a226173736f6369617465645f7265765f6964223b693a3437313b7d, 0),
(217, 0x75706c6f6164, 0x75706c6f6164, 0x3230323630343233313335303039, 1, 6, 0x556d7765726c616e645f54726966656c735f57617070656e2e706e67, 159, 1, 0x[BLOB], 0),
(218, 0x637265617465, 0x637265617465, 0x3230323630343233313335303039, 1, 6, 0x556d7765726c616e645f54726966656c735f57617070656e2e706e67, 159, 1, 0x613a313a7b733a31373a226173736f6369617465645f7265765f6964223b693a3437373b7d, 0);

-- --------------------------------------------------------

--
-- Tabellenstruktur für Tabelle `athenialog_search`
--

CREATE TABLE `athenialog_search` (
  `ls_field` varbinary(32) NOT NULL,
  `ls_value` varbinary(255) NOT NULL,
  `ls_log_id` int UNSIGNED NOT NULL DEFAULT '0'
) ENGINE=InnoDB DEFAULT CHARSET=binary;

--
-- Daten für Tabelle `athenialog_search`
--

INSERT INTO `athenialog_search` (`ls_field`, `ls_value`, `ls_log_id`) VALUES
(0x6173736f6369617465645f7265765f6964, 0x31, 1),
(0x6173736f6369617465645f7265765f6964, 0x32, 2),
(0x6173736f6369617465645f7265765f6964, 0x3130, 3),
(0x6173736f6369617465645f7265765f6964, 0x3132, 4),
(0x6173736f6369617465645f7265765f6964, 0x3134, 6),
(0x6173736f6369617465645f7265765f6964, 0x3135, 7),
(0x6173736f6369617465645f7265765f6964, 0x3139, 8),
(0x6173736f6369617465645f7265765f6964, 0x3236, 9),
(0x6173736f6369617465645f7265765f6964, 0x3238, 10),
(0x6173736f6369617465645f7265765f6964, 0x3331, 11),
(0x6173736f6369617465645f7265765f6964, 0x3333, 12),
(0x6173736f6369617465645f7265765f6964, 0x3333, 13),
(0x6173736f6369617465645f7265765f6964, 0x3336, 14),
(0x6173736f6369617465645f7265765f6964, 0x3336, 15),
(0x6173736f6369617465645f7265765f6964, 0x3339, 16),
(0x6173736f6369617465645f7265765f6964, 0x3433, 17),
(0x6173736f6369617465645f7265765f6964, 0x3434, 18),
(0x6173736f6369617465645f7265765f6964, 0x3439, 19),
(0x6173736f6369617465645f7265765f6964, 0x3531, 20),
(0x6173736f6369617465645f7265765f6964, 0x3531, 21),
(0x6173736f6369617465645f7265765f6964, 0x3532, 22),
(0x6173736f6369617465645f7265765f6964, 0x3532, 23),
(0x6173736f6369617465645f7265765f6964, 0x3533, 24),
(0x6173736f6369617465645f7265765f6964, 0x3533, 25),
(0x6173736f6369617465645f7265765f6964, 0x3535, 26),
(0x6173736f6369617465645f7265765f6964, 0x3537, 27),
(0x6173736f6369617465645f7265765f6964, 0x3538, 28),
(0x6173736f6369617465645f7265765f6964, 0x3538, 29),
(0x6173736f6369617465645f7265765f6964, 0x3630, 30),
(0x6173736f6369617465645f7265765f6964, 0x3631, 31),
(0x6173736f6369617465645f7265765f6964, 0x3631, 32),
(0x6173736f6369617465645f7265765f6964, 0x3632, 33),
(0x6173736f6369617465645f7265765f6964, 0x3633, 34),
(0x6173736f6369617465645f7265765f6964, 0x3735, 35),
(0x6173736f6369617465645f7265765f6964, 0x3735, 36),
(0x6173736f6369617465645f7265765f6964, 0x3736, 37),
(0x6173736f6369617465645f7265765f6964, 0x3736, 38),
(0x6173736f6369617465645f7265765f6964, 0x3737, 39),
(0x6173736f6369617465645f7265765f6964, 0x3737, 40),
(0x6173736f6369617465645f7265765f6964, 0x3738, 41),
(0x6173736f6369617465645f7265765f6964, 0x3830, 42),
(0x6173736f6369617465645f7265765f6964, 0x3833, 43),
(0x6173736f6369617465645f7265765f6964, 0x3834, 44),
(0x6173736f6369617465645f7265765f6964, 0x3834, 45),
(0x6173736f6369617465645f7265765f6964, 0x3837, 46),
(0x6173736f6369617465645f7265765f6964, 0x3837, 47),
(0x6173736f6369617465645f7265765f6964, 0x3838, 48),
(0x6173736f6369617465645f7265765f6964, 0x3839, 49),
(0x6173736f6369617465645f7265765f6964, 0x3839, 50),
(0x6173736f6369617465645f7265765f6964, 0x3931, 51),
(0x6173736f6369617465645f7265765f6964, 0x3932, 52),
(0x6173736f6369617465645f7265765f6964, 0x3932, 53),
(0x6173736f6369617465645f7265765f6964, 0x3937, 56),
(0x6173736f6369617465645f7265765f6964, 0x313030, 57),
(0x6173736f6369617465645f7265765f6964, 0x313031, 59),
(0x6173736f6369617465645f7265765f6964, 0x313031, 60),
(0x6173736f6369617465645f7265765f6964, 0x313033, 61),
(0x6173736f6369617465645f7265765f6964, 0x313033, 62),
(0x6173736f6369617465645f7265765f6964, 0x313035, 63),
(0x6173736f6369617465645f7265765f6964, 0x313036, 64),
(0x6173736f6369617465645f7265765f6964, 0x313039, 67),
(0x6173736f6369617465645f7265765f6964, 0x313135, 69),
(0x6173736f6369617465645f7265765f6964, 0x313137, 70),
(0x6173736f6369617465645f7265765f6964, 0x313138, 71),
(0x6173736f6369617465645f7265765f6964, 0x313139, 72),
(0x6173736f6369617465645f7265765f6964, 0x313139, 73),
(0x6173736f6369617465645f7265765f6964, 0x313230, 74),
(0x6173736f6369617465645f7265765f6964, 0x313232, 75),
(0x6173736f6369617465645f7265765f6964, 0x313232, 76),
(0x6173736f6369617465645f7265765f6964, 0x313233, 77),
(0x6173736f6369617465645f7265765f6964, 0x313332, 78),
(0x6173736f6369617465645f7265765f6964, 0x313437, 84),
(0x6173736f6369617465645f7265765f6964, 0x313437, 85),
(0x6173736f6369617465645f7265765f6964, 0x313438, 86),
(0x6173736f6369617465645f7265765f6964, 0x313538, 87),
(0x6173736f6369617465645f7265765f6964, 0x313538, 88),
(0x6173736f6369617465645f7265765f6964, 0x313539, 89),
(0x6173736f6369617465645f7265765f6964, 0x313638, 90),
(0x6173736f6369617465645f7265765f6964, 0x313638, 91),
(0x6173736f6369617465645f7265765f6964, 0x313639, 92),
(0x6173736f6369617465645f7265765f6964, 0x313639, 93),
(0x6173736f6369617465645f7265765f6964, 0x313730, 94),
(0x6173736f6369617465645f7265765f6964, 0x313730, 95),
(0x6173736f6369617465645f7265765f6964, 0x313731, 96),
(0x6173736f6369617465645f7265765f6964, 0x313732, 97),
(0x6173736f6369617465645f7265765f6964, 0x313732, 98),
(0x6173736f6369617465645f7265765f6964, 0x313734, 99),
(0x6173736f6369617465645f7265765f6964, 0x313735, 100),
(0x6173736f6369617465645f7265765f6964, 0x313735, 101),
(0x6173736f6369617465645f7265765f6964, 0x313739, 102),
(0x6173736f6369617465645f7265765f6964, 0x313739, 103),
(0x6173736f6369617465645f7265765f6964, 0x313832, 104),
(0x6173736f6369617465645f7265765f6964, 0x313832, 105),
(0x6173736f6369617465645f7265765f6964, 0x313834, 106),
(0x6173736f6369617465645f7265765f6964, 0x313835, 107),
(0x6173736f6369617465645f7265765f6964, 0x313835, 108),
(0x6173736f6369617465645f7265765f6964, 0x313836, 109),
(0x6173736f6369617465645f7265765f6964, 0x313838, 110),
(0x6173736f6369617465645f7265765f6964, 0x313937, 111),
(0x6173736f6369617465645f7265765f6964, 0x323031, 112),
(0x6173736f6369617465645f7265765f6964, 0x323032, 113),
(0x6173736f6369617465645f7265765f6964, 0x323033, 114),
(0x6173736f6369617465645f7265765f6964, 0x323034, 115),
(0x6173736f6369617465645f7265765f6964, 0x323035, 116),
(0x6173736f6369617465645f7265765f6964, 0x323036, 117),
(0x6173736f6369617465645f7265765f6964, 0x323037, 118),
(0x6173736f6369617465645f7265765f6964, 0x323038, 119),
(0x6173736f6369617465645f7265765f6964, 0x323131, 120),
(0x6173736f6369617465645f7265765f6964, 0x323131, 121),
(0x6173736f6369617465645f7265765f6964, 0x323132, 122),
(0x6173736f6369617465645f7265765f6964, 0x323231, 123),
(0x6173736f6369617465645f7265765f6964, 0x323237, 124),
(0x6173736f6369617465645f7265765f6964, 0x323238, 125),
(0x6173736f6369617465645f7265765f6964, 0x323330, 126),
(0x6173736f6369617465645f7265765f6964, 0x323330, 127),
(0x6173736f6369617465645f7265765f6964, 0x323331, 128),
(0x6173736f6369617465645f7265765f6964, 0x323339, 129),
(0x6173736f6369617465645f7265765f6964, 0x323432, 130),
(0x6173736f6369617465645f7265765f6964, 0x323433, 131),
(0x6173736f6369617465645f7265765f6964, 0x323438, 132),
(0x6173736f6369617465645f7265765f6964, 0x323634, 133),
(0x6173736f6369617465645f7265765f6964, 0x323634, 134),
(0x6173736f6369617465645f7265765f6964, 0x323636, 135),
(0x6173736f6369617465645f7265765f6964, 0x323636, 136),
(0x6173736f6369617465645f7265765f6964, 0x323933, 137),
(0x6173736f6369617465645f7265765f6964, 0x333036, 138),
(0x6173736f6369617465645f7265765f6964, 0x333131, 139),
(0x6173736f6369617465645f7265765f6964, 0x333133, 140),
(0x6173736f6369617465645f7265765f6964, 0x333134, 141),
(0x6173736f6369617465645f7265765f6964, 0x333136, 142),
(0x6173736f6369617465645f7265765f6964, 0x333139, 143),
(0x6173736f6369617465645f7265765f6964, 0x333139, 144),
(0x6173736f6369617465645f7265765f6964, 0x333234, 145),
(0x6173736f6369617465645f7265765f6964, 0x333238, 146),
(0x6173736f6369617465645f7265765f6964, 0x333239, 147),
(0x6173736f6369617465645f7265765f6964, 0x333330, 148),
(0x6173736f6369617465645f7265765f6964, 0x333334, 149),
(0x6173736f6369617465645f7265765f6964, 0x333338, 150),
(0x6173736f6369617465645f7265765f6964, 0x333339, 151),
(0x6173736f6369617465645f7265765f6964, 0x333434, 152),
(0x6173736f6369617465645f7265765f6964, 0x333436, 153),
(0x6173736f6369617465645f7265765f6964, 0x333437, 156),
(0x6173736f6369617465645f7265765f6964, 0x333439, 157),
(0x6173736f6369617465645f7265765f6964, 0x333530, 158),
(0x6173736f6369617465645f7265765f6964, 0x333530, 159),
(0x6173736f6369617465645f7265765f6964, 0x333534, 160),
(0x6173736f6369617465645f7265765f6964, 0x333536, 161),
(0x6173736f6369617465645f7265765f6964, 0x333633, 162),
(0x6173736f6369617465645f7265765f6964, 0x333637, 164),
(0x6173736f6369617465645f7265765f6964, 0x333736, 165),
(0x6173736f6369617465645f7265765f6964, 0x333837, 166),
(0x6173736f6369617465645f7265765f6964, 0x333839, 167),
(0x6173736f6369617465645f7265765f6964, 0x333932, 168),
(0x6173736f6369617465645f7265765f6964, 0x333933, 169),
(0x6173736f6369617465645f7265765f6964, 0x333935, 170),
(0x6173736f6369617465645f7265765f6964, 0x333936, 171),
(0x6173736f6369617465645f7265765f6964, 0x333937, 172),
(0x6173736f6369617465645f7265765f6964, 0x333938, 173),
(0x6173736f6369617465645f7265765f6964, 0x333939, 174),
(0x6173736f6369617465645f7265765f6964, 0x343030, 175),
(0x6173736f6369617465645f7265765f6964, 0x343031, 176),
(0x6173736f6369617465645f7265765f6964, 0x343032, 177),
(0x6173736f6369617465645f7265765f6964, 0x343033, 178),
(0x6173736f6369617465645f7265765f6964, 0x343034, 179),
(0x6173736f6369617465645f7265765f6964, 0x343035, 180),
(0x6173736f6369617465645f7265765f6964, 0x343036, 181),
(0x6173736f6369617465645f7265765f6964, 0x343037, 182),
(0x6173736f6369617465645f7265765f6964, 0x343038, 183),
(0x6173736f6369617465645f7265765f6964, 0x343039, 184),
(0x6173736f6369617465645f7265765f6964, 0x343130, 185),
(0x6173736f6369617465645f7265765f6964, 0x343131, 186),
(0x6173736f6369617465645f7265765f6964, 0x343132, 187),
(0x6173736f6369617465645f7265765f6964, 0x343133, 188),
(0x6173736f6369617465645f7265765f6964, 0x343134, 189),
(0x6173736f6369617465645f7265765f6964, 0x343135, 190),
(0x6173736f6369617465645f7265765f6964, 0x343136, 191),
(0x6173736f6369617465645f7265765f6964, 0x343138, 192),
(0x6173736f6369617465645f7265765f6964, 0x343139, 193),
(0x6173736f6369617465645f7265765f6964, 0x343230, 194),
(0x6173736f6369617465645f7265765f6964, 0x343231, 195),
(0x6173736f6369617465645f7265765f6964, 0x343233, 196),
(0x6173736f6369617465645f7265765f6964, 0x343234, 197),
(0x6173736f6369617465645f7265765f6964, 0x343330, 198),
(0x6173736f6369617465645f7265765f6964, 0x343431, 199),
(0x6173736f6369617465645f7265765f6964, 0x343432, 200),
(0x6173736f6369617465645f7265765f6964, 0x343433, 201),
(0x6173736f6369617465645f7265765f6964, 0x343434, 202),
(0x6173736f6369617465645f7265765f6964, 0x343435, 203),
(0x6173736f6369617465645f7265765f6964, 0x343436, 204),
(0x6173736f6369617465645f7265765f6964, 0x343437, 205),
(0x6173736f6369617465645f7265765f6964, 0x343438, 206),
(0x6173736f6369617465645f7265765f6964, 0x343530, 207),
(0x6173736f6369617465645f7265765f6964, 0x343531, 208),
(0x6173736f6369617465645f7265765f6964, 0x343535, 210),
(0x6173736f6369617465645f7265765f6964, 0x343536, 211),
(0x6173736f6369617465645f7265765f6964, 0x343536, 212),
(0x6173736f6369617465645f7265765f6964, 0x343537, 213),
(0x6173736f6369617465645f7265765f6964, 0x343632, 214),
(0x6173736f6369617465645f7265765f6964, 0x343632, 215),
(0x6173736f6369617465645f7265765f6964, 0x343731, 216),
(0x6173736f6369617465645f7265765f6964, 0x343737, 217),
(0x6173736f6369617465645f7265765f6964, 0x343737, 218);

-- --------------------------------------------------------

--
-- Tabellenstruktur für Tabelle `atheniamodule_deps`
--

CREATE TABLE `atheniamodule_deps` (
  `md_module` varbinary(255) NOT NULL,
  `md_skin` varbinary(32) NOT NULL,
  `md_deps` mediumblob NOT NULL
) ENGINE=InnoDB DEFAULT CHARSET=binary;

--
-- Daten für Tabelle `atheniamodule_deps`
--

INSERT INTO `atheniamodule_deps` (`md_module`, `md_skin`, `md_deps`) VALUES
(0x6a71756572792e63686f73656e, 0x636974697a656e7c6465, 0x5b227265736f75726365732f6c69622f6a71756572792e63686f73656e2f63686f73656e2d7370726974652e706e67222c227265736f75726365732f6c69622f6a71756572792e63686f73656e2f63686f73656e2d7370726974654032782e706e67225d),
(0x6a71756572792e63686f73656e, 0x74696d656c6573737c6465, 0x5b227265736f75726365732f6c69622f6a71756572792e63686f73656e2f63686f73656e2d7370726974652e706e67222c227265736f75726365732f6c69622f6a71756572792e63686f73656e2f63686f73656e2d7370726974654032782e706e67225d),
(0x6a71756572792e6d616b65436f6c6c61707369626c65, 0x636974697a656e7c6465, 0x[BLOB]),
(0x6a71756572792e6d616b65436f6c6c61707369626c65, 0x6d696e657276617c6465, 0x[BLOB]),
(0x6a71756572792e6d616b65436f6c6c61707369626c65, 0x6d6f6e6f626f6f6b7c6465, 0x[BLOB]),
(0x6a71756572792e6d616b65436f6c6c61707369626c65, 0x74696d656c6573737c6465, 0x[BLOB]),
(0x6a71756572792e6d616b65436f6c6c61707369626c65, 0x766563746f722d323032327c6465, 0x[BLOB]),
(0x6a71756572792e6d616b65436f6c6c61707369626c65, 0x766563746f727c6465, 0x[BLOB]),
(0x6a71756572792e7461626c65736f727465722e7374796c6573, 0x636974697a656e7c6465, 0x[BLOB]),
(0x6a71756572792e7461626c65736f727465722e7374796c6573, 0x74696d656c6573737c6465, 0x[BLOB]),
(0x6a71756572792e7461626c65736f727465722e7374796c6573, 0x766563746f722d323032327c6465, 0x[BLOB]),
(0x6d6564696177696b692e616374696f6e2e65646974, 0x766563746f722d323032327c6465, 0x[BLOB]),
(0x6d6564696177696b692e616374696f6e2e656469742e7374796c6573, 0x636974697a656e7c6465, 0x[BLOB]),
(0x6d6564696177696b692e616374696f6e2e656469742e7374796c6573, 0x74696d656c6573737c6465, 0x[BLOB]),
(0x6d6564696177696b692e616374696f6e2e656469742e7374796c6573, 0x766563746f722d323032327c6465, 0x[BLOB]),
(0x6d6564696177696b692e616374696f6e2e686973746f72792e7374796c6573, 0x636974697a656e7c6465, 0x[BLOB]),
(0x6d6564696177696b692e616374696f6e2e7374796c6573, 0x636974697a656e7c6465, 0x5b227265736f75726365732f7372632f6d6564696177696b692e6c6573732f6d6564696177696b692e6d6978696e732e6c657373225d),
(0x6d6564696177696b692e616374696f6e2e7374796c6573, 0x74696d656c6573737c6465, 0x5b227265736f75726365732f7372632f6d6564696177696b692e6c6573732f6d6564696177696b692e6d6978696e732e6c657373225d),
(0x6d6564696177696b692e616374696f6e2e7374796c6573, 0x766563746f722d323032327c6465, 0x5b227265736f75726365732f7372632f6d6564696177696b692e6c6573732f6d6564696177696b692e6d6978696e732e6c657373225d),
(0x6d6564696177696b692e616374696f6e2e766965772e66696c6570616765, 0x636974697a656e7c6465, 0x[BLOB]),
(0x6d6564696177696b692e616374696f6e2e766965772e66696c6570616765, 0x74696d656c6573737c6465, 0x[BLOB]),
(0x6d6564696177696b692e616374696f6e2e766965772e66696c6570616765, 0x766563746f722d323032327c6465, 0x[BLOB]),
(0x6d6564696177696b692e616374696f6e2e766965772e726564697265637450616765, 0x636974697a656e7c6465, 0x[BLOB]),
(0x6d6564696177696b692e646966662e7374796c6573, 0x636974697a656e7c6465, 0x[BLOB]),
(0x6d6564696177696b692e646966662e7374796c6573, 0x74696d656c6573737c6465, 0x[BLOB]),
(0x6d6564696177696b692e646966662e7374796c6573, 0x766563746f722d323032327c6465, 0x[BLOB]),
(0x6d6564696177696b692e666565646c696e6b, 0x636974697a656e7c6465, 0x5b227265736f75726365732f7372632f6d6564696177696b692e666565646c696e6b2f696d616765732f666565642d69636f6e2e737667225d),
(0x6d6564696177696b692e666565646c696e6b, 0x74696d656c6573737c6465, 0x5b227265736f75726365732f7372632f6d6564696177696b692e666565646c696e6b2f696d616765732f666565642d69636f6e2e737667225d),
(0x6d6564696177696b692e68656c706c696e6b, 0x636974697a656e7c6465, 0x5b227265736f75726365732f7372632f6d6564696177696b692e68656c706c696e6b2f696d616765732f68656c704e6f746963652e737667225d),
(0x6d6564696177696b692e68656c706c696e6b, 0x6d696e657276617c6465, 0x5b227265736f75726365732f7372632f6d6564696177696b692e68656c706c696e6b2f696d616765732f68656c704e6f746963652e737667225d),
(0x6d6564696177696b692e68656c706c696e6b, 0x6d6f6e6f626f6f6b7c6465, 0x5b227265736f75726365732f7372632f6d6564696177696b692e68656c706c696e6b2f696d616765732f68656c704e6f746963652e737667225d),
(0x6d6564696177696b692e68656c706c696e6b, 0x74696d656c6573737c6465, 0x5b227265736f75726365732f7372632f6d6564696177696b692e68656c706c696e6b2f696d616765732f68656c704e6f746963652e737667225d),
(0x6d6564696177696b692e68656c706c696e6b, 0x766563746f722d323032327c6465, 0x5b227265736f75726365732f7372632f6d6564696177696b692e68656c706c696e6b2f696d616765732f68656c704e6f746963652e737667225d),
(0x6d6564696177696b692e68656c706c696e6b, 0x766563746f727c6465, 0x5b227265736f75726365732f7372632f6d6564696177696b692e68656c706c696e6b2f696d616765732f68656c704e6f746963652e737667225d),
(0x6d6564696177696b692e686c697374, 0x6d696e657276617c6465, 0x[BLOB]),
(0x6d6564696177696b692e68746d6c666f726d2e6f6f75692e7374796c6573, 0x636974697a656e7c6465, 0x5b227265736f75726365732f7372632f6d6564696177696b692e6c6573732f6d6564696177696b692e6d6978696e732e6c657373225d),
(0x6d6564696177696b692e68746d6c666f726d2e6f6f75692e7374796c6573, 0x6d696e657276617c6465, 0x5b227265736f75726365732f7372632f6d6564696177696b692e6c6573732f6d6564696177696b692e6d6978696e732e6c657373225d),
(0x6d6564696177696b692e68746d6c666f726d2e6f6f75692e7374796c6573, 0x6d6f6e6f626f6f6b7c6465, 0x5b227265736f75726365732f7372632f6d6564696177696b692e6c6573732f6d6564696177696b692e6d6978696e732e6c657373225d),
(0x6d6564696177696b692e68746d6c666f726d2e6f6f75692e7374796c6573, 0x74696d656c6573737c6465, 0x5b227265736f75726365732f7372632f6d6564696177696b692e6c6573732f6d6564696177696b692e6d6978696e732e6c657373225d),
(0x6d6564696177696b692e68746d6c666f726d2e6f6f75692e7374796c6573, 0x766563746f722d323032327c6465, 0x5b227265736f75726365732f7372632f6d6564696177696b692e6c6573732f6d6564696177696b692e6d6978696e732e6c657373225d),
(0x6d6564696177696b692e68746d6c666f726d2e6f6f75692e7374796c6573, 0x766563746f727c6465, 0x5b227265736f75726365732f7372632f6d6564696177696b692e6c6573732f6d6564696177696b692e6d6978696e732e6c657373225d),
(0x6d6564696177696b692e68746d6c666f726d2e7374796c6573, 0x636974697a656e7c6465, 0x[BLOB]),
(0x6d6564696177696b692e68746d6c666f726d2e7374796c6573, 0x6d696e657276617c6465, 0x[BLOB]),
(0x6d6564696177696b692e68746d6c666f726d2e7374796c6573, 0x6d6f6e6f626f6f6b7c6465, 0x[BLOB]),
(0x6d6564696177696b692e68746d6c666f726d2e7374796c6573, 0x74696d656c6573737c6465, 0x[BLOB]),
(0x6d6564696177696b692e68746d6c666f726d2e7374796c6573, 0x766563746f722d323032327c6465, 0x[BLOB]),
(0x6d6564696177696b692e68746d6c666f726d2e7374796c6573, 0x766563746f727c6465, 0x[BLOB]),
(0x6d6564696177696b692e69636f6e, 0x636974697a656e7c6465, 0x5b227265736f75726365732f7372632f6d6564696177696b692e69636f6e2f696d616765732f6172726f772d636f6c6c61707365642d6c74722e737667222c227265736f75726365732f7372632f6d6564696177696b692e69636f6e2f696d616765732f6172726f772d657870616e6465642e737667225d),
(0x6d6564696177696b692e69636f6e, 0x74696d656c6573737c6465, 0x5b227265736f75726365732f7372632f6d6564696177696b692e69636f6e2f696d616765732f6172726f772d636f6c6c61707365642d6c74722e737667222c227265736f75726365732f7372632f6d6564696177696b692e69636f6e2f696d616765732f6172726f772d657870616e6465642e737667225d),
(0x6d6564696177696b692e69636f6e, 0x766563746f722d323032327c6465, 0x5b227265736f75726365732f7372632f6d6564696177696b692e69636f6e2f696d616765732f6172726f772d636f6c6c61707365642d6c74722e737667222c227265736f75726365732f7372632f6d6564696177696b692e69636f6e2f696d616765732f6172726f772d657870616e6465642e737667225d),
(0x6d6564696177696b692e696e746572666163652e68656c706572732e7374796c6573, 0x636974697a656e7c6465, 0x[BLOB]),
(0x6d6564696177696b692e696e746572666163652e68656c706572732e7374796c6573, 0x6d696e657276617c6465, 0x[BLOB]),
(0x6d6564696177696b692e696e746572666163652e68656c706572732e7374796c6573, 0x6d6f6e6f626f6f6b7c6465, 0x[BLOB]),
(0x6d6564696177696b692e696e746572666163652e68656c706572732e7374796c6573, 0x74696d656c6573737c6465, 0x[BLOB]),
(0x6d6564696177696b692e696e746572666163652e68656c706572732e7374796c6573, 0x766563746f722d323032327c6465, 0x[BLOB]),
(0x6d6564696177696b692e696e746572666163652e68656c706572732e7374796c6573, 0x766563746f727c6465, 0x[BLOB]),
(0x6d6564696177696b692e6e6f74696669636174696f6e, 0x6d696e657276617c6465, 0x[BLOB]),
(0x6d6564696177696b692e6e6f74696669636174696f6e, 0x6d6f6e6f626f6f6b7c6465, 0x[BLOB]),
(0x6d6564696177696b692e6e6f74696669636174696f6e, 0x766563746f722d323032327c6465, 0x[BLOB]),
(0x6d6564696177696b692e6e6f74696669636174696f6e, 0x766563746f727c6465, 0x[BLOB]),
(0x6d6564696177696b692e706167652e7265616479, 0x636974697a656e7c6465, 0x[BLOB]),
(0x6d6564696177696b692e706167652e7265616479, 0x6d696e657276617c6465, 0x[BLOB]),
(0x6d6564696177696b692e706167652e7265616479, 0x6d6f6e6f626f6f6b7c6465, 0x[BLOB]);
INSERT INTO `atheniamodule_deps` (`md_module`, `md_skin`, `md_deps`) VALUES
(0x6d6564696177696b692e706167652e7265616479, 0x74696d656c6573737c6465, 0x[BLOB]),
(0x6d6564696177696b692e706167652e7265616479, 0x766563746f722d323032327c6465, 0x[BLOB]),
(0x6d6564696177696b692e706167652e7265616479, 0x766563746f727c6465, 0x[BLOB]),
(0x6d6564696177696b692e70616765722e7374796c6573, 0x636974697a656e7c6465, 0x[BLOB]),
(0x6d6564696177696b692e70616765722e7374796c6573, 0x6d696e657276617c6465, 0x[BLOB]),
(0x6d6564696177696b692e70616765722e7374796c6573, 0x74696d656c6573737c6465, 0x[BLOB]),
(0x6d6564696177696b692e70616765722e7374796c6573, 0x766563746f722d323032327c6465, 0x[BLOB]),
(0x6d6564696177696b692e726366696c746572732e66696c746572732e626173652e7374796c6573, 0x636974697a656e7c6465, 0x[BLOB]),
(0x6d6564696177696b692e726366696c746572732e66696c746572732e626173652e7374796c6573, 0x74696d656c6573737c6465, 0x[BLOB]),
(0x6d6564696177696b692e726366696c746572732e66696c746572732e626173652e7374796c6573, 0x766563746f722d323032327c6465, 0x[BLOB]),
(0x6d6564696177696b692e726366696c746572732e66696c746572732e7569, 0x636974697a656e7c6465, 0x[BLOB]),
(0x6d6564696177696b692e726366696c746572732e66696c746572732e7569, 0x74696d656c6573737c6465, 0x[BLOB]),
(0x6d6564696177696b692e726366696c746572732e66696c746572732e7569, 0x766563746f722d323032327c6465, 0x[BLOB]),
(0x6d6564696177696b692e726366696c746572732e686967686c69676874436972636c65732e7365656e756e7365656e2e7374796c6573, 0x766563746f722d323032327c6465, 0x[BLOB]),
(0x6d6564696177696b692e73656172636853756767657374, 0x6d696e657276617c6465, 0x[BLOB]),
(0x6d6564696177696b692e736b696e6e696e672e696e74657266616365, 0x6170696f75747075747c6465, 0x[BLOB]),
(0x6d6564696177696b692e7370656369616c, 0x636974697a656e7c6465, 0x[BLOB]),
(0x6d6564696177696b692e7370656369616c, 0x6d696e657276617c6465, 0x[BLOB]),
(0x6d6564696177696b692e7370656369616c, 0x6d6f6e6f626f6f6b7c6465, 0x[BLOB]),
(0x6d6564696177696b692e7370656369616c, 0x74696d656c6573737c6465, 0x[BLOB]),
(0x6d6564696177696b692e7370656369616c, 0x766563746f722d323032327c6465, 0x[BLOB]),
(0x6d6564696177696b692e7370656369616c, 0x766563746f727c6465, 0x[BLOB]),
(0x6d6564696177696b692e7370656369616c2e61706973616e64626f78, 0x636974697a656e7c6465, 0x[BLOB]),
(0x6d6564696177696b692e7370656369616c2e6368616e6765736c697374, 0x636974697a656e7c6465, 0x[BLOB]),
(0x6d6564696177696b692e7370656369616c2e6368616e6765736c697374, 0x6d696e657276617c6465, 0x[BLOB]),
(0x6d6564696177696b692e7370656369616c2e6368616e6765736c697374, 0x6d6f6e6f626f6f6b7c6465, 0x[BLOB]),
(0x6d6564696177696b692e7370656369616c2e6368616e6765736c697374, 0x74696d656c6573737c6465, 0x[BLOB]),
(0x6d6564696177696b692e7370656369616c2e6368616e6765736c697374, 0x766563746f722d323032327c6465, 0x[BLOB]),
(0x6d6564696177696b692e7370656369616c2e6368616e6765736c697374, 0x766563746f727c6465, 0x[BLOB]),
(0x6d6564696177696b692e7370656369616c2e6368616e6765736c6973742e656e68616e636564, 0x636974697a656e7c6465, 0x[BLOB]),
(0x6d6564696177696b692e7370656369616c2e6368616e6765736c6973742e656e68616e636564, 0x6d696e657276617c6465, 0x[BLOB]),
(0x6d6564696177696b692e7370656369616c2e6368616e6765736c6973742e656e68616e636564, 0x6d6f6e6f626f6f6b7c6465, 0x[BLOB]),
(0x6d6564696177696b692e7370656369616c2e6368616e6765736c6973742e656e68616e636564, 0x74696d656c6573737c6465, 0x[BLOB]),
(0x6d6564696177696b692e7370656369616c2e6368616e6765736c6973742e656e68616e636564, 0x766563746f722d323032327c6465, 0x[BLOB]),
(0x6d6564696177696b692e7370656369616c2e6368616e6765736c6973742e656e68616e636564, 0x766563746f727c6465, 0x[BLOB]),
(0x6d6564696177696b692e7370656369616c2e6368616e6765736c6973742e6c6567656e64, 0x636974697a656e7c6465, 0x[BLOB]),
(0x6d6564696177696b692e7370656369616c2e6368616e6765736c6973742e6c6567656e64, 0x6d696e657276617c6465, 0x[BLOB]),
(0x6d6564696177696b692e7370656369616c2e6368616e6765736c6973742e6c6567656e64, 0x6d6f6e6f626f6f6b7c6465, 0x[BLOB]),
(0x6d6564696177696b692e7370656369616c2e6368616e6765736c6973742e6c6567656e64, 0x74696d656c6573737c6465, 0x[BLOB]);
INSERT INTO `atheniamodule_deps` (`md_module`, `md_skin`, `md_deps`) VALUES
(0x6d6564696177696b692e7370656369616c2e6368616e6765736c6973742e6c6567656e64, 0x766563746f722d323032327c6465, 0x[BLOB]),
(0x6d6564696177696b692e7370656369616c2e6368616e6765736c6973742e6c6567656e64, 0x766563746f727c6465, 0x[BLOB]),
(0x6d6564696177696b692e7370656369616c2e707265666572656e6365732e7374796c65732e6f6f7569, 0x636974697a656e7c6465, 0x[BLOB]),
(0x6d6564696177696b692e7370656369616c2e707265666572656e6365732e7374796c65732e6f6f7569, 0x6d696e657276617c6465, 0x[BLOB]),
(0x6d6564696177696b692e7370656369616c2e707265666572656e6365732e7374796c65732e6f6f7569, 0x6d6f6e6f626f6f6b7c6465, 0x[BLOB]),
(0x6d6564696177696b692e7370656369616c2e707265666572656e6365732e7374796c65732e6f6f7569, 0x74696d656c6573737c6465, 0x[BLOB]),
(0x6d6564696177696b692e7370656369616c2e707265666572656e6365732e7374796c65732e6f6f7569, 0x766563746f722d323032327c6465, 0x[BLOB]),
(0x6d6564696177696b692e7370656369616c2e707265666572656e6365732e7374796c65732e6f6f7569, 0x766563746f727c6465, 0x[BLOB]),
(0x6d6564696177696b692e7370656369616c2e7365617263682e7374796c6573, 0x636974697a656e7c6465, 0x[BLOB]),
(0x6d6564696177696b692e7370656369616c2e7365617263682e7374796c6573, 0x74696d656c6573737c6465, 0x[BLOB]),
(0x6d6564696177696b692e7370656369616c2e7365617263682e7374796c6573, 0x766563746f722d323032327c6465, 0x[BLOB]),
(0x6d6564696177696b692e7370656369616c2e757365726c6f67696e2e636f6d6d6f6e2e7374796c6573, 0x636974697a656e7c6465, 0x[BLOB]),
(0x6d6564696177696b692e7370656369616c2e757365726c6f67696e2e636f6d6d6f6e2e7374796c6573, 0x74696d656c6573737c6465, 0x[BLOB]),
(0x6d6564696177696b692e7370656369616c2e757365726c6f67696e2e636f6d6d6f6e2e7374796c6573, 0x766563746f722d323032327c6465, 0x[BLOB]),
(0x6d6564696177696b692e7370656369616c2e757365726c6f67696e2e6c6f67696e2e7374796c6573, 0x636974697a656e7c6465, 0x5b227265736f75726365732f7372632f6d6564696177696b692e7370656369616c2e757365726c6f67696e2e6c6f67696e2e7374796c65732f696d616765732f676c7970682d70656f706c652d6c617267652e706e67225d),
(0x6d6564696177696b692e7370656369616c2e757365726c6f67696e2e6c6f67696e2e7374796c6573, 0x74696d656c6573737c6465, 0x5b227265736f75726365732f7372632f6d6564696177696b692e7370656369616c2e757365726c6f67696e2e6c6f67696e2e7374796c65732f696d616765732f676c7970682d70656f706c652d6c617267652e706e67225d),
(0x6d6564696177696b692e7370656369616c2e757365726c6f67696e2e6c6f67696e2e7374796c6573, 0x766563746f722d323032327c6465, 0x5b227265736f75726365732f7372632f6d6564696177696b692e7370656369616c2e757365726c6f67696e2e6c6f67696e2e7374796c65732f696d616765732f676c7970682d70656f706c652d6c617267652e706e67225d),
(0x6d6564696177696b692e7370656369616c2e757365726c6f67696e2e7369676e75702e7374796c6573, 0x74696d656c6573737c6465, 0x[BLOB]),
(0x6d6564696177696b692e776964676574732e44617465496e707574576964676574, 0x636974697a656e7c6465, 0x[BLOB]),
(0x6d6564696177696b692e776964676574732e44617465496e707574576964676574, 0x74696d656c6573737c6465, 0x[BLOB]),
(0x6d6564696177696b692e776964676574732e44617465496e707574576964676574, 0x766563746f722d323032327c6465, 0x[BLOB]),
(0x6d6564696177696b692e776964676574732e44617465496e7075745769646765742e7374796c6573, 0x636974697a656e7c6465, 0x[BLOB]),
(0x6d6564696177696b692e776964676574732e44617465496e7075745769646765742e7374796c6573, 0x74696d656c6573737c6465, 0x[BLOB]),
(0x6d6564696177696b692e776964676574732e44617465496e7075745769646765742e7374796c6573, 0x766563746f722d323032327c6465, 0x[BLOB]),
(0x6d6564696177696b692e776964676574732e6461746574696d65, 0x636974697a656e7c6465, 0x[BLOB]),
(0x6d6f62696c652e73746172747570, 0x6d696e657276617c6465, 0x[BLOB]),
(0x6f6f6a732d75692d636f72652e7374796c6573, 0x636974697a656e7c6465, 0x[BLOB]),
(0x6f6f6a732d75692d636f72652e7374796c6573, 0x74696d656c6573737c6465, 0x[BLOB]),
(0x6f6f6a732d75692d636f72652e7374796c6573, 0x766563746f722d323032327c6465, 0x[BLOB]),
(0x6f6f6a732d75692d636f72652e7374796c6573, 0x766563746f727c6465, 0x[BLOB]),
(0x6f6f6a732d75692d77696e646f7773, 0x636974697a656e7c6465, 0x[BLOB]),
(0x736b696e732e636974697a656e2e707265666572656e636573, 0x636974697a656e7c6465, 0x[BLOB]),
(0x736b696e732e636974697a656e2e736561726368, 0x636974697a656e7c6465, 0x[BLOB]),
(0x736b696e732e636974697a656e2e7374796c6573, 0x636974697a656e7c6465, 0x[BLOB]),
(0x736b696e732e6d696e657276612e616d632e7374796c6573, 0x6d696e657276617c6465, 0x[BLOB]);
INSERT INTO `atheniamodule_deps` (`md_module`, `md_skin`, `md_deps`) VALUES
(0x736b696e732e6d696e657276612e626173652e7374796c6573, 0x6d696e657276617c6465, 0x[BLOB]),
(0x736b696e732e6d696e657276612e6c6f67676564696e2e7374796c6573, 0x6d696e657276617c6465, 0x[BLOB]),
(0x736b696e732e6d696e657276612e6d61696e4d656e752e7374796c6573, 0x6d696e657276617c6465, 0x[BLOB]),
(0x736b696e732e6d696e657276612e6d61696e506167652e7374796c6573, 0x6d696e657276617c6465, 0x[BLOB]),
(0x736b696e732e6d696e657276612e6d657373616765426f782e7374796c6573, 0x6d696e657276617c6465, 0x[BLOB]),
(0x736b696e732e6d696e657276612e73637269707473, 0x6d696e657276617c6465, 0x[BLOB]),
(0x736b696e732e6d6f6e6f626f6f6b2e73637269707473, 0x6d6f6e6f626f6f6b7c6465, 0x[BLOB]),
(0x736b696e732e6d6f6e6f626f6f6b2e7374796c6573, 0x6d6f6e6f626f6f6b7c6465, 0x[BLOB]),
(0x736b696e732e74696d656c657373, 0x74696d656c6573737c6465, 0x[BLOB]),
(0x736b696e732e74696d656c6573732e6a73, 0x74696d656c6573737c6465, 0x[BLOB]),
(0x736b696e732e766563746f722e7374796c6573, 0x766563746f722d323032327c6465, 0x[BLOB]),
(0x736b696e732e766563746f722e7374796c65732e6c6567616379, 0x766563746f727c6465, 0x[BLOB]);

-- --------------------------------------------------------

--
-- Tabellenstruktur für Tabelle `atheniaobjectcache`
--

CREATE TABLE `atheniaobjectcache` (
  `keyname` varbinary(255) NOT NULL DEFAULT '',
  `value` mediumblob,
  `exptime` binary(14) NOT NULL,
  `modtoken` varbinary(17) NOT NULL DEFAULT '00000000000000000',
  `flags` int UNSIGNED DEFAULT NULL
) ENGINE=InnoDB DEFAULT CHARSET=binary;

--
-- Daten für Tabelle `atheniaobjectcache`
--

INSERT INTO `atheniaobjectcache` (`keyname`, `value`, `exptime`, `modtoken`, `flags`) VALUES
(0x646233303035333878333537343030322d617468656e69613a4d5753657373696f6e3a3038706637613333616b3464746865693275386d7137746e746b6e6934747561, 0x[BLOB], 0x3230323630353139313535353131, 0x3030303030303030303030303030303030, NULL),
(0x646233303035333878333537343030322d617468656e69613a4d5753657373696f6e3a62666b733574636c6b61717367626b62393475393366656f6f6d6d6b71673366, 0x[BLOB], 0x3230323630353139313631353239, 0x3030303030303030303030303030303030, NULL);

-- --------------------------------------------------------

--
-- Tabellenstruktur für Tabelle `atheniaoldimage`
--

CREATE TABLE `atheniaoldimage` (
  `oi_name` varbinary(255) NOT NULL DEFAULT '',
  `oi_archive_name` varbinary(255) NOT NULL DEFAULT '',
  `oi_size` bigint UNSIGNED NOT NULL DEFAULT '0',
  `oi_width` int NOT NULL DEFAULT '0',
  `oi_height` int NOT NULL DEFAULT '0',
  `oi_bits` int NOT NULL DEFAULT '0',
  `oi_description_id` bigint UNSIGNED NOT NULL,
  `oi_actor` bigint UNSIGNED NOT NULL,
  `oi_timestamp` binary(14) NOT NULL,
  `oi_metadata` mediumblob NOT NULL,
  `oi_media_type` enum('UNKNOWN','BITMAP','DRAWING','AUDIO','VIDEO','MULTIMEDIA','OFFICE','TEXT','EXECUTABLE','ARCHIVE','3D') DEFAULT NULL,
  `oi_major_mime` enum('unknown','application','audio','image','text','video','message','model','multipart','chemical') NOT NULL DEFAULT 'unknown',
  `oi_minor_mime` varbinary(100) NOT NULL DEFAULT 'unknown',
  `oi_deleted` tinyint UNSIGNED NOT NULL DEFAULT '0',
  `oi_sha1` varbinary(32) NOT NULL DEFAULT ''
) ENGINE=InnoDB DEFAULT CHARSET=binary;

--
-- Daten für Tabelle `atheniaoldimage`
--

INSERT INTO `atheniaoldimage` (`oi_name`, `oi_archive_name`, `oi_size`, `oi_width`, `oi_height`, `oi_bits`, `oi_description_id`, `oi_actor`, `oi_timestamp`, `oi_metadata`, `oi_media_type`, `oi_major_mime`, `oi_minor_mime`, `oi_deleted`, `oi_sha1`) VALUES
(0x417468656e69612e6a7067, 0x323032343033313231303235333121417468656e69612e6a7067, 1410161, 2048, 1536, 8, 1, 1, 0x3230323430333036313330373331, 0x7b2264617461223a7b224d4544494157494b495f455849465f56455253494f4e223a327d7d, 0x4249544d4150, 0x696d616765, 0x6a706567, 0, 0x66716d6e316d7a34676463696b756e68747732377876626c61656a6b6c746e),
(0x5361696e2e6a7067, 0x3230323430333132313231383339215361696e2e6a7067, 1541944, 2048, 1536, 8, 1, 1, 0x3230323430333132313034363234, 0x7b2264617461223a7b224d4544494157494b495f455849465f56455253494f4e223a327d7d, 0x4249544d4150, 0x696d616765, 0x6a706567, 0, 0x686e32737a747365763368787378756c656e7574797431367a327468397831),
(0x417468656e69612e6a7067, 0x323032343036313330393133333221417468656e69612e6a7067, 1567814, 2048, 1536, 8, 1, 1, 0x3230323430333132313032353331, 0x7b2264617461223a7b224d4544494157494b495f455849465f56455253494f4e223a327d7d, 0x4249544d4150, 0x696d616765, 0x6a706567, 0, 0x723361727074707566636b7174327738776562686c6f33733066356d6a7864),
(0x417468656e69612e6a7067, 0x323032343039323430393039323021417468656e69612e6a7067, 6214252, 4096, 3072, 8, 1, 1, 0x3230323430363133303931333332, 0x7b2264617461223a7b224d4544494157494b495f455849465f56455253494f4e223a327d7d, 0x4249544d4150, 0x696d616765, 0x6a706567, 0, 0x74317461646c30777a7775686471613131627866316638377038323176636c),
(0x417468656e69612e6a7067, 0x323032353032313830393533353721417468656e69612e6a7067, 14752651, 4096, 3072, 8, 1, 1, 0x3230323430393234303930393230, 0x7b2264617461223a7b224d4544494157494b495f455849465f56455253494f4e223a327d7d, 0x4249544d4150, 0x696d616765, 0x6a706567, 0, 0x6d317473706d387573386d6f617637746d61617a6567726e3476706c737977),
(0x417468656e69612e6a7067, 0x323032353038323530393433313621417468656e69612e6a7067, 6599569, 4096, 3072, 8, 1, 1, 0x3230323530323138303935333537, 0x7b2264617461223a7b224d4544494157494b495f455849465f56455253494f4e223a327d7d, 0x4249544d4150, 0x696d616765, 0x6a706567, 0, 0x63316967657832666e6c393332623475687061343568376c76697465726c67);

-- --------------------------------------------------------

--
-- Tabellenstruktur für Tabelle `atheniapage`
--

CREATE TABLE `atheniapage` (
  `page_id` int UNSIGNED NOT NULL,
  `page_namespace` int NOT NULL,
  `page_title` varbinary(255) NOT NULL,
  `page_is_redirect` tinyint UNSIGNED NOT NULL DEFAULT '0',
  `page_is_new` tinyint UNSIGNED NOT NULL DEFAULT '0',
  `page_random` double UNSIGNED NOT NULL,
  `page_touched` binary(14) NOT NULL,
  `page_links_updated` varbinary(14) DEFAULT NULL,
  `page_latest` int UNSIGNED NOT NULL,
  `page_len` int UNSIGNED NOT NULL,
  `page_content_model` varbinary(32) DEFAULT NULL,
  `page_lang` varbinary(35) DEFAULT NULL
) ENGINE=InnoDB DEFAULT CHARSET=binary;

--
-- Daten für Tabelle `atheniapage`
--

INSERT INTO `atheniapage` (`page_id`, `page_namespace`, `page_title`, `page_is_redirect`, `page_is_new`, `page_random`, `page_touched`, `page_links_updated`, `page_latest`, `page_len`, `page_content_model`, `page_lang`) VALUES
(1, 0, 0x4d61696e5f50616765, 0, 1, 0.495879794806, 0x3230323430323139313131363131, NULL, 1, 755, 0x77696b6974657874, NULL),
(2, 0, 0x48617570747365697465, 0, 0, 0.132993686486, 0x3230323630343233313333393435, 0x3230323630343233313333393435, 475, 1716, 0x77696b6974657874, NULL),
(4, 0, 0x417468656e6961, 0, 0, 0.742248596507, 0x3230323530383235303934333139, 0x3230323430363133303931393337, 121, 1136, 0x77696b6974657874, NULL),
(5, 2, 0x4c6861686d616e6e, 0, 1, 0.975403358528, 0x3230323430323231303732323531, 0x3230323430323231303732323531, 14, 86, 0x77696b6974657874, NULL),
(6, 0, 0x556d7765726c616e64, 0, 0, 0.126808346497, 0x3230323430383235313332333336, 0x3230323430383132313330313133, 138, 160, 0x77696b6974657874, NULL),
(8, 0, 0x467563687377616c6465, 0, 0, 0.503819193851, 0x3230323430383235303033393030, 0x3230323430383132313235363539, 133, 62, 0x77696b6974657874, NULL),
(11, 6, 0x556d7765726c616e642e6a7067, 0, 1, 0.023511026579, 0x3230323430333036313130383135, 0x3230323430333036313130383135, 33, 0, 0x77696b6974657874, NULL),
(12, 6, 0x417468656e69612e6a7067, 0, 0, 0.80998914954, 0x3230323530383235303934333136, 0x3230323430333036313330373331, 338, 0, 0x77696b6974657874, NULL),
(13, 0, 0x4469655f476573636869636874655f766f6e5f417468656e6961, 0, 0, 0.302744948604, 0x3230323630343233303732383438, 0x3230323430343032313533313033, 90, 2306, 0x77696b6974657874, NULL),
(15, 0, 0x5779725f4e65747a7765726b, 0, 0, 0.610036007249, 0x3230323430383235313332333337, 0x3230323430383235303032343531, 189, 521, 0x77696b6974657874, NULL),
(16, 0, 0x426f6c6773, 0, 0, 0.269712476484, 0x3230323430383235313033313130, 0x3230323430383132313330323138, 141, 3198, 0x77696b6974657874, NULL),
(17, 6, 0x537475726d66c3bcc39f6c65722e6a7067, 0, 1, 0.80887784955, 0x3230323430333131313030303339, 0x3230323430333131313030303339, 51, 0, 0x77696b6974657874, NULL),
(18, 6, 0x45697365726e65466cc3bc67656c2e6a7067, 0, 1, 0.178188111838, 0x3230323430333131313030303533, 0x3230323430333131313030303533, 52, 0, 0x77696b6974657874, NULL),
(19, 6, 0x5361722757796e2e6a7067, 0, 1, 0.105734146268, 0x3230323430333131313030313137, 0x3230323430333131313030313137, 53, 0, 0x77696b6974657874, NULL),
(20, 0, 0x537475726d66c3bcc39f6c6572, 0, 0, 0.361005094191, 0x3230323630343233303732383438, 0x3230323531323237313535353034, 388, 3749, 0x77696b6974657874, NULL),
(21, 0, 0x45697365726e656e5f466cc3bc67656c6e, 0, 0, 0.103625736139, 0x3230323430383235313332333337, 0x3230323430383132313330323532, 142, 3925, 0x77696b6974657874, NULL),
(22, 6, 0x426f6c67732e6a7067, 0, 1, 0.252323028598, 0x3230323430333131313031303334, 0x3230323430333131313031303334, 58, 0, 0x77696b6974657874, NULL),
(23, 6, 0x5361696e2e6a7067, 0, 0, 0.576735609832, 0x3230323430333132313231383339, 0x3230323430333132313034363234, 62, 0, 0x77696b6974657874, NULL),
(24, 4, 0x496d7072657373756d, 0, 1, 0.588023227583, 0x3230323430333132313432383435, 0x3230323430333132313432383435, 63, 2903, 0x77696b6974657874, NULL),
(25, 6, 0x476f727468616b2e6a7067, 0, 1, 0.330822605962, 0x3230323430333133313331393030, 0x3230323430333133313331393030, 75, 0, 0x77696b6974657874, NULL),
(26, 6, 0x4772756e6b2e6a7067, 0, 1, 0.289435347412, 0x3230323430333133313332303236, 0x3230323430333133313332303236, 76, 0, 0x77696b6974657874, NULL),
(27, 6, 0x5779724e65747a7765726b2e6a7067, 0, 1, 0.776675192211, 0x3230323430333133313332353431, 0x3230323430333133313332353431, 77, 0, 0x77696b6974657874, NULL),
(28, 0, 0x4b7269656773686572726e5f476f727468616b, 0, 0, 0.123185688652, 0x3230323430383235303034313433, 0x3230323430383132313330343330, 145, 3580, 0x77696b6974657874, NULL),
(29, 0, 0x566572646f7262656e655f537465707065, 0, 0, 0.955892076594, 0x3230323430383235313332333336, 0x3230323430383132313330313230, 139, 2526, 0x77696b6974657874, NULL),
(30, 0, 0x5265766f696c, 0, 0, 0.0433022776, 0x3230323430383237303930333137, 0x3230323430383237303930333137, 225, 4458, 0x77696b6974657874, NULL),
(31, 6, 0x467563687377616c64652e6a7067, 0, 1, 0.406815620551, 0x3230323430333230313332373135, 0x3230323430333230313332373135, 84, 0, 0x77696b6974657874, NULL),
(32, 6, 0x42616e6e65725f6465725f65697365726e656e5f50666f7274656e2e6a706567, 0, 1, 0.02974399697, 0x3230323430343032313532363236, 0x3230323430343032313532363236, 87, 0, 0x77696b6974657874, NULL),
(33, 0, 0x42616e6e65725f6465725f65697365726e656e5f50666f7274656e, 0, 1, 0.986368078819, 0x3230323430343032313532393033, 0x3230323430343032313532393033, 88, 57, 0x77696b6974657874, NULL),
(34, 6, 0x456c766761722e6a706567, 0, 1, 0.655494157979, 0x3230323430343032313533303333, 0x3230323430343032313533303333, 89, 0, 0x77696b6974657874, NULL),
(35, 0, 0x456c766761725f52657075626c696b, 0, 0, 0.252262988887, 0x3230323430383235313332333336, 0x3230323430383132313330313236, 140, 49, 0x77696b6974657874, NULL),
(36, 6, 0x426f6c67735f57617070656e2e6a706567, 0, 1, 0.990054232182, 0x3230323430343032313533353537, 0x3230323430343032313533383434, 92, 0, 0x77696b6974657874, NULL),
(37, 0, 0x4469655f476566c3a4687274656e5f6465735f676f6c64656e656e5f4c69636874736573, 0, 0, 0.073545999526, 0x3230323430383235313332333336, 0x3230323430383132313235393232, 136, 1151, 0x77696b6974657874, NULL),
(39, 6, 0x536368616c606d61312e6a7067, 0, 1, 0.598669738764, 0x3230323430343234303833353438, 0x3230323430343234303833353438, 101, 0, 0x77696b6974657874, NULL),
(40, 6, 0x476566c3a4687274655f6465735f676f6c64656e656e5f4c6963687465732e6a7067, 0, 1, 0.867682198115, 0x3230323430343234303834303034, 0x3230323430343234303834303034, 103, 0, 0x77696b6974657874, NULL),
(41, 0, 0x46696e72616e645f6465725f456e746465636b65725f2d5f5461676562756368, 0, 0, 0.024817494407, 0x3230323430383236303933383138, 0x3230323430383236303933383138, 221, 7508, 0x77696b6974657874, NULL),
(42, 0, 0x4b616c656e646172, 0, 0, 0.384584235772, 0x3230323431323136313330373037, 0x3230323431323136313330373037, 292, 2260, 0x77696b6974657874, NULL),
(44, 0, 0x4572737465735f416e6b6f6d6d656e5f696e5f417468656e6961, 0, 0, 0.7592306575, 0x3230323430363034313330313139, 0x3230323430363034313330323030, 116, 17411, 0x77696b6974657874, NULL),
(45, 0, 0x436173636164656e5f44756e67656f6e, 0, 0, 0.119922155988, 0x3230323430383235303033393030, 0x3230323430383132313235373134, 135, 919, 0x77696b6974657874, NULL),
(46, 6, 0x4b756c74697261735f49736c616e64732e6a7067, 0, 1, 0.015429757421, 0x3230323430363133303931363135, 0x3230323430363133303931363135, 119, 0, 0x77696b6974657874, NULL),
(47, 0, 0x44616e64656c696f6e5f43686170656c, 0, 1, 0.744260419964, 0x3230323430363133303931383130, 0x3230323430363133303931383130, 120, 91, 0x77696b6974657874, NULL),
(48, 6, 0x416c676f732e706e67, 0, 1, 0.72367327368, 0x3230323430363133303935343339, 0x3230323430363133303935343339, 122, 0, 0x77696b6974657874, NULL),
(49, 0, 0x5361722757796e, 0, 0, 0.764113890397, 0x3230323430383235313332333336, 0x3230323430383132313235393335, 137, 1767, 0x77696b6974657874, NULL),
(50, 0, 0x546170696666, 0, 0, 0.465621550395, 0x3230323430383232313730373138, 0x3230323430383232313730373138, 173, 225, 0x77696b6974657874, NULL),
(51, 6, 0x4b756c277468617261735f49736c616e64732e6a7067, 0, 1, 0.780131498861, 0x3230323430383231303930313338, 0x3230323430383231303930313338, 147, 0, 0x77696b6974657874, NULL),
(52, 0, 0x4b756c277468617261735f49736c616e6473, 0, 0, 0.570412938456, 0x3230323630343230303933343436, 0x3230323630343230303933343436, 433, 2738, 0x77696b6974657874, NULL),
(53, 6, 0x417468656e69615f6c6f676f2e706e67, 0, 1, 0.404416928071, 0x3230323430383231313230313133, 0x3230323430383231313230313133, 158, 0, 0x77696b6974657874, NULL),
(54, 10, 0x4d61696e5f706167652f686561646572, 0, 0, 0.698156626674, 0x3230323430383231313230353132, 0x3230323430383231313230353132, 164, 462, 0x77696b6974657874, NULL),
(55, 6, 0x56696e63656e745f415f436f73746561755f756e645f4d6175726963652e4a504547, 0, 1, 0.681190711897, 0x3230323430383232313133303536, 0x3230323430383232313133303536, 168, 116, 0x77696b6974657874, NULL),
(56, 6, 0x56696e63656e745f415f436f73746561755f696e5f506f72746672616e632e4a504547, 0, 1, 0.651426863413, 0x3230323430383232313133323039, 0x3230323430383232313133323039, 169, 115, 0x77696b6974657874, NULL),
(57, 6, 0x4d6175726963655f656e72616765642e6a7067, 0, 1, 0.727989874098, 0x3230323430383232313631363033, 0x3230323430383232313631363033, 170, 64, 0x77696b6974657874, NULL),
(58, 2, 0x53757072656d654b757274, 0, 1, 0.720423980104, 0x3230323430383232313832333138, 0x3230323430383232313631393036, 171, 118, 0x77696b6974657874, NULL),
(59, 6, 0x44655f666f6e7461696e65626c65752e6a7067, 0, 1, 0.708211689628, 0x3230323430383232313632383237, 0x3230323430383232313632383237, 172, 153, 0x77696b6974657874, NULL),
(60, 0, 0x56696e63656e745f416c6578616e6472655f436f7374656175, 0, 0, 0.611360871327, 0x3230323430383236303735373538, 0x3230323430383236303735373538, 215, 12207, 0x77696b6974657874, NULL),
(61, 6, 0x476f6f64736565646f6e74686562656163682e6a7067, 0, 1, 0.700599400493, 0x3230323430383232323030303432, 0x3230323430383232323030303432, 175, 66, 0x77696b6974657874, NULL),
(62, 6, 0x566163756e646d6175726963656c6976652e6a7067, 0, 1, 0.136030957947, 0x3230323430383232323031343236, 0x3230323430383232323031343236, 179, 0, 0x77696b6974657874, NULL),
(63, 6, 0x416c6578616e6472656465666f6e7461696e65626c65752e6a7067, 0, 1, 0.771832653852, 0x3230323430383233313335353537, 0x3230323430383233313335353537, 182, 96, 0x77696b6974657874, NULL),
(64, 0, 0x416c6578616e6472655f4a6163717565735f436f7374656175, 0, 0, 0.383620233568, 0x3230323430383233313434333539, 0x3230323430383233313434333539, 187, 2615, 0x77696b6974657874, NULL),
(65, 6, 0x506f72746672616e632e4a504547, 0, 1, 0.716405849244, 0x3230323430383233313433393231, 0x3230323430383233313433393231, 185, 69, 0x77696b6974657874, NULL),
(66, 0, 0x506f72746672616e635f284d61726b6772616673636861667429, 0, 1, 0.206692636314, 0x3230323430383233313434313336, 0x3230323430383233313434313336, 186, 55, 0x77696b6974657874, NULL),
(67, 0, 0x4465725f4cc3b677655f766f6e5f43616e617468, 1, 1, 0.743281418988, 0x3230323430383233313434363336, 0x3230323430383233313434363336, 188, 39, 0x77696b6974657874, NULL),
(68, 0, 0x4172616d656e67656269726765, 0, 0, 0.96337715811, 0x3230323630343233303732383438, 0x3230323430383235303033353433, 199, 420, 0x77696b6974657874, NULL),
(69, 14, 0x436974696573, 0, 1, 0.969516391258, 0x3230323430383235303033383535, 0x3230323430383235303033383535, 201, 0, 0x77696b6974657874, NULL),
(70, 14, 0x4d6f756e7461696e73, 0, 1, 0.952476861338, 0x3230323430383235303033393430, 0x3230323430383235303033393430, 202, 0, 0x77696b6974657874, NULL),
(71, 14, 0x4e6174696f6e73, 0, 1, 0.046628093295, 0x3230323430383235303033393436, 0x3230323430383235303033393436, 203, 0, 0x77696b6974657874, NULL),
(72, 14, 0x506572736f6e73, 0, 1, 0.752777036736, 0x3230323430393138313234333231, 0x3230323430383235303033393532, 204, 0, 0x77696b6974657874, NULL),
(73, 14, 0x5261636573, 0, 1, 0.166278119362, 0x3230323430383235303033393537, 0x3230323430383235303033393537, 205, 0, 0x77696b6974657874, NULL),
(74, 14, 0x526567696f6e73, 0, 1, 0.938997063788, 0x3230323630343230303933343436, 0x3230323430383235303034303033, 206, 0, 0x77696b6974657874, NULL),
(75, 14, 0x52656c6967696f6e73, 0, 1, 0.582018604825, 0x3230323430383235303034303038, 0x3230323430383235303034303038, 207, 0, 0x77696b6974657874, NULL),
(76, 14, 0x546563686e6971756573, 0, 1, 0.403926152764, 0x3230323430383235303034303135, 0x3230323430383235303034303135, 208, 0, 0x77696b6974657874, NULL),
(77, 6, 0x4b61706974c3a46e696e5f416970616a6177612e706e67, 0, 1, 0.391845913242, 0x3230323430383236303735353039, 0x3230323430383236303735353039, 211, 0, 0x77696b6974657874, NULL),
(78, 0, 0x4b61706974c3a46e5f416970616a617761, 0, 0, 0.35205089164, 0x3230323430383236303735393132, 0x3230323430383236303735393132, 220, 71, 0x77696b6974657874, NULL),
(79, 0, 0x46696e72616e64, 0, 0, 0.150745205845, 0x3230323430383237313030323035, 0x3230323430383237303930363331, 226, 3413, 0x77696b6974657874, NULL),
(80, 0, 0x43616e617468, 0, 0, 0.042226161956, 0x3230323630343230303933343231, 0x3230323630343230303933343231, 432, 318, 0x77696b6974657874, NULL),
(81, 0, 0x536f6e5f6f665f5374726f6d73, 0, 0, 0.717352312488, 0x3230323430393138313233373139, 0x3230323430393138313232313333, 238, 3983, 0x77696b6974657874, NULL),
(82, 6, 0x417572656e5f53746f726d63616c6c65722e6a706567, 0, 1, 0.742971624346, 0x3230323430393033313334303534, 0x3230323430393033313334303534, 230, 0, 0x77696b6974657874, NULL),
(83, 0, 0x417572656e5f53746f726d63616c6c6572, 0, 0, 0.19334387077, 0x3230323530383134313233313033, 0x3230323430393138313233313537, 237, 3613, 0x77696b6974657874, NULL),
(84, 0, 0x4761726574685f57696e64626c616465, 0, 0, 0.505536977073, 0x3230323430393138313234333230, 0x3230323430393138313234333230, 241, 1562, 0x77696b6974657874, NULL),
(85, 0, 0x45696e737465696765725f4162656e74657565723a5f4465725f45696e666c7573735f6465735f4b72616b656e, 0, 0, 0.633489376265, 0x3230323431313139313431343535, 0x3230323431313139313431343535, 290, 5815, 0x77696b6974657874, NULL),
(86, 0, 0x4b61706974c3a46e696e5f416970616a617761, 0, 1, 0.376841062162, 0x3230323431313138313430323138, 0x3230323431313138313430323138, 248, 762, 0x77696b6974657874, NULL),
(87, 6, 0x48616e6b2e706e67, 0, 1, 0.570552566163, 0x3230323431313139313335363132, 0x3230323431313139313335363132, 264, 0, 0x77696b6974657874, NULL),
(88, 6, 0x4c6f746861725f46756368732e706e67, 0, 1, 0.908095228335, 0x3230323431313139313335373137, 0x3230323431313139313335373137, 266, 0, 0x77696b6974657874, NULL),
(89, 0, 0x54686f726761725f4772756d6265617264, 0, 0, 0.524337258874, 0x3230323530323035303935393138, 0x3230323530323035303935393138, 305, 18025, 0x77696b6974657874, NULL),
(90, 0, 0x476f726e6f6e5f46616c67, 0, 0, 0.907084350016, 0x3230323530333132313033333235, 0x3230323530333132313032383237, 327, 5257, 0x77696b6974657874, NULL),
(91, 8, 0x436974697a656e2d666f6f7465722d64657363, 0, 1, 0.400296295343, 0x3230323530323138303931363339, 0x3230323530323138303931363339, 311, 28, 0x77696b6974657874, NULL),
(92, 8, 0x436974697a656e2d666f6f7465722d7461676c696e65, 0, 1, 0.696851852878, 0x3230323530323138313032333535, 0x3230323530323138313032333535, 314, 0, 0x77696b6974657874, NULL),
(93, 0, 0x4461735f417567655f6465735f4d616c6bc2b4646f72, 0, 0, 0.592908879625, 0x3230323530333131303935323338, 0x3230323530333131303935323338, 323, 2933, 0x77696b6974657874, NULL),
(94, 6, 0x417567655f6d656c6bc2b4646f722c6a70672e6a706567, 0, 1, 0.720654006291, 0x3230323530333130313431303436, 0x3230323530333130313431303436, 319, 0, 0x77696b6974657874, NULL),
(95, 0, 0x4465725f537475726d5f6465725f74617573656e645f42616e6e6572, 0, 1, 0.788902489149, 0x3230323530333131313030313337, 0x3230323530333131313030313337, 324, 1135, 0x77696b6974657874, NULL),
(96, 0, 0x48616c626c696e67, 0, 1, 0.385366497465, 0x3230323530333132313033333230, 0x3230323530333132313033333230, 328, 624, 0x77696b6974657874, NULL),
(97, 0, 0xc39c626572626c69636b, 0, 0, 0.067915468691, 0x3230323531303038313234303532, 0x3230323531303038313234303532, 366, 3434, 0x77696b6974657874, NULL),
(98, 0, 0x546879726578, 0, 1, 0.132718998275, 0x3230323530333132313034383433, 0x3230323530333132313034383433, 330, 432, 0x77696b6974657874, NULL),
(99, 0, 0x5363687761727a655f4879647261, 0, 0, 0.910436394951, 0x3230323530383235303933353130, 0x3230323530383235303933353130, 337, 3484, 0x77696b6974657874, NULL),
(100, 0, 0x4772c3bc6d6573616e64, 0, 0, 0.142188260518, 0x3230323630343230303934393531, 0x3230323530393130313431383033, 364, 2489, 0x77696b6974657874, NULL),
(103, 10, 0x496e666f626f785f46616e746173792d5374616474, 0, 0, 0.854056416395, 0x3230323530393130303735303031, 0x3230323530393130303735303031, 348, 1313, 0x77696b6974657874, NULL),
(104, 8, 0x436f6d6d6f6e2e637373, 0, 1, 0.467736818727, 0x3230323530393130303735323439, 0x3230323530393130303735323439, 349, 441, 0x637373, NULL),
(105, 6, 0x4772c3bc6d6573616e642e77656270, 0, 1, 0.40576997571, 0x3230323530393130313132383532, 0x3230323530393130313132383532, 350, 0, 0x77696b6974657874, NULL),
(106, 0, 0x5374616474766f726c6167655f2846616e746173792d57656c7429, 0, 0, 0.201784895786, 0x3230323630343230303934393531, 0x3230323530393130313231353430, 362, 3799, 0x77696b6974657874, NULL),
(107, 10, 0x53746164747365697465, 0, 0, 0.848434810944, 0x3230323630343230303731313136, 0x3230323530393130313230353536, 358, 2477, 0x77696b6974657874, NULL),
(109, 0, 0x416b745f313a5f5363687765737465726e6c69656265, 0, 0, 0.431543174978, 0x3230323531313237313130333036, 0x3230323531313237313130333036, 386, 12723, 0x77696b6974657874, NULL),
(110, 8, 0x53696465626172, 0, 0, 0.990228161995, 0x3230323630343230303734333338, 0x3230323630343230303734333338, 426, 638, 0x77696b6974657874, NULL),
(111, 0, 0x56c3b66c6b6572, 0, 1, 0.952208211406, 0x3230323531323237313535363431, 0x3230323531323237313534323235, 387, 12, 0x77696b6974657874, NULL),
(112, 0, 0x5a7765726765, 0, 0, 0.041371437154, 0x3230323630343233303732383438, 0x3230323531323237313630373236, 391, 4497, 0x77696b6974657874, NULL),
(113, 14, 0x43686172616b74657265, 0, 1, 0.812892692077, 0x3230323630343230303731383238, 0x3230323630343230303730333130, 392, 37, 0x77696b6974657874, NULL),
(114, 10, 0x43686172616b746572, 0, 0, 0.493538065992, 0x3230323630343230303731383238, 0x3230323630343230303731383238, 417, 439, 0x77696b6974657874, NULL),
(115, 0, 0x506f7274616c3a43686172616b74657265, 0, 0, 0.531783078214, 0x3230323630343233313030323033, 0x3230323630343233313030323033, 474, 57, 0x77696b6974657874, NULL),
(116, 14, 0x57656c74, 0, 1, 0.670728203126, 0x3230323630343230303730363030, 0x3230323630343230303730363030, 396, 0, 0x77696b6974657874, NULL),
(117, 14, 0x56c3b66c6b6572, 0, 1, 0.372541966107, 0x3230323630343230303731393031, 0x3230323630343230303730363137, 397, 0, 0x77696b6974657874, NULL),
(118, 14, 0x4f727465, 0, 1, 0.634446910426, 0x3230323630343230303731383432, 0x3230323630343230303730363237, 398, 0, 0x77696b6974657874, NULL),
(119, 14, 0x47657363686963687465, 0, 1, 0.469828390507, 0x3230323630343230303731393235, 0x3230323630343230303730363335, 399, 0, 0x77696b6974657874, NULL),
(120, 14, 0x4d61676965, 0, 1, 0.734952404469, 0x3230323630343230303731313335, 0x3230323630343230303730363436, 400, 0, 0x77696b6974657874, NULL),
(121, 14, 0x4f7267616e69736174696f6e656e, 0, 1, 0.573562489037, 0x3230323630343230303731393430, 0x3230323630343230303730363537, 401, 0, 0x77696b6974657874, NULL),
(122, 14, 0x4b756c747572, 0, 1, 0.715185499882, 0x3230323630343230303730373036, 0x3230323630343230303730373036, 402, 0, 0x77696b6974657874, NULL),
(123, 14, 0x546563686e6f6c6f676965, 0, 1, 0.903863504839, 0x3230323630343230303730373136, 0x3230323630343230303730373136, 403, 0, 0x77696b6974657874, NULL),
(124, 14, 0x4172746566616b7465, 0, 1, 0.512859164773, 0x3230323630343230303730373234, 0x3230323630343230303730373234, 404, 0, 0x77696b6974657874, NULL),
(125, 14, 0x4b6f6e74696e656e7465, 0, 1, 0.879879402982, 0x3230323630343230313030303139, 0x3230323630343230303730383339, 405, 18, 0x77696b6974657874, NULL),
(126, 14, 0x526567696f6e656e, 0, 1, 0.993270577205, 0x3230323630343230303935393136, 0x3230323630343230303730383538, 406, 18, 0x77696b6974657874, NULL),
(127, 14, 0x5374c3a4647465, 0, 1, 0.085164853335, 0x3230323630343233303732353238, 0x3230323630343230303730393138, 407, 19, 0x77696b6974657874, NULL),
(128, 14, 0x486175707463686172616b74657265, 0, 1, 0.807286787556, 0x3230323630343230303730393337, 0x3230323630343230303730393337, 408, 24, 0x77696b6974657874, NULL),
(129, 14, 0x4e6562656e63686172616b74657265, 0, 1, 0.477242651192, 0x3230323630343230303730393532, 0x3230323630343230303730393532, 409, 24, 0x77696b6974657874, NULL),
(130, 14, 0x4b7269656765, 0, 1, 0.636643518253, 0x3230323630343230303731303037, 0x3230323630343230303731303037, 410, 24, 0x77696b6974657874, NULL),
(131, 14, 0x45726569676e69737365, 0, 1, 0.63634880459, 0x3230323630343230303731303231, 0x3230323630343230303731303231, 411, 24, 0x77696b6974657874, NULL),
(132, 14, 0x47c3b674746572, 0, 1, 0.936262074163, 0x3230323630343230303731303433, 0x3230323630343230303731303433, 412, 35, 0x77696b6974657874, NULL),
(133, 14, 0x52656c6967696f6e, 0, 1, 0.183926584607, 0x3230323630343230303731313038, 0x3230323630343230303731313038, 413, 35, 0x77696b6974657874, NULL),
(134, 14, 0x4d6167696573797374656d65, 0, 1, 0.74426921415, 0x3230323630343230303731313232, 0x3230323630343230303731313232, 414, 19, 0x77696b6974657874, NULL),
(135, 14, 0x5a6175626572, 0, 1, 0.60722966866, 0x3230323630343230303731313335, 0x3230323630343230303731313335, 415, 19, 0x77696b6974657874, NULL),
(136, 14, 0x4672616b74696f6e656e, 0, 1, 0.728528998136, 0x3230323630343230303731313530, 0x3230323630343230303731313530, 416, 28, 0x77696b6974657874, NULL),
(137, 10, 0x4f7274, 0, 1, 0.58131136318, 0x3230323630343230303731383432, 0x3230323630343230303731383432, 418, 341, 0x77696b6974657874, NULL),
(138, 10, 0x566f6c6b, 0, 1, 0.443350277788, 0x3230323630343230303731393031, 0x3230323630343230303731393031, 419, 294, 0x77696b6974657874, NULL),
(139, 10, 0x457265676e6973, 0, 1, 0.379173542253, 0x3230323630343230303731393235, 0x3230323630343230303731393235, 420, 255, 0x77696b6974657874, NULL),
(140, 10, 0x4f7267616e69736174696f6e, 0, 1, 0.14597437358, 0x3230323630343230303731393430, 0x3230323630343230303731393430, 421, 257, 0x77696b6974657874, NULL),
(141, 0, 0x506f7274616c3a57656c74, 0, 0, 0.392020499948, 0x3230323630343231303733383433, 0x3230323630343231303733383433, 453, 617, 0x77696b6974657874, NULL),
(142, 0, 0x506f7274616c3a47657363686963687465, 0, 1, 0.373066951534, 0x3230323630343230303732303430, 0x3230323630343230303732303430, 424, 58, 0x77696b6974657874, NULL),
(143, 0, 0x41746865726f6e, 0, 1, 0.605715356679, 0x3230323630343230303932373130, 0x3230323630343230303932373130, 430, 82, 0x77696b6974657874, NULL),
(144, 14, 0x556d7765726c616e64, 0, 1, 0.762586022089, 0x3230323630343233303732353238, 0x3230323630343230303934393336, 441, 22, 0x77696b6974657874, NULL),
(145, 14, 0x43616e617468, 0, 1, 0.246840531848, 0x3230323630343230303935313035, 0x3230323630343230303935313035, 442, 24, 0x77696b6974657874, NULL),
(146, 14, 0x4172616d656e67656269726765, 0, 1, 0.202877949525, 0x3230323630343233303733333532, 0x3230323630343230303935373032, 443, 22, 0x77696b6974657874, NULL),
(147, 14, 0x566572646f7262656e655f537465707065, 0, 1, 0.874533980221, 0x3230323630343230303935373538, 0x3230323630343230303935373538, 444, 22, 0x77696b6974657874, NULL),
(148, 14, 0x436173636164, 0, 1, 0.393677085913, 0x3230323630343230303935383234, 0x3230323630343230303935383234, 445, 22, 0x77696b6974657874, NULL),
(149, 14, 0x57616c645f766f6e5f416c676f73, 0, 1, 0.082741192065, 0x3230323630343231303733393338, 0x3230323630343230303935383533, 446, 22, 0x77696b6974657874, NULL),
(150, 14, 0x5475725f57c3bc737465, 0, 1, 0.324831008997, 0x3230323630343230303935393136, 0x3230323630343230303935393136, 447, 22, 0x77696b6974657874, NULL),
(151, 14, 0x4b756c277468617261735f49736c616e6473, 0, 0, 0.725933051116, 0x3230323630343230313030313237, 0x3230323630343230313030313237, 449, 2765, 0x77696b6974657874, NULL),
(153, 0, 0x416c676f73, 0, 0, 0.080622176793, 0x3230323630343231303733393338, 0x3230323630343231303733393338, 454, 110, 0x77696b6974657874, NULL),
(154, 0, 0x566f6c6b3a5a7765726765, 0, 1, 0.967108696321, 0x3230323630343233303732323033, 0x3230323630343233303732323033, 455, 6, 0x77696b6974657874, NULL),
(155, 6, 0x556d7765726c616e645f54726966656c735f53746164746b617274652e706e67, 0, 1, 0.684794579474, 0x3230323630343233303732333238, 0x3230323630343233303732333238, 456, 0, 0x77696b6974657874, NULL),
(156, 0, 0x54726966656c73, 0, 0, 0.119389444027, 0x3230323630343233313335313037, 0x3230323630343233313335313037, 479, 3410, 0x77696b6974657874, NULL),
(157, 6, 0x556d7765726c616e645f54726966656c735f53747261c39f656e5f766f6e5f54726966656c732e706e67, 0, 1, 0.757841824408, 0x3230323630343233303933313132, 0x3230323630343233303933313132, 462, 0, 0x77696b6974657874, NULL),
(158, 10, 0x51756f7465, 0, 1, 0.212257460888, 0x3230323630343233303934353134, 0x3230323630343233303934353134, 471, 191, 0x77696b6974657874, NULL),
(159, 6, 0x556d7765726c616e645f54726966656c735f57617070656e2e706e67, 0, 1, 0.505121734321, 0x3230323630343233313335303039, 0x3230323630343233313335303039, 477, 0, 0x77696b6974657874, NULL);

-- --------------------------------------------------------

--
-- Tabellenstruktur für Tabelle `atheniapagelinks`
--

